NOAA-Style Climate Reports


Report for 2019 January
                  MONTHLY CLIMATOLOGICAL SUMMARY FOR 1/2019
                                        HEAT  COOL        
     MEAN                               DEG   DEG       WIND SPEED       DOM MEAN  MEAN
DAY  TEMP  HIGH   TIME     LOW   TIME   DAYS  DAYS RAIN AVG  HI  TIME    DIR BAROM HUM
---------------------------------------------------------------------------------------
1    16.5  23.9   2:01pm  11.8   5:18am   48    0  0.00   1  22  12:29am   S 30.44   55
2    16.5  25.0   1:37pm   9.6   7:45am   49    0  0.00   0   2   2:10pm WSW 30.60   69
3    20.4  29.5   3:29pm  14.7   4:16am   45    0  0.00   0   3  12:57pm WSW 30.57   72
4    22.1  33.0   2:35pm  17.9   5:43am   43    0  0.00   0   5   2:38pm WSW 30.35   79
5    30.5  47.6   4:57pm  20.8   1:04am   35    0  0.02   1  30   6:25pm  SE 30.11   69
6    35.6  39.2   3:19pm  33.1  11:21am   29    0  0.38   4  29   3:43am  SE 29.85   83
7    34.0  39.7   9:54am  30.3   5:55pm   31    0  0.09   5  39   3:31am  SE 30.09   81
8    35.6  43.3   1:18pm  30.5   8:12am   29    0  0.12   0   3   9:42pm   E 30.39   82
9    41.0  48.2   2:58pm  36.4   3:19am   24    0  0.78   0   9  10:54am WNW 30.19   62
10   37.1  43.1  12:06pm  32.4   8:54am   28    0  0.07   0   6   4:48am   E 30.16   74
11   32.0  34.1  12:41pm  29.3  10:59pm   33    0  0.00   0   4   7:27am NNW 30.29   94
12   27.8  30.2   1:21pm  24.1   3:00am   36    0  0.00   0   7   5:55am NNE 30.35   91
13   24.5  27.3  12:30pm  19.2  11:50pm   40    0  0.00   0   9   4:05am ENE 30.42   86
14   20.9  31.1   1:57pm  15.1   7:31am   44    0  0.01   0   7   2:48am ENE 30.49   84
15   27.7  37.3  11:27am  18.7   3:02am   37    0  0.00   0   4  10:18am ENE 30.26   81
16   36.6  42.6   2:27pm  28.4   2:27am   28    0  0.20   2  21   9:19am SSE 30.14   82
17   40.2  47.4   9:53am  33.1   3:18pm   25    0  1.47   3  33   9:49am SSE 29.92   76
18   33.3  37.1   3:31pm  29.5  11:44pm   32    0  0.11   0  10   3:11am  SW 30.24   85
19   35.8  44.9  11:42pm  28.6   2:43am   29    0  0.02   0  15  11:26pm  SE 30.43   78
20   41.6  50.0   3:30pm  36.9   3:12am   19    0  0.00   1  27   3:24pm ESE 30.06   72
---------------------------------------------------------------------------------------
TOT  30.4  50.0  1/20/19   9.6   1/2/19  684    0  3.27   1  37   1/7/19  SE 30.27   78

HEAT BASE: 65.0
COOL BASE: 65.0