NOAA-Style Climate Reports


Report for 2017 September
                  MONTHLY CLIMATOLOGICAL SUMMARY FOR 9/2017
                                        HEAT  COOL        
     MEAN                               DEG   DEG       WIND SPEED       DOM MEAN  MEAN
DAY  TEMP  HIGH   TIME     LOW   TIME   DAYS  DAYS RAIN AVG  HI  TIME    DIR BAROM HUM
---------------------------------------------------------------------------------------
1    76.9  90.9   4:20pm  65.5   6:46am    0   12  0.00   0   8   3:43pm  SE 29.84   39
2    78.6  94.2   5:10pm  65.6   6:43am    0   13  0.00   0   5   1:41pm SSE 29.84   32
3    81.9  96.9   4:47pm  68.5   7:58am    0   17  0.00   0   5   1:58am SSE 29.81   28
4    81.9  96.1   4:27pm  69.8   6:34am    0   17  0.00   0   7   3:05pm  SE 29.75   27
5    81.8  95.5   4:07pm  68.6   7:56am    0   17  0.00   0  16   9:55pm  SE 29.73   25
6    78.7  93.3   3:08pm  67.8   6:52am    0   14  0.00   0  16  11:27pm ESE 29.71   29
7    78.8  90.9   4:21pm  67.8   7:56am    0   14  0.00   2  25   9:29pm  SE 29.68   31
8    75.6  88.0   2:01pm  67.6   8:00am    0   11  0.00   2  25   5:06pm ESE 29.68   37
9    71.8  78.7   4:56pm  67.2   2:00pm    0    7  0.00   3  23   1:48pm  SE 29.81   47
10   73.7  86.0   3:29pm  61.7   7:54am    0    9  0.00   0  10   1:16am NNE 29.91   47
11   76.0  89.4   5:01pm  64.0   6:48am    0   11  0.00   0   7   3:59pm NNE 29.88   44
12   76.3  89.6   1:52pm  65.7   8:13am    0   11  0.00   0  17   1:59pm NNE 29.75   39
13   75.3  85.6   3:42pm  63.8   7:09am    0   10  0.01   2  22   9:38pm SSW 29.62   39
14   67.0  75.8  12:00am  59.7  11:59pm    1    3  0.03   5  31   8:13am  SE 29.52   50
15   55.9  63.8   4:48pm  49.2  11:27pm    9    0  1.16   1  24   5:22am  SE 29.69   69
16   55.7  66.5   4:47pm  46.9   6:10am    9    0  0.00   0   9   1:22pm ENE 29.97   48
17   61.1  77.0   4:30pm  48.8   4:12am    6    2  0.00   0  17  11:22pm  SE 29.87   41
18   69.9  77.5   2:58pm  60.5  11:56pm    0    5  0.00   6  30   5:29pm  SE 29.60   32
19   52.7  60.7  12:53am  44.6   8:17am   12    0  0.21   0  12   7:21am   N 29.64   62
20   59.5  72.6   4:23pm  46.4   2:40am    7    1  0.00   1  18   3:29pm  SE 29.68   39
21   47.5  54.4  12:00am  33.9  11:24pm   18    0  0.98   0  13   8:11pm   W 29.57   78
22   42.5  48.6   4:38pm  35.6  12:04am   23    0  0.06   0   4   4:13pm SSE 29.84   87
23   43.3  51.7   3:15pm  35.6   7:25am   22    0  0.24   0  11   9:06pm SSE 29.90   76
24   40.7  42.1   2:18am  38.7   9:38am   10    0  0.12   0   5   9:20am  SW 29.85   92
---------------------------------------------------------------------------------------
TOT  67.4  96.9   9/3/17  33.9  9/21/17  116  173  2.81   1  27  9/14/17  SE 29.75   46

HEAT BASE: 65.0
COOL BASE: 65.0