NOAA-Style Climate Reports


Report for 2018 November
                  MONTHLY CLIMATOLOGICAL SUMMARY FOR 11/2018
                                        HEAT  COOL        
     MEAN                               DEG   DEG       WIND SPEED       DOM MEAN  MEAN
DAY  TEMP  HIGH   TIME     LOW   TIME   DAYS  DAYS RAIN AVG  HI  TIME    DIR BAROM HUM
---------------------------------------------------------------------------------------
1    45.1  48.6   2:51pm  41.5   7:17am   20    0  0.09   0  12   4:52am  SE 30.17   72
2    53.2  61.8   2:46pm  46.8  12:35am   12    0  0.01   1  17   7:58pm WNW 30.05   60
3    45.3  52.1   1:31pm  40.4   6:12am   20    0  0.00   0   9   2:29pm WNW 30.10   54
4    46.5  51.8   4:05pm  41.8   1:23am   18    0  0.01   2  19   6:14am  SE 29.97   51
5    44.0  50.1   1:02pm  40.2   6:21am   21    0  0.00   0  12  11:55am WNW 29.92   51
6    40.5  47.4   2:18pm  33.9   2:55am   25    0  0.00   1  11   1:16pm WSW 30.09   50
7    38.7  46.7   1:14pm  32.0  11:57pm   26    0  0.00   0   9   2:28pm WSW 30.14   53
8    34.1  42.0   3:40pm  28.3   6:29am   31    0  0.00   0  10   1:43pm   W 30.40   56
9    35.2  45.7   2:22pm  27.3   7:32am   29    0  0.00   0   6   1:44pm   W 30.43   50
10   38.6  48.0   2:15pm  31.4   1:40am   26    0  0.00   0   8   7:49am  SW 30.08   41
11   33.4  40.6  12:29pm  27.0   7:10am   32    0  0.00   1  11   1:34am SSW 30.28   59
12   31.6  40.4   2:32pm  24.4   2:16am   33    0  0.00   0  16   4:20am ESE 30.62   48
13   33.2  44.5   2:20pm  25.1   7:25am   32    0  0.00   0   7   3:17pm   E 30.72   47
14   38.0  50.3   2:07pm  29.6   7:04am   27    0  0.00   0   6   1:28pm   E 30.53   48
15   39.6  50.8   1:31pm  32.9   7:01am   25    0  0.00   0   7   2:09pm   E 30.32   51
16   42.2  53.7   2:48pm  33.2   7:01am   23    0  0.00   0   6   1:34pm   E 30.12   44
17   38.1  43.3   2:39am  32.4  11:58pm   27    0  0.02   0   7   9:46am   E 30.11   67
18   34.3  44.0   1:58pm  27.6   7:00am   29    0  0.00   0   7  12:31pm   E 30.33   63
19   34.0  45.3   2:54pm  26.7   6:26am   31    0  0.00   0   6   1:04pm   E 30.36   54
20   34.6  46.7   3:14pm  27.0   7:17am   30    0  0.00   0   5   1:45pm   E 30.30   53
21   30.1  31.0  12:04am  29.1   6:11am   12    0  0.00   0   0  12:00am   N 30.28   49
---------------------------------------------------------------------------------------
TOT  38.9  61.8  11/2/18  24.4 11/12/18  529    0  0.13   0  19  11/4/18  SW 30.25   53

HEAT BASE: 65.0
COOL BASE: 65.0