NOAA-Style Climate Reports


Report for 2019 May
                  MONTHLY CLIMATOLOGICAL SUMMARY FOR 5/2019
                                        HEAT  COOL        
     MEAN                               DEG   DEG       WIND SPEED       DOM MEAN  MEAN
DAY  TEMP  HIGH   TIME     LOW   TIME   DAYS  DAYS RAIN AVG  HI  TIME    DIR BAROM HUM
---------------------------------------------------------------------------------------
1    41.5  52.4   3:48pm  31.3   2:32am   24    0  0.12   1  13  11:56pm ESE 30.09   64
2    52.1  62.6   4:09pm  39.4   4:09am   13    0  0.00   1  14   1:00am  SE 29.99   34
3    57.0  67.2   4:30pm  44.9   6:21am    8    0  0.00   0  12   1:38pm WNW 29.90   32
4    62.3  73.6   4:56pm  49.2   4:04am    5    2  0.00   1  13   2:10pm ESE 29.74   28
5    65.8  76.9   3:25pm  56.1  11:58pm    2    3  0.00   2  28   7:30pm  SE 29.57   31
6    62.0  77.2   2:30pm  52.0   6:06am    5    2  0.00   1  24   5:22pm ESE 29.60   39
7    54.5  65.8   5:03pm  45.2   2:15pm   11    0  0.54   1  16   9:57pm ESE 29.68   59
8    51.8  63.3   4:44pm  45.9   6:21am   13    0  0.03   1  20   8:23pm ESE 29.79   66
9    49.3  55.7   5:12pm  44.1   5:45am   16    0  0.00   1  19  12:14am ENE 29.81   52
10   53.7  65.4   2:36pm  38.8   6:53am   11    0  0.00   0  11   3:34pm WNW 29.86   44
11   59.4  71.0   5:05pm  46.4   5:56am    7    1  0.00   0   9   1:43pm   W 29.84   41
12   66.1  77.5   4:55pm  51.8   6:47am    3    5  0.00   0  13   3:25pm WSW 29.76   31
13   71.3  83.3   3:56pm  59.5   1:51am    1    7  0.00   1  17   2:41am ESE 29.68   27
14   71.4  82.5   1:37pm  60.7   5:22am    0    7  0.00   2  24   2:15pm ESE 29.68   32
15   71.5  78.5   3:02pm  66.4   6:29am    0    7  0.00   5  25   1:34pm  SE 29.56   28
16   64.0  73.8   2:34pm  44.3  11:59pm    4    3  0.57   4  33   5:37pm  SE 29.40   44
17   45.8  58.9   4:59pm  38.0   9:50am   19    0  0.34   1  26  12:02am  SE 29.65   75
18   46.0  57.6   5:54pm  34.9   4:35am   19    0  1.49   0  12   9:34pm ESE 29.85   76
19   50.2  61.3  11:56am  42.3  11:06pm   15    0  0.04   3  33   2:37pm  SE 29.56   60
20   42.8  42.9  12:01am  42.4  12:58am    1    0  0.00   1  10  12:03am   S 29.54   72
---------------------------------------------------------------------------------------
TOT  57.6  83.3  5/13/19  31.3   5/1/19  177   37  3.13   1  32  5/16/19 ESE 29.74   45

HEAT BASE: 65.0
COOL BASE: 65.0