NOAA-Style Climate Reports


Report for 2019 September
                  MONTHLY CLIMATOLOGICAL SUMMARY FOR 9/2019
                                        HEAT  COOL        
     MEAN                               DEG   DEG       WIND SPEED       DOM MEAN  MEAN
DAY  TEMP  HIGH   TIME     LOW   TIME   DAYS  DAYS RAIN AVG  HI  TIME    DIR BAROM HUM
---------------------------------------------------------------------------------------
1    84.2  98.4   3:41pm  69.4   7:49am    0   19  0.00   1  16  11:43pm ESE 29.67   22
2    86.4  98.2   4:54pm  75.0   7:39am    0   21  0.00   1  26   4:19am ESE 29.67   15
3    80.6  93.1   5:17pm  70.0  10:46am    0   16  0.05   1  15   6:03am ESE 29.72   31
4    82.6  96.6   3:17pm  69.9   8:04am    0   18  0.00   0  24  10:45pm  SE 29.71   33
5    80.5  95.0   3:41pm  64.2  10:05pm    0   15  0.29   1  31   8:42pm  SE 29.77   40
6    74.7  84.8   3:21pm  65.6   8:53am    0   10  0.05   0  18  10:21am  SE 29.83   51
7    74.2  87.8   3:23pm  63.6   7:38am    0    9  0.00   0   6   7:57pm  SE 29.78   44
8    68.0  76.6  12:52pm  57.1  11:49pm    1    4  0.19   1  23  10:13am  SE 29.52   51
9    66.9  79.5   5:38pm  56.0   2:43am    3    5  0.00   0  10   4:02pm  SE 29.69   45
10   65.6  71.9  11:26am  61.0   1:33pm    1    1  0.14   0  14   4:01am  SE 29.55   44
11   54.8  65.2   6:02pm  46.5  12:01pm   10    0  2.45   0   3   1:49pm ESE 29.89   73
12   60.5  73.5   3:57pm  48.7   7:44am   17    2  0.00   0   6   4:51pm   W 30.17   53
13   66.4  81.8   4:25pm  52.5   7:27am    4    5  0.00   0   7   3:13pm ESE 30.03   39
14   74.9  89.2   4:22pm  58.6   7:36am    1   11  0.00   0   5   4:31pm ESE 29.86   29
15   79.2  85.7   3:57pm  68.7   1:25am    0   14  0.00   0   9   2:21am ESE 29.63   17
16   76.2  80.2   4:01pm  72.4   7:51am    0   11  0.00   0   0  12:00am   N 29.50   28
17   60.1  74.0  12:00am  49.0   7:36am    6    1  0.05   0   7   3:48pm   W 29.74   49
---------------------------------------------------------------------------------------
TOT  72.7  98.4   9/1/19  46.5  9/11/19   42  162  3.22   0  29   9/5/19 ESE 29.75   39

HEAT BASE: 65.0
COOL BASE: 65.0