NOAA-Style Climate Reports


Report for 2007 May
                  MONTHLY CLIMATOLOGICAL SUMMARY FOR 5/2007
                                        HEAT  COOL        
     MEAN                               DEG   DEG       WIND SPEED       DOM MEAN  MEAN
DAY  TEMP  HIGH   TIME     LOW   TIME   DAYS  DAYS RAIN AVG  HI  TIME    DIR BAROM HUM
---------------------------------------------------------------------------------------
1    71.0  82.9   3:18pm  59.7   5:50am    1    7  0.00   5  20   8:04pm SSE 29.89   21
2    71.0  79.0   6:33pm  64.4   7:39am    0    6  0.00   9  25  11:07pm SSE 29.76   22
3    44.2  67.6  12:00am  36.1   1:19pm   21    0  0.43   3  44  11:24am NNW 29.82   74
4    41.3  49.3  12:29pm  37.8   2:06am   24    0  0.08   2  15   2:50pm NNW 29.74   75
5    38.4  42.6   6:22pm  33.8   1:15pm   26    0  0.24   2  15  11:05am NNW 29.81   76
6    47.8  59.7   6:12pm  37.4  12:26am   17    0  0.00   3  13   3:13pm NNW 30.02   58
7    55.2  65.8   6:56pm  42.8   6:26am   10    0  0.00   3  13   4:25pm NNW 30.16   39
8    61.9  73.0   6:21pm  49.8   6:16am    5    2  0.00   2  11   3:28pm NNW 30.12   36
9    67.7  78.8   6:58pm  54.1   5:57am    3    5  0.00   2  11   2:05pm NNW 30.04   28
10   74.2  84.7   4:46pm  59.7   5:32am    1   10  0.00   5  22  11:34pm  SE 30.06   17
11   78.5  87.4   3:33pm  71.1   5:20am    0   13  0.00   7  21  12:21am  SE 30.06   12
12   79.1  87.3   5:58pm  72.5   6:48am    0   14  0.00   8  25   2:21pm  SE 29.99   12
13   73.7  79.9  10:56am  59.5  11:56pm    0    9  0.00   7  22  11:59am SSE 29.97   15
14   60.9  70.3   6:08pm  48.7   6:17am    5    1  0.00   3  11  11:11am NNW 30.11   32
15   65.2  75.6   5:44pm  53.6   7:06am    3    3  0.00   3  15   3:16am NNW 30.14   29
16   70.3  83.3   5:05pm  55.9   5:22am    2    7  0.00   3  15  11:34pm  SE 30.05   24
17   74.3  84.4   2:03pm  63.3   6:44am    0    9  0.00   6  26   3:11pm  SE 30.00   19
18   77.3  85.6   6:04pm  70.2   6:20am    0   12  0.00   7  21   4:43am SSE 30.00   16
19   77.0  85.8   2:47pm  68.2  11:57pm    0   12  0.00   6  23   6:59am  SE 29.97   14
20   73.6  85.3   2:06pm  60.3   6:18am    0    9  0.00   3  15   2:08pm  SE 29.86   17
21   53.1  65.7   1:00am  40.8  11:41pm   12    0  0.35   2  13   3:10pm  SE 29.82   65
22   45.5  55.0   6:24pm  37.4   3:39am   19    0  0.00   3  19   6:18pm NNW 29.94   42
23   50.3  60.3   6:04pm  38.5   4:30am   15    0  0.00   4  15   2:44pm NNW 30.07   42
24   58.4  68.4   2:03pm  44.4   6:16am    7    0  0.00   5  21   4:39pm SSE 30.05   28
25   67.0  76.5   6:30pm  60.8   5:13am    1    3  0.00   6  20   2:29am  SE 30.01   23
26   69.7  80.2   6:28pm  57.7   5:42am    1    6  0.00   3  12  11:12pm  SE 30.00   26
27   76.3  86.7   3:47pm  64.2   4:48am    0   11  0.00   7  24  10:36pm SSE 29.92   18
28   67.4  76.8  12:00am  54.9  11:34pm    1    4  0.00   5  22  12:05am NNW 29.91   29
29   56.7  66.4   7:18pm  45.3   4:47am    8    0  0.00   3  15   2:11pm NNW 30.08   27
30   62.8  72.7   6:58pm  50.2   6:02am    4    2  0.00   3  13   1:29pm  SE 30.11   25
31   67.9  77.5   7:23pm  56.7   3:44am    2    5  0.00   3  11   5:49am  SE 29.99   21
---------------------------------------------------------------------------------------
TOT  63.8  87.4  5/11/07  33.8   5/5/07  188  151  1.10   4  44   5/3/07  SE 29.98   32

HEAT BASE: 65.0
COOL BASE: 65.0