NOAA-Style Climate Reports


Report for 2007 June
                  MONTHLY CLIMATOLOGICAL SUMMARY FOR 6/2007
                                        HEAT  COOL        
     MEAN                               DEG   DEG       WIND SPEED       DOM MEAN  MEAN
DAY  TEMP  HIGH   TIME     LOW   TIME   DAYS  DAYS RAIN AVG  HI  TIME    DIR BAROM HUM
---------------------------------------------------------------------------------------
1    70.5  81.0   7:43pm  57.6   6:47am    1    6  0.00   2  13   2:29pm  SE 29.98   24
2    74.5  85.6   6:02pm  61.3   6:44am    0   10  0.00   2  16  11:16pm  SE 30.00   23
3    77.0  88.2   4:58pm  66.7   6:29am    0   12  0.00   2  13  11:45pm  SE 30.02   21
4    77.6  88.9   5:58pm  64.8   4:43am    0   13  0.00   2  13  11:21pm  SE 30.00   24
5    78.3  83.1   1:06pm  60.8  11:59pm    0   13  0.00  10  27   9:54pm SSE 29.72   15
6    45.4  60.8  12:00am  41.5   6:54am   19    0  1.50   4  20   3:20pm   W 29.63   82
7    44.8  52.5   7:10pm  39.0   7:41am   20    0  0.12   2  11  12:20am NNW 29.94   72
8    56.0  68.4   5:19pm  42.8   5:37am    9    0  0.00   2  11   3:27pm NNW 30.04   50
9    66.1  78.3   6:54pm  51.6   3:39am    3    4  0.00   3  10   5:00pm  SE 30.03   31
10   75.1  87.6   6:30pm  60.8   4:43am    0   10  0.00   5  22  10:13pm SSE 29.92   19
11   68.2  79.3   5:53pm  57.2   6:14am    2    5  0.00   3  11   3:52am NNW 29.94   40
12   70.0  78.3   5:39pm  58.8   6:34am    1    6  0.00   3  12   3:29pm  SE 30.08   30
13   73.1  83.7   5:55pm  59.0   6:45am    0    8  0.00   2  10   1:45am  SE 30.12   24
14   75.5  86.7   6:55pm  62.2   6:05am    0   11  0.00   2  11   2:08pm NNW 30.01   24
15   77.8  90.7   6:30pm  63.1   6:38am    0   13  0.00   2   8  12:44pm NNW 29.98   26
16   85.2  95.4   3:29pm  72.9   6:41am    0   19  0.00   6  22  10:00pm  SE 29.91   14
17   71.1  83.3  12:00am  57.9  11:59pm    0    7  0.00   5  22   1:08am NNW 29.97   21
18   65.8  77.2   7:00pm  52.0   5:42am    3    4  0.00   3  11   3:29pm  SE 30.06   22
19   77.2  91.4   6:57pm  60.1   6:29am    0   12  0.00   3  13  11:15pm  SE 30.08   19
20   85.8  94.3   6:37pm  78.6   6:43am    0   20  0.00   9  27  10:08am SSE 30.08   10
21   82.6  91.9   6:42pm  70.5   5:42am    0   18  0.00   4  23  12:02am  SE 30.08   14
22   83.3  94.5   6:52pm  67.5   5:08am    0   18  0.00   3  15  11:41pm  SE 30.04   14
23   83.7  91.2   6:53pm  70.0   6:43am    0   19  0.00   3  15   5:03am  SE 29.93   14
24   82.6  90.9   6:59pm  68.9   5:39am    0   17  0.00   5  24   4:08am SSE 29.87   17
25   73.3  81.5   5:59pm  62.8   6:48am    0    8  0.00   3  12   2:39pm NNW 30.04   26
26   74.3  87.1   6:10pm  60.6   6:10am    1   10  0.00   2  10   4:22pm NNW 30.12   26
27   82.0  93.7   7:05pm  65.3   6:45am    0   17  0.00   3  13   5:27pm  SE 30.06   16
28   85.0  93.4   4:35pm  71.1   6:30am    0   20  0.00   6  21   3:55pm  SE 30.03   10
29   86.6  95.4   4:27pm  77.2   5:05am    0   21  0.00   8  26   3:20pm  SE 30.00    9
30   84.1  91.9   7:31pm  70.9   6:48am    0   19  0.00   4  20   1:44am  SE 30.03   12
---------------------------------------------------------------------------------------
TOT  74.4  95.4  6/16/07  39.0   6/7/07   61  340  1.61   4  27  6/20/07  SE 29.99   25

HEAT BASE: 65.0
COOL BASE: 65.0