NOAA-Style Climate Reports


Report for 2007 July
                  MONTHLY CLIMATOLOGICAL SUMMARY FOR 7/2007
                                        HEAT  COOL        
     MEAN                               DEG   DEG       WIND SPEED       DOM MEAN  MEAN
DAY  TEMP  HIGH   TIME     LOW   TIME   DAYS  DAYS RAIN AVG  HI  TIME    DIR BAROM HUM
---------------------------------------------------------------------------------------
1    82.5  94.8   3:25pm  67.6   6:06am    0   17  0.00   2  15   3:06pm  SE 30.05   16
2    84.6  96.3   1:45pm  71.1   3:25am    0   20  0.00   2  12  11:54pm  SE 30.06   13
3    81.3  90.9   7:14pm  68.5   6:38am    0   16  0.00   2  12  12:04am  NW 30.15   17
4    81.8  94.3   7:28pm  68.5   5:42am    0   17  0.00   2  11   4:54pm  SE 30.14   20
5    85.5  97.0   4:56pm  73.8   4:43am    0   20  0.00   3  21   2:02am  SE 30.12   20
6    89.2  99.0   4:20pm  76.8   8:18am    0   24  0.00   4  16   1:47am  SE 30.07   15
7    86.9  97.0   3:42pm  77.5  11:08pm    0   22  0.00   4  22   5:31pm  SE 30.03   16
8    81.2  91.8   5:57pm  69.6   6:39am    0   14  0.00   2   9   1:45pm  SE 30.03   23
9    84.3  94.8   6:22pm  72.3   3:44am    0   19  0.00   2   9   4:07pm  SE 30.01   19
10   85.7  96.6   6:17pm  72.5   6:07am    0   21  0.00   2  10  12:07am NNW 30.04   17
11   83.7  95.9   2:23pm  73.6   4:23am    0   19  0.00   2  25   8:25pm  SE 30.05   21
12   79.1  86.5   2:13pm  73.4   7:52am    0   14  0.00   3  13   5:26am  SE 30.12   30
13   84.0  95.9   6:59pm  70.9   7:00am    0   19  0.00   3  30   2:16am  SE 30.13   23
14   88.5  98.1   5:32pm  73.2   6:15am    0   23  0.00   4  23   2:45am  SE 30.10   15
15   88.9  99.5   4:03pm  75.9   6:31am    0   24  0.00   3  26   6:33pm  SE 30.06   15
16   83.8  92.5   6:35pm  75.7  11:20pm    0   19  0.00   3  21   5:01pm  SE 30.05   23
17   78.0  90.7   4:50pm  68.5   8:14pm    0   13  0.04   4  21  10:30pm  SE 30.04   35
18   87.0  97.0   5:55pm  71.2   3:22am    0   22  0.00   7  19   5:33am SSE 29.98   19
19   89.2  97.5   6:47pm  82.2   6:54am    0   24  0.00   7  19   5:48am  SE 29.96   11
20   88.0  95.9   3:46pm  81.9   6:59am    0   23  0.00   7  22   5:57am SSE 29.97   11
21   88.0  95.2   4:43pm  81.1   6:51am    0   23  0.00   7  23   1:53am SSE 30.05   12
22   85.0  96.1   6:24pm  72.5   7:07am    0   20  0.00   1   8   5:33pm  SE 30.10   20
23   84.5  94.8   3:25pm  73.9   6:38am    0   19  0.00   4  23   1:56am SSE 30.06   25
24   76.9  88.0   2:30pm  70.0  11:24pm    0   12  0.00   4  21  12:34am SSE 30.02   45
25   74.0  85.3   1:21pm  65.3   6:47pm    0    9  0.47   2  17   8:30am SSE 30.04   57
26   75.3  87.4   7:12pm  64.8   5:44am    0   10  0.16   3  21  11:26pm NNW 30.08   51
27   72.2  86.7   7:47pm  65.1   4:03am    0    5  0.04   2  19  12:29am  SE 30.09   48
28   81.9  91.9   6:32pm  70.0   5:54am    0   17  0.00   3  13   3:45pm NNW 30.05   27
29   84.8  95.0   3:24pm  72.1   5:12am    0   20  0.00   2  11   5:17pm  SE 30.01   22
30   86.0  96.8   6:30pm  71.6   6:22am    0   19  0.00   3  14   9:49pm SSE 29.98   21
31   84.4  93.9   5:14pm  73.4   5:59am    0   19  0.00   4  18   7:48pm  SE 30.02   23
---------------------------------------------------------------------------------------
TOT  83.6  99.5  7/15/07  64.8  7/26/07    0  562  0.71   3  30  7/13/07  SE 30.05   23

HEAT BASE: 65.0
COOL BASE: 65.0