NOAA-Style Climate Reports


Report for 2007 August
                  MONTHLY CLIMATOLOGICAL SUMMARY FOR 8/2007
                                        HEAT  COOL        
     MEAN                               DEG   DEG       WIND SPEED       DOM MEAN  MEAN
DAY  TEMP  HIGH   TIME     LOW   TIME   DAYS  DAYS RAIN AVG  HI  TIME    DIR BAROM HUM
---------------------------------------------------------------------------------------
1    81.5  90.1   6:30pm  73.4   5:14am    0   16  0.00   3  17   9:37pm  SE 30.06   30
2    75.0  82.4   4:25pm  70.7  10:56am    0   10  0.00   3  20  12:13am  NW 30.08   49
3    76.4  85.1   2:06pm  68.5   5:14am    0   11  0.00   2  11   2:09pm  SE 30.08   49
4    80.2  92.1   3:57pm  71.1   3:28am    0   15  0.00   3  19   5:09pm  SE 30.04   30
5    81.2  90.5   4:00pm  68.5   1:06am    0   16  0.04   6  24   6:02pm SSE 29.95   26
6    81.9  88.9   6:05pm  76.1   6:04am    0   17  0.00   8  26  10:12am SSE 29.93   17
7    80.0  88.5   7:11pm  72.9   7:20am    0   15  0.00   9  27   5:32am SSE 29.94   15
8    78.3  87.4   6:36pm  66.4   4:04am    0   13  0.00   4  13  11:49pm  SE 30.02   19
9    83.2  90.7   4:29pm  71.4   2:32am    0   18  0.00   8  24  12:47pm SSE 30.02   11
10   82.7  90.1   5:15pm  76.1   7:08am    0   18  0.00   9  27   8:40am SSE 30.04   12
11   82.7  91.9   5:52pm  67.1   7:06am    0   18  0.00   7  22  12:09pm SSE 30.05   13
12   86.3  94.1   6:41pm  79.3   6:45am    0   21  0.00   9  21  12:25am SSE 30.10   15
13   88.3  97.2   3:09pm  81.3  11:59pm    0   23  0.00   7  20  10:01pm SSE 30.12   17
14   84.9  95.2   2:19pm  73.9   5:00am    0   20  0.00   4  20   8:46pm SSE 30.07   20
15   82.9  94.3   6:32pm  71.6   6:56am    0   18  0.00   3  20   6:35pm  SE 30.05   24
16   83.7  95.4   2:15pm  72.1   6:18am    0   19  0.00   3  17   9:51pm SSE 30.03   23
17   81.7  92.8   3:23pm  64.9  10:23pm    0   17  0.20   3  17   9:19pm  SE 30.02   30
18   78.3  85.8   5:53pm  68.2   1:05am    0   13  0.00   6  25   7:20am SSE 29.96   32
19   80.6  90.7   4:30pm  70.0  11:55pm    0    7  0.00   3  22   3:56pm   S 29.12   23
20   76.9  91.0   4:32am  58.6   7:08am    0   11  0.00   3  25   2:33am   S 24.87   23
21   76.7  86.0   6:39pm  65.1   6:48am    0   12  0.00   2  11   1:57pm  SE 24.87   23
22   73.2  83.1   4:14pm  63.9   6:45am    0    8  0.00   2  14  11:34pm NNW 24.75   34
23   71.8  80.4   3:42pm  62.8   6:44am    0    7  0.00   2  17  12:28am  SE 24.74   32
24   71.5  82.4   6:09pm  58.1   6:45am    1    7  0.00   2  11   1:54pm NNW 24.82   22
25   78.6  91.4   6:41pm  63.1   6:44am    0   14  0.00   2  11  10:21pm  SE 24.83   17
26   83.6  92.1   2:40pm  73.4  11:15pm    0   19  0.00   6  26   9:13pm SSE 24.78   19
27   75.9  87.8   6:36pm  66.7   7:12am    0   11  0.00   3  25  12:36am SSE 24.82   34
28   78.9  87.8   6:07pm  66.9   7:12am    0   14  0.00   4  20   3:10am  SE 24.89   25
29   79.1  90.3   6:05pm  66.9   5:29am    0   14  0.00   2  13  12:00am NNW 24.96   26
30   82.4  93.7   3:44pm  70.0   7:19am    0   17  0.00   2  17  10:00pm NNW 24.97   23
31   79.6  87.1   1:33pm  70.2   7:13am    0   15  0.00   3  16   4:07am  SE 24.96   27
---------------------------------------------------------------------------------------
TOT  79.9  97.2  8/13/07  58.1  8/24/07    1  454  0.00   4  27   8/7/07  SE 27.99   25

HEAT BASE: 65.0
COOL BASE: 65.0