NOAA-Style Climate Reports


Report for 2007 September
                  MONTHLY CLIMATOLOGICAL SUMMARY FOR 9/2007
                                        HEAT  COOL        
     MEAN                               DEG   DEG       WIND SPEED       DOM MEAN  MEAN
DAY  TEMP  HIGH   TIME     LOW   TIME   DAYS  DAYS RAIN AVG  HI  TIME    DIR BAROM HUM
---------------------------------------------------------------------------------------
1    80.1  90.3   6:54pm  68.4   6:45am    0   15  0.00   2  11   3:56pm  SE 24.93   23
2    80.7  91.6   5:11pm  74.3  10:52pm    0   16  0.00   3  27   7:40pm  SE 24.92   24
3    80.0  91.2   5:58pm  67.6   5:27am    0   15  0.00   2  14  11:59pm  SE 24.90   25
4    77.4  88.5   3:02pm  60.6   8:04pm    0   13  0.20   6  26   6:53pm  SE 24.74   33
5    65.4  72.5   6:07pm  60.3   6:11am    1    2  0.43   3  13  12:00am NNW 24.73   54
6    64.9  73.0   6:37pm  56.1   5:27am    2    2  0.00   2  12   2:19am  SE 24.88   43
7    70.4  81.5   4:13pm  57.2   6:47am    1    7  0.00   2  13  11:36pm  SE 24.91   28
8    71.6  79.7   6:08pm  61.3   7:32am    0    7  0.00   2  11  12:16am SSE 24.88   27
9    66.3  72.7   3:49pm  59.2   5:55am    1    2  0.00   2  13   7:35am NNW 25.57   30
10   64.5  73.2   6:17pm  55.9   6:52am    2    2  0.00   3  17  12:19am  SE 30.23   25
11   67.8  78.8   4:52pm  56.1   7:29am    2    5  0.00   2   8   3:31pm  SE 30.17   25
12   74.0  86.2   4:05pm  61.7   5:46am    0    9  0.00   2  11   2:21pm  SE 30.06   19
13   75.7  86.7   3:10pm  62.4   7:41am    0   11  0.00   3  15   2:07pm  SE 29.99   16
14   79.3  85.6   2:00pm  74.1   7:16am    0   14  0.00   7  26   2:29pm SSE 29.97   15
15   76.2  83.1   4:10pm  71.8   7:12am    0   11  0.00   6  23   4:14pm SSE 30.02   13
16   73.4  80.4  12:29pm  64.8  11:44pm    0    8  0.00   2  22  12:16pm  SE 29.96   13
17   64.4  72.5   4:06pm  56.1  11:38pm    2    2  0.00   3  13   7:29pm  SE 29.91   22
18   61.6  71.6   4:25pm  53.1   5:26am    5    1  0.00   2  11   4:54pm SSE 30.00   35
19   70.3  78.3   4:18pm  56.8   1:25am    1    6  0.00   8  22   1:08pm SSE 29.85   16
20   72.1  81.3   3:27pm  65.7   8:08am    0    7  0.00   6  18   2:03pm  SE 29.92   14
21   70.9  79.2   5:11pm  58.5   6:34am    1    6  0.00   3  17   2:04am SSE 30.03   20
22   66.9  77.9  10:58am  57.2   8:17pm    2    4  0.24   5  22   9:25pm  SE 29.93   43
23   54.8  62.6   1:17pm  43.5  11:56pm   10    0  0.51   8  24   2:59am SSE 29.86   57
24   45.3  54.9   5:52pm  36.9  10:06am   20    0  0.39   3 126   9:41am  SE 30.10   61
25   50.1  60.1   3:10pm  39.4   7:48am   15    0  0.00   2   9   1:31pm  NW 30.19   39
26   55.3  66.4   4:17pm  43.5   6:49am   10    0  0.00   1   8   2:36pm  SE 30.20   33
27   60.9  72.3   5:45pm  47.8   7:48am    6    2  0.00   2  16  11:16pm  SE 30.10   26
28   69.0  73.9   2:12pm  64.8   6:41am    0    4  0.00  10  28  10:43am SSE 29.81   18
29   45.2  67.3  12:00am  33.6   2:23pm   20    0  0.24   4  25   2:07am   S 29.87   69
30   48.4  63.5   6:00pm  34.9   7:53am   17    0  0.28   3  17  11:36pm  SE 30.17   46
---------------------------------------------------------------------------------------
TOT  66.8  91.6   9/2/07  33.6  9/29/07  117  171  2.28   4 126  9/24/07  SE 28.49   30

HEAT BASE: 65.0
COOL BASE: 65.0