NOAA-Style Climate Reports


Report for 2007 October
                  MONTHLY CLIMATOLOGICAL SUMMARY FOR 10/2007
                                        HEAT  COOL        
     MEAN                               DEG   DEG       WIND SPEED       DOM MEAN  MEAN
DAY  TEMP  HIGH   TIME     LOW   TIME   DAYS  DAYS RAIN AVG  HI  TIME    DIR BAROM HUM
---------------------------------------------------------------------------------------
1    60.7  72.0   1:18pm  42.4  10:38pm    5    1  0.00   9  28   7:44am SSE 30.04   30
2    50.1  62.6   5:22pm  38.3   6:48am   15    0  0.04   2  12   1:31pm  SE 30.19   43
3    65.8  76.5   5:17pm  50.2  12:37am    2    3  0.00  10  28   5:15am   S 29.90   23
4    63.1  72.3   7:48pm  47.7   7:15am    4    2  0.00   5  28   8:19pm   S 29.72   34
5    52.4  69.1  12:00am  42.6  10:06pm   13    0  0.28   2  24  12:40am  NW 29.66   56
6    37.6  43.3  12:02am  33.8  11:19am   27    0  0.75   3  17   2:46am  SE 29.93   91
7    44.1  52.3   3:45pm  37.9   5:57am   21    0  0.04   3  15  11:11pm SSE 30.16   45
8    51.4  64.2   5:08pm  39.7   7:16am   14    0  0.00   1   8  12:09am NNW 30.15   46
9    62.8  78.1   4:09pm  48.6   7:33am    5    3  0.00   3  15   7:49pm  SE 30.08   31
10   65.9  76.6   4:54pm  49.3  11:47pm    3    4  0.00   6  28   2:15pm SSE 29.95   22
11   51.4  61.9   4:41pm  43.7   6:33am   14    0  0.00   1   8   7:12am NNW 30.03   43
12   52.8  62.1   4:24pm  46.0   7:08am   12    0  0.00   1   8   7:02pm  SE 29.82   41
13   50.6  58.3   1:53pm  46.6  11:57pm   14    0  0.04   1   8   2:03pm  SE 29.86   60
14   52.1  61.3   4:50pm  45.1   7:59am   13    0  0.04   1   9   4:02pm  NW 30.01   63
15   52.3  63.9  12:59pm  43.7   8:20am    8    0  0.00   1  15  11:20pm  SE 29.95   44
16   55.7  63.7   1:15pm  39.9   9:55pm    9    0  0.67   7  22   3:12am SSE 29.71   44
17   40.3  47.3   3:03pm  35.4   7:36am   25    0  0.55   3 126   7:22am  SE 29.76   74
18   42.5  49.8  10:42pm  34.7   3:17am   23    0  0.04   3  20  10:38pm   S 30.04   53
19   62.1  71.8   5:02pm  47.1   1:19am    5    2  0.00  12  30   4:39am SSE 29.92   30
20   45.8  66.7  12:00am  32.7   6:49pm   19    0  0.24   6  32  12:14am SSE 29.82   60
21   38.2  46.6   5:16pm  32.5   4:36am   27    0  0.16   2  11   2:13pm  NW 30.28   61
22    0.0  44.4   9:19pm  44.4   9:19pm    0    0  0.00   0   0   9:19pm ---  0.00    0
23   44.6  45.9  11:09pm  44.1  10:39pm    2    0  0.00   0   4  11:05pm  SE 30.40   65
24   51.2  64.9   3:10pm  41.0   8:06am   14    0  0.00   1   6   3:19pm NNW 30.30   49
25   57.6  69.8   3:15pm  48.6   5:09am    8    1  0.00   1   6   2:26pm  NW 29.93   38
26   52.0  59.9   3:03pm  44.8   7:22am   13    0  0.00   1   8   1:14pm  NW 23.05   53
27   49.7  59.9   2:51pm  43.0   5:15am   15    0  0.00   1   6  12:44pm NNW 22.90   64
28   52.7  64.4   4:53pm  45.0   6:30am    7    0  0.00   1   6   3:38pm   N 22.90   48
29   56.6  66.9   7:25pm  48.6   5:27am    3    0  0.00   2  21   7:16pm SSE 22.90   36
30   57.1  65.1  12:36am  44.6  11:12pm    2    0  0.04   5  21   9:38am   N 22.90   43
31   47.5  55.4   2:35pm  41.0   4:10am    5    0  0.00   1   8  12:37pm   N 22.90   61
---------------------------------------------------------------------------------------
TOT  52.1  78.1  10/9/07  32.5 10/21/07  347   16  2.87   3 126 10/17/07 SSE 29.07   48

HEAT BASE: 65.0
COOL BASE: 65.0