NOAA-Style Climate Reports


Report for 2007 November
                  MONTHLY CLIMATOLOGICAL SUMMARY FOR 11/2007
                                        HEAT  COOL        
     MEAN                               DEG   DEG       WIND SPEED       DOM MEAN  MEAN
DAY  TEMP  HIGH   TIME     LOW   TIME   DAYS  DAYS RAIN AVG  HI  TIME    DIR BAROM HUM
---------------------------------------------------------------------------------------
1    46.2  56.8  12:40pm  39.7   6:38am    5    0  0.00   1   9   3:31pm SSE 22.90   49
2    44.7  54.5   2:33pm  37.4   4:21am    6    0  0.00   1   8   2:08pm   N 22.90   41
3    45.0  56.5   3:39pm  36.0   6:25am    6    0  0.00   1   8   2:48pm  SE 22.90   33
4    49.8  59.5   4:03pm  38.8   5:58am   11    0  0.00   1   6  11:51am  NW 22.90   29
5    48.8  60.4   2:41pm  40.5   8:12am   16    0  0.00   1   8  12:05am NNW 22.90   32
6     0.0  44.2   5:14am  44.2   5:14am    0    0  0.00   0   0   5:14am ---  0.00    0
7    52.5  62.2   3:05pm  42.8   7:11am   10    0  0.00   1   6  12:43pm  NW 22.90   29
8    53.4  64.2   2:33pm  44.1   6:56am   12    0  0.00   1   5   9:02am NNW 22.90   31
9    54.7  63.3   2:55pm  48.4   4:53am   10    0  0.00   1  10  11:59pm  SE 22.90   33
10   59.1  67.1  12:18pm  52.9  10:58pm    6    0  0.00   5  24   1:28am  SE 22.90   31
11   46.3  55.2   3:36am  36.7  10:35pm   19    0  0.31   1  11   8:15am  SE 22.90   65
12   40.9  49.1   2:31pm  33.8   7:40am   24    0  0.00   1   9  12:50pm NNW 22.90   64
13   48.5  63.9  12:51pm  36.3  11:59pm   16    0  0.00   3  25   4:45am NNW 22.90   56
14   36.4  45.3   1:49pm  28.4   6:42am   29    0  0.00   1   8  12:44pm  NW 22.90   48
15   40.5  52.3   1:55pm  32.4   6:14am   24    0  0.00   1   7   2:27pm NNW 22.90   43
16   49.8  61.0   3:43pm  36.7   8:24am   15    0  0.00   2  11   7:37pm  SE 22.90   41
17   54.9  61.5   3:36pm  47.7   2:23am   10    0  0.00   2   9   1:47am  SE 22.90   38
18   59.9  67.5   2:56pm  49.3   5:29am    5    0  0.00   7  25  11:31pm SSE 22.90   26
19   61.2  68.7   3:01pm  45.3  10:53pm    4    1  0.00  10  28   1:47am SSE 22.90   20
20   35.4  45.9  12:00am  25.9  11:21pm   30    0  0.00   2  16   6:01pm NNW 22.90   48
21   28.7  37.0  12:51pm  23.2   6:34am   36    0  0.00   1  10   2:13pm NNW 22.90   48
22   29.3  36.3   1:17pm  22.5   6:30am   36    0  0.00   1   8  12:54pm SSE 22.90   43
23   32.5  40.1   3:21pm  26.6   5:22am   32    0  0.00   2  11   2:10pm NNW 22.90   35
24   33.4  41.7   1:20pm  25.9   6:36am   32    0  0.00   1   8  12:19pm  SE 22.90   35
25   36.0  46.4   1:39pm  27.9   3:46am   29    0  0.00   1   8  11:24pm NNW 26.81   31
26   36.2  43.3   3:25pm  28.9   7:48am   29    0  0.00   1  11  12:44am  SE 30.19   39
27   36.8  47.3   4:47am  28.2  10:48pm   28    0  0.00   5  31   8:00am SSE 30.04   54
28   28.7  36.0  12:42pm  24.4   6:50pm   36    0  0.00   4  29  10:46pm SSE 30.27   54
29   33.9  40.8   2:33pm  29.3   1:53am   31    0  0.00   2  26  12:23am ENE 30.03   36
30   35.5  43.3   6:09pm  30.7  12:26am   30    0  0.00   4  33   2:56pm SSE 29.77   56
---------------------------------------------------------------------------------------
TOT  43.1  68.7 11/19/07  22.5 11/22/07  578    1  0.31   2  33 11/30/07  SE 24.38   41

HEAT BASE: 65.0
COOL BASE: 65.0