NOAA-Style Climate Reports


Report for 2007 December
                  MONTHLY CLIMATOLOGICAL SUMMARY FOR 12/2007
                                        HEAT  COOL        
     MEAN                               DEG   DEG       WIND SPEED       DOM MEAN  MEAN
DAY  TEMP  HIGH   TIME     LOW   TIME   DAYS  DAYS RAIN AVG  HI  TIME    DIR BAROM HUM
---------------------------------------------------------------------------------------
1    28.7  32.5  12:00am  25.0   7:08pm   36    0  0.00   0   7   8:30pm  SW 29.65   81
2    32.7  39.4   7:34pm  25.3  12:22am   32    0  0.00  10  34   5:12pm SSE 30.17   43
3    38.8  49.5  12:39pm  31.1   6:33am   26    0  0.00   1   8   1:28am  SE 30.37   37
4    41.1  54.9   9:25am  34.3  12:32am   24    0  0.00   1  12   8:54am  SE 30.30   45
5    38.8  47.3  11:53am  33.8   7:12am   26    0  0.00   0   6  12:05pm NNW 30.04   51
6    38.8  43.3  12:09pm  35.4  11:36pm   26    0  0.04   1  13   6:52pm  SE 29.85   69
7    34.1  36.1   1:46pm  32.2   8:20pm   31    0  0.63   0   9   3:31am  NW 29.67   98
8    31.2  36.1  11:57am  28.0  11:05pm   34    0  0.00   0   0  12:00am   N 29.81   94
9    27.5  32.2   2:37pm  24.8   7:04pm   37    0  0.00   0   0  12:00am   N 30.07   92
10   26.7  28.2  11:16pm  25.3   9:38pm   38    0  0.00   0   0  12:00am   N 29.96   89
11   26.3  34.7   2:02pm  19.2  10:31pm   39    0  0.00   1   6   1:02pm  SE 30.07   51
12   24.0  31.8   2:54pm  18.3   8:07am   41    0  0.00   1   6   3:51am  SE 30.23   62
13   22.9  29.1   1:27pm  19.4   2:56am   42    0  0.00   1   8  12:27pm NNW 30.13   72
14   22.3  32.9  12:14pm  18.7  11:51pm   43    0  0.00   1   7   2:11pm  SE 30.16   72
15   22.7  27.9  12:54pm  16.2   7:29am   42    0  0.00   1   8   5:23am  SE 30.19   55
16   29.3  39.0  12:56pm  23.0   7:54am   36    0  0.24   0   6   1:55pm NNW 30.05   54
17   33.3  40.8   1:27pm  27.5  12:03am   32    0  0.00   2  17   2:51am  SE 29.92   53
18   37.3  42.8  12:28pm  31.5   7:25am   28    0  0.12   6  26  11:06pm SSE 29.98   46
19   38.5  46.0   1:56pm  32.9   6:01am   26    0  0.43   8  28   9:26pm SSE 29.98   68
20   36.7  44.8   2:37pm  26.1  11:19pm   28    0  0.12  11  36   2:10pm SSE 29.83   69
21   22.5  29.1  12:25pm  16.2  11:59pm   42    0  0.00   3  13   3:24pm NNW 30.05   81
22   21.2  30.6  12:27pm  15.4   5:20am   44    0  0.00   2   8   4:31am  SE 30.31   56
23   29.3  35.8   3:07pm  21.9  12:57am   36    0  0.00   1   8  12:15am  SE 30.30   60
24   32.8  48.2   2:01pm  23.4  11:26pm   32    0  0.28   4  31   1:01pm NNW 30.08   72
25   21.8  28.8   2:05pm  16.7   8:10am   43    0  0.00   2  17  12:19am  SE 30.17   68
26   19.9  25.7  11:51am  16.5   1:37am   45    0  0.00   2   9  12:37am NNW 29.94   67
27   17.6  27.5   1:18pm  11.8   8:57am   47    0  0.00   3  17  11:59pm  SE 29.97   57
28   21.5  24.4  10:16pm  17.1  12:00am   44    0  0.00   8  26  10:34am SSE 29.96   54
29   27.2  33.6  12:21pm  22.3   2:02am   38    0  0.00   6  25   9:23am SSE 29.92   60
30   29.7  35.6   7:54am  22.3  11:59pm   35    0  0.00   8  25   3:19am SSE 29.99   58
31   21.8  29.3   1:27pm  17.2  11:43pm   43    0  0.00   3  13   1:52pm  SE 30.34   51
---------------------------------------------------------------------------------------
TOT  28.9  54.9  12/4/07  11.8 12/27/07 1118    0  1.85   3  36 12/20/07  SE 30.05   64

HEAT BASE: 65.0
COOL BASE: 65.0