NOAA-Style Climate Reports


Report for 2008 January
                  MONTHLY CLIMATOLOGICAL SUMMARY FOR 1/2008
                                        HEAT  COOL        
     MEAN                               DEG   DEG       WIND SPEED       DOM MEAN  MEAN
DAY  TEMP  HIGH   TIME     LOW   TIME   DAYS  DAYS RAIN AVG  HI  TIME    DIR BAROM HUM
---------------------------------------------------------------------------------------
1    19.1  27.3   2:11pm  12.4   8:06am   45    0  0.00   1   7   3:47am  SE 30.49   44
2    21.1  31.1  12:53pm  15.3   4:58am   44    0  0.00   1   5  12:27pm NNW 30.24   47
3    33.3  48.2   7:41pm  20.1  12:58am   32    0  0.00   5  31   6:12pm   S 30.02   37
4    47.6  51.1   9:26pm  44.1   8:36am   17    0  0.00  18  38   6:27pm SSE 29.81   35
5    37.0  50.4  12:00am  28.4  11:58pm   28    0  0.00   6  44   3:58am  SE 29.67   54
6    31.4  37.2   2:37am  23.5  11:37pm   34    0  0.00   6  28   4:27am SSE 29.69   64
7    26.1  36.1  12:29pm  20.5   6:51am   39    0  0.00   1   8  12:29am  SE 29.86   58
8    31.1  38.8   8:40pm  20.5   5:17am   34    0  0.00  10  37   4:41pm SSE 29.97   48
9    29.7  36.3  12:00am  21.9  10:56pm   35    0  0.00   6  29   1:33am SSE 29.96   71
10   29.6  39.6  10:57pm  21.9   1:40am   35    0  0.00   2  16  10:43pm  SE 30.04   44
11   33.6  36.5   1:37pm  30.2   3:30am   31    0  0.00   2  13   1:38am  SE 30.04   60
12   34.5  41.5   1:10pm  30.9   3:53am   30    0  0.04   2   9   8:12pm  SE 30.15   51
13   29.9  34.5  12:27am  25.2  10:40pm   35    0  0.00   1   8  12:20am NNW 30.26   82
14   27.5  36.1   1:06pm  21.7   7:42am   37    0  0.00   1   8   1:59pm NNW 30.33   67
15   23.1  39.9   3:34am  12.2  10:11pm   42    0  0.00   4  28   3:30am NNW 30.08   50
16   14.0  22.5  12:27pm   9.7   8:07pm   51    0  0.00   2   8  10:49am  SE 30.16   49
17   15.9  20.8   2:10pm   9.7  12:32am   49    0  0.00   1   8  12:36pm  SE 30.13   53
18   21.0  29.5   2:48pm  17.1   2:23am   44    0  0.00   1   8   3:20pm NNW 30.18   75
19   29.0  38.8   2:47pm  22.5  12:00am   36    0  0.00   1   8   1:57pm  SE 30.16   54
20   33.3  40.5   3:37am  28.9  12:00am   32    0  0.00   3  34   2:54am ENE 29.77   48
21   23.4  29.7  12:00am  16.3   8:51pm   42    0  0.00   1   8  11:16pm  NW 29.84   87
22   17.8  24.1  10:12am  13.3  11:32pm   47    0  0.00   1   8   1:10pm NNW 30.14   74
23   14.9  24.3   1:58pm   9.3   7:51am   50    0  0.00   1   6   1:11pm  NW 30.10   71
24   21.9  34.3   3:19pm   9.5   5:26am   43    0  0.00   3  23   7:37pm SSE 29.85   63
25   33.8  37.8   2:51pm  27.0   5:19am   31    0  0.00  10  28  10:09am SSE 30.05   48
26   38.0  45.5   3:45pm  30.4   8:53am   27    0  0.00   6  26  12:46am SSE 30.15   42
27   43.6  48.4   3:08pm  38.8  12:42am   21    0  0.00  14  39  11:57am SSE 29.78   37
28   28.8  42.3  12:00am  18.5  11:05pm   36    0  0.00  12  42   8:09am SSE 29.60   63
29   22.8  29.8   1:08pm  17.2   2:34am   42    0  0.00   8  26   8:57pm SSE 29.88   51
30   22.7  25.9   1:58am  21.2   4:28am   42    0  0.00   3  20  12:47am   W 29.91   64
31   26.9  36.5   8:54pm  19.4   8:30am   38    0  0.00  12  33   8:23pm SSE 30.01   44
---------------------------------------------------------------------------------------
TOT  27.8  51.1   1/4/08   9.3  1/23/08 1152    0  0.04   5  44   1/5/08 SSE 30.01   56

HEAT BASE: 65.0
COOL BASE: 65.0