NOAA-Style Climate Reports


Report for 2008 February
                  MONTHLY CLIMATOLOGICAL SUMMARY FOR 2/2008
                                        HEAT  COOL        
     MEAN                               DEG   DEG       WIND SPEED       DOM MEAN  MEAN
DAY  TEMP  HIGH   TIME     LOW   TIME   DAYS  DAYS RAIN AVG  HI  TIME    DIR BAROM HUM
---------------------------------------------------------------------------------------
1    28.5  35.1   2:07pm  21.9  11:07pm   36    0  0.00   5  28  12:56am  SE 29.92   63
2    28.3  35.6   2:01pm  21.7   8:07am   37    0  0.08   6  32  11:58pm  SE 29.88   46
3    32.4  38.1   1:03pm  27.1  10:27pm   33    0  0.00  13  37   6:13am SSE 29.52   68
4    23.6  28.2   2:24pm  17.6   9:38pm   41    0  0.00   3  15  12:25am NNW 29.85   77
5    20.8  30.0   2:13pm  13.8   7:43am   44    0  0.00   2  18  10:22pm  SE 30.14   57
6    24.5  33.8   1:47pm  19.0   7:03am   40    0  0.00   2  11  10:13am SSE 30.07   55
7    32.2  43.5   2:44pm  25.2   2:39am   33    0  0.08   9  31  12:30pm SSE 29.98   56
8    33.5  41.5  12:05pm  26.1   2:26am   32    0  0.00   3  14   1:10pm   S 30.11   44
9    40.4  47.3   2:56pm  35.2  11:57pm   25    0  0.00   1   8  12:09am SSE 30.21   41
10   40.6  50.2   3:49pm  33.1   7:11am   23    0  0.00   1   7   1:42pm  SE 30.17   46
11   40.4  45.7  12:25pm  33.8   9:18pm   25    0  0.00   2  12   1:26pm NNW 30.15   43
12   39.9  47.8   3:34pm  35.1   1:42am   25    0  0.00   2   9   6:28pm  SE 30.19   45
13   34.0  48.6   4:26am  23.7  10:34pm   31    0  0.00   4  31   9:13am NNW 29.73   66
14   27.6  35.2  12:54pm  23.2   1:00am   37    0  0.00   5  34   9:44am  SE 29.82   57
15   25.6  34.5  11:58am  18.7   7:23am   39    0  0.00   1   8   2:04pm NNW 30.14   51
16   28.3  36.9   2:55pm  20.5   5:52am   37    0  0.00   2  11   6:29am NNW 30.09   50
17   31.8  38.1   1:52pm  26.8   7:39am   33    0  0.00   2   8  12:52pm  SE 30.11   50
18   31.9  40.6   1:32pm  24.6   6:22am   33    0  0.00   1   8   2:17pm NNW 30.15   46
19   31.8  42.3   1:32pm  24.4   5:37am   33    0  0.00   1   8   2:58pm NNW 30.06   50
20   33.8  41.7  12:08pm  28.8   1:49am   31    0  0.00   1   8   1:53pm NNW 29.91   65
21   34.2  41.5   4:50pm  30.7   7:21am   31    0  0.08   0   6  11:49am NNW 29.88   84
22   36.9  41.9   4:51pm  33.3  11:18pm   28    0  0.00   1  11   3:58am NNW 29.79   71
23   36.5  42.1  11:07pm  31.8   5:27am   29    0  0.08   2  12   7:45pm  SE 29.95   73
24   40.6  47.7  11:45am  33.6   1:55pm   24    0  0.00   8  38   5:52am SSE 29.88   56
25   37.5  43.2  11:43am  33.4   7:30am   27    0  0.83   1  16   4:50pm  SE 30.14   75
26   38.3  48.2   1:25pm  31.5   5:51am   27    0  0.04   1  11   1:25pm  SE 30.33   62
27   39.5  50.9   3:13pm  31.5   7:21am   25    0  0.00   1   9   4:09pm NNW 30.18   50
28   41.5  51.1   3:19pm  33.3   6:13am   22    0  0.00   1   8   1:47pm  SE 30.12   51
29   45.6  57.4   3:44pm  34.9   5:09am   19    0  0.00   2  23  11:45pm  SE 30.15   43
---------------------------------------------------------------------------------------
TOT  33.8  57.4  2/29/08  13.8   2/5/08  902    0  1.18   3  38  2/24/08  SE 30.02   57

HEAT BASE: 65.0
COOL BASE: 65.0