NOAA-Style Climate Reports


Report for 2008 March
                  MONTHLY CLIMATOLOGICAL SUMMARY FOR 3/2008
                                        HEAT  COOL        
     MEAN                               DEG   DEG       WIND SPEED       DOM MEAN  MEAN
DAY  TEMP  HIGH   TIME     LOW   TIME   DAYS  DAYS RAIN AVG  HI  TIME    DIR BAROM HUM
---------------------------------------------------------------------------------------
1    45.6  57.2  12:23pm  26.1  11:48pm   19    0  0.04  10  41   6:50am SSE 29.94   54
2    29.4  40.6  12:51pm  20.8   7:13am   36    0  0.04   1  13   5:16pm ESE 30.14   61
3    33.3  42.4   3:43pm  22.6   6:51am   32    0  0.08   4  30  10:49pm  SE 30.20   35
4    33.5  43.2   2:41am  26.2  10:38pm   32    0  0.00   5  26   3:42am NNW 29.98   39
5    30.3  38.1   1:02pm  23.9   6:27am   35    0  0.00   2  17   3:53pm NNW 30.10   44
6    33.0  40.6   1:12pm  25.2   4:01am   32    0  0.00   3  13   4:22pm  SE 30.21   41
7    39.0  49.8   1:21pm  28.0   6:51am   26    0  0.00   2  11   7:30pm  SE 30.21   37
8    38.6  44.2  11:35am  32.5  11:59pm   26    0  0.08   3  15   4:58pm NNW 30.02   60
9    36.8  47.8   4:26pm  28.2   6:41am   20    0  0.00   2  12   5:12pm  SE 30.17   51
10   42.3  52.3   1:54pm  32.7   6:59am    8    0  0.00   2  13   2:21pm NNW 30.28   37
11   47.9  58.5   1:49pm  37.9   4:47am    6    0  0.00   2  13   4:07pm  SE 30.20   33
12   45.3  52.9   5:01pm  39.4   4:24am    8    0  0.00   3  13   3:12pm  SE 30.07   36
13   42.8  47.8   5:20am  36.9   8:23am    9    0  0.31   5  28  10:23am SSE 29.85   55
14   38.2  45.0   5:02pm  34.3   6:16am   11    0  0.00   4  20  10:54pm SSE 29.84   54
15   33.7  38.5   8:20am  29.5   6:15am   13    0  0.00   2  20  12:30am NNW 29.77   62
16   32.7  42.8   4:30pm  26.2   7:09am   15    0  0.16   3  17   4:08pm   E 29.81   66
17   36.1  44.4   2:32pm  29.1   4:13am   15    0  0.00   4  14   2:13pm NNW 30.02   40
18   42.9  53.1   5:11pm  35.4   9:49am   11    0  0.00   4  22  10:09pm SSE 30.13   39
19   53.2  60.1   4:45pm  45.5   7:11am    6    0  0.00   6  30  10:29pm   S 30.01   27
20   44.6  54.7  12:30am  33.6   5:29am   10    0  0.24   4  33  12:20am NNW 30.03   50
21   41.9  47.7   4:51pm  34.2  11:47pm   10    0  0.00   3  15   1:23pm   N 30.20   41
22   35.7  44.6   4:39pm  28.0   7:21am   14    0  0.00   3  11   2:44pm  SE 30.34   36
23   45.1  56.3   5:43pm  29.5   4:56am    7    0  0.00   3  15   8:37pm   N 30.23   28
24   53.1  61.5  12:12pm  41.5   6:11am    4    0  0.00   3  15   2:01pm ESE 30.04   19
25   52.5  63.0   2:50pm  43.0   7:18am    5    0  0.00   3  15   5:36pm  SE 29.98   34
26   48.6  57.9   2:45pm  37.4   9:56pm    6    0  0.00   4  15   2:05am NNW 29.91   41
27   34.2  38.8   3:45am  27.7   7:48am   14    0  0.04   4  23   5:37am NNW 30.05   46
28   38.2  52.2   5:03pm  25.7   4:49am   12    0  0.00   5  26  10:53pm SSE 29.91   32
29   40.1  52.5   1:53am  32.0  10:57am   12    0  0.00   6  31   2:40am NNW 29.85   40
30   32.8  36.9   2:02am  28.8   7:43am   16    0  0.16   1   8   1:58am NNW 29.83   80
31   29.6  38.8   2:14pm  22.5   7:19am   17    0  0.00   4  25   3:39am  SE 30.06   56
---------------------------------------------------------------------------------------
TOT  38.3  63.0  3/25/08  20.8   3/2/08  484    0  1.14   4  41   3/1/08 NNW 30.06   45

HEAT BASE: 65.0
COOL BASE: 65.0