NOAA-Style Climate Reports


Report for 2008 April
                  MONTHLY CLIMATOLOGICAL SUMMARY FOR 4/2008
                                        HEAT  COOL        
     MEAN                               DEG   DEG       WIND SPEED       DOM MEAN  MEAN
DAY  TEMP  HIGH   TIME     LOW   TIME   DAYS  DAYS RAIN AVG  HI  TIME    DIR BAROM HUM
---------------------------------------------------------------------------------------
1    34.6  42.4   5:39pm  23.2   6:15am   15    0  0.12   3  15  10:29pm  SE 30.08   33
2    40.5  48.9   6:59pm  33.1   2:08am   12    0  0.04   2  14   2:41am  SE 29.98   59
3    40.3  47.7   5:32pm  31.3   6:50am   12    0  0.00   3  13   3:25pm   N 30.08   40
4    46.5  56.3   1:58pm  34.7   2:13am    6    0  0.00   4  22   8:04pm   E 30.02   25
5    42.7  48.7  12:00am  36.7  11:41pm   13    0  0.00   5  17   2:15pm SSE 29.86   34
6    43.2  51.4   2:31pm  35.8   5:14am   10    0  0.00   3  15   2:41pm SSE 29.89   37
7    39.1  46.9   4:39pm  33.3  11:58pm    9    0  0.16   3  15   4:51pm  NW 29.93   59
8    40.2  47.7   4:42pm  30.6   5:03am   10    0  0.00   2  11   1:46am  SE 29.86   44
9    36.6  41.2   1:32pm  32.4  10:22pm   12    0  0.04   3  21   1:57pm ENE 29.77   63
10   36.5  44.8   3:08pm  28.9   5:32am   11    0  0.00   3  19   1:30pm  NE 30.00   46
11   38.6  46.2   5:26pm  31.8   5:57am   11    0  0.00   3  18   2:04pm SSE 30.27   41
12   45.9  56.3   4:28pm  33.6   4:28am    8    0  0.00   3  11   1:28pm   N 30.33   30
13   55.0  66.4   5:03pm  40.8   5:48am    4    0  0.00   2  11   5:36pm NNW 30.25   28
14   65.1  76.6   5:03pm  50.2   4:14am    2    2  0.00   8  30  11:53pm   S 29.96   17
15   44.4  68.4  12:30am  28.4  10:47pm   10    0  0.00   7  42   4:56am   W 29.82   50
16   34.2  40.5   6:14pm  27.3   5:34am   16    0  0.04   5  20   1:46pm   E 30.06   43
17   42.7  51.8   5:46pm  31.6   6:35am   11    0  0.00   4  15  11:29pm  SE 30.15   31
18   53.5  69.8   5:33pm  40.6   4:55am    4    0  0.00   5  32  11:54pm SSE 29.97   24
19   63.9  71.2   3:41pm  55.8  11:13pm    1    0  0.00  13  35  10:30am SSE 29.68   14
20   40.9  56.5  12:00am  30.4  11:26pm    7    0  0.00   7  23  12:29pm ESE 29.79   31
21   38.5  49.5   5:22pm  29.5   6:02am    9    0  0.00   3  13   3:44pm ESE 29.99   24
22   50.0  60.8   3:44pm  39.6  12:57am    5    0  0.00   3  13   2:24pm  SE 29.97   22
23   52.6  59.5   2:20am  45.0  11:51am    4    0  0.00   5  25  12:35am NNW 29.83   33
24   38.8  50.7  12:00am  32.2   8:20am    9    0  0.55   5  20   3:42am SSE 30.03   62
25   46.1  56.8   6:00pm  36.3   2:20am    6    0  0.00   6  15   7:20am NNW 30.14   30
26   44.1  51.6   6:00pm  34.5   5:19am    7    0  0.00   2  14  12:49am ESE 30.29   25
27   48.7  63.0   6:04pm  38.5   4:43am    9    0  0.00   3  11   1:24pm  SE 30.32   23
28   61.0  74.8   5:24pm  45.9   6:04am    3    1  0.00   3  15  12:04pm  SE 30.11   15
29   67.7  73.8   3:29pm  51.6  11:59pm    0    1  0.00   9  26   3:17am NNW 29.78   13
30   43.1  57.0  12:00am  33.6   8:41pm    9    0  0.00   5  22   4:10pm NNW 29.77   42
---------------------------------------------------------------------------------------
TOT  45.6  76.6  4/14/08  23.2   4/1/08  247    5  0.94   4  42  4/15/08 NNW 30.01   35

HEAT BASE: 65.0
COOL BASE: 65.0