NOAA-Style Climate Reports


Report for 2008 May
                  MONTHLY CLIMATOLOGICAL SUMMARY FOR 5/2008
                                        HEAT  COOL        
     MEAN                               DEG   DEG       WIND SPEED       DOM MEAN  MEAN
DAY  TEMP  HIGH   TIME     LOW   TIME   DAYS  DAYS RAIN AVG  HI  TIME    DIR BAROM HUM
---------------------------------------------------------------------------------------
1    34.9  45.1   5:45pm  27.5   6:04am   12    0  0.04   3  17  12:30am  SE 29.99   56
2    41.8  53.4   7:13pm  33.6   4:08am    3    0  0.00   2   8   7:15pm  SE 30.09   36
3    50.8  60.6   4:08pm  39.9   6:52am    4    0  0.00   3  11   3:12pm  SE 30.03   24
4    57.4  68.9   4:58pm  45.1   4:41am    4    0  0.00   3  16   8:21pm  SE 29.98   25
5    62.3  73.0   4:20pm  50.2   3:51am    2    1  0.00   3  14   4:45pm NNW 29.98   24
6    64.1  71.8   2:19pm  53.4   6:58am    1    1  0.00   3  14   3:35pm  SE 29.91   23
7    54.2  61.3  12:30am  47.3   9:56am    3    0  0.16   4  19   9:17am SSE 29.87   48
8    52.0  60.4   5:02pm  44.2   6:46am    4    0  0.12   3  12  11:19am  SE 29.93   47
9    53.6  59.5   4:58pm  45.5  11:29pm    4    0  0.00   4  15   5:02am NNW 29.89   34
10   49.2  60.1   5:27pm  36.0   4:54am    6    0  0.00   3  12  12:40pm NNW 30.11   33
11   61.0  74.7   2:17pm  46.4   6:45am    2    1  0.00   5  26  10:03am   S 29.90   20
12   44.3  52.5  12:30am  36.9   4:35am    8    0  0.16   4  24   1:21am NNW 29.89   55
13   49.4  60.6   6:50pm  37.9   6:46am    6    0  0.00   4  15   3:10pm NNW 30.05   34
14   55.3  62.8   4:10pm  49.3   3:41am    4    0  0.00   2  13  10:35am NNW 30.13   35
15   61.2  70.5   6:51pm  53.6   4:53am    2    0  0.00   4  17   1:43pm ENE 30.22   33
16   64.1  75.2   6:42pm  51.3   5:07am    2    1  0.00   2  13   1:39pm NNW 30.28   29
17   70.4  81.1   7:08pm  57.6   3:10am    1    4  0.00   3  14   3:37pm  SE 30.23   25
18   74.3  88.2   7:01pm  61.3   6:01am    0    9  0.00   2  10   5:27pm  SE 30.10   21
19   75.2  85.1   6:24pm  62.8   5:43am    0    9  0.00   3  13   2:19pm  SE 30.05   22
20   75.5  87.6   4:46pm  63.0   5:18am    0    9  0.00   5  37   8:00pm SSE 29.89   20
21   49.0  65.8  12:00am  41.2   9:30am   15    0  0.31   3  17   1:49am NNW 29.70   55
22   42.2  49.6   5:08pm  37.6   7:46am   11    0  0.16   2  12  12:50am NNW 29.50   74
23   48.8  56.8   7:31pm  39.7  12:56am    7    0  0.00   3  19  10:48pm SSE 29.60   53
24   53.8  64.0   6:58pm  47.5  12:33am    5    0  0.00   6  25  10:35pm SSE 29.84   38
25   56.9  66.7   7:02pm  47.7   6:54am    4    0  0.00   2  15  12:30am NNW 29.87   34
26   51.1  57.6  12:40am  45.3  10:35am    6    0  0.47   3  30   5:40pm SSE 29.84   61
27   60.5  70.7   5:06pm  50.7  12:31am    2    0  0.00   2  15  10:52pm NNW 29.96   34
28   65.5  72.7   5:19pm  53.4   3:46am    1    1  0.00   6  23   1:33pm SSE 29.93   23
29   57.2  65.8   3:21pm  48.9   5:22am    4    0  0.00   4  22   9:59am SSE 30.00   40
30   60.1  70.3   3:43pm  48.2   4:48am    3    0  0.00   2  12   5:13pm NNW 30.09   35
31   66.5  78.8   4:37pm  53.4   4:54am    1    2  0.00   3  13   1:55pm  SE 30.05   26
---------------------------------------------------------------------------------------
TOT  58.9  88.2  5/18/08  27.5   5/1/08  128   39  1.42   3  37  5/20/08  SE 29.96   35

HEAT BASE: 65.0
COOL BASE: 65.0