NOAA-Style Climate Reports


Report for 2008 June
                  MONTHLY CLIMATOLOGICAL SUMMARY FOR 6/2008
                                        HEAT  COOL        
     MEAN                               DEG   DEG       WIND SPEED       DOM MEAN  MEAN
DAY  TEMP  HIGH   TIME     LOW   TIME   DAYS  DAYS RAIN AVG  HI  TIME    DIR BAROM HUM
---------------------------------------------------------------------------------------
1    71.4  81.5   3:34pm  58.6   6:33am    0    3  0.00   5  20  11:37am NNW 29.97   19
2    65.4  75.4   6:42pm  55.2   4:28am    1    1  0.00   3  10   4:46pm NNW 29.98   36
3    60.7  69.6  12:47pm  52.7   5:33am    2    0  0.00   2  16  12:29pm NNW 29.88   40
4    49.2  55.8  12:30am  45.9   9:51am   11    0  0.55   2  11   6:21am   N 29.68   75
5    53.2  64.2   5:57pm  45.7   7:33am    4    0  0.43   2  21   9:11pm   N 29.82   66
6    57.1  61.7  11:34am  52.0  11:53pm    2    0  0.00   2  19  10:55am   N 29.84   38
7    52.1  61.0   6:20pm  43.7   5:01am    4    0  0.00   4  13   3:11pm   N 29.97   43
8    55.4  65.5   5:54pm  43.5   4:37am    3    0  0.00   3  13   1:55pm  SE 30.10   29
9    66.7  77.2   4:59pm  49.5   5:17am    1    1  0.00   6  23  10:22pm SSE 30.01   19
10   62.0  72.5  12:30am  45.9  10:59pm    2    1  0.00   5  23   5:03am  SE 29.86   29
11   50.0  61.9   5:52pm  39.0   5:29am    5    0  0.00   3  13   5:16am   N 30.00   39
12   56.7  66.7   7:30pm  46.4   4:50am    3    0  0.00   4  15   1:38am  SE 30.11   31
13   65.9  77.4   6:15pm  50.9   2:56am    1    1  0.00   3  17  11:46pm SSE 30.18   24
14   77.4  86.7   4:56pm  59.0   5:48am    0    6  0.00   4  17  12:00am  SE 30.08   13
15   73.8  87.1   6:24pm  60.4   5:32am    0    7  0.00   2  11  12:11am  SE 30.03   19
16   76.8  88.7   6:01pm  64.0   3:07am    0    4  0.00   2  10   2:43pm  SE 30.03   18
17   80.7  91.0   4:35pm  67.1   5:18am    0    6  0.00   3  22  10:08pm ESE 30.07   16
18   76.1  85.1   5:37pm  65.7   4:15am    0    4  0.00   3  13  12:30am  SE 30.09   19
19   73.9  82.0   5:03pm  61.7   4:59am    0    3  0.00   2  13   2:51pm  SE 30.15   18
20   76.8  88.3   5:20pm  61.7   5:43am    0    4  0.00   3  14  11:38pm  SE 30.20   15
21   82.7  93.0   4:53pm  68.2   4:08am    0    6  0.00   4  17   8:08pm  SE 30.17   12
22   79.3  87.1   5:17pm  67.1   4:59am    0    5  0.00   3  14  12:46am ESE 30.10   19
23   79.9  89.4   5:36pm  68.4   5:53am    0    5  0.00   3  14  10:41pm  SE 30.05   21
24   79.8  89.4   6:17pm  69.6   5:55am    0    6  0.00   3  12   1:01am  SE 30.04   20
25   82.4  92.5   5:18pm  68.2   7:11am    0   17  0.00   5  26  11:40pm  SE 30.01   14
26   82.2  90.3   3:44pm  70.0  11:58pm    0   17  0.00   6  24   1:06am SSE 30.01   11
27   74.7  84.4   6:53pm  64.4   6:01am    0   10  0.00   2   9  12:46am  SE 30.10   21
28   79.8  90.0   6:25pm  68.0   6:50am    0   15  0.00   3  15  11:07pm  SE 30.16   19
29   82.4  94.1   3:46pm  68.9   6:59am    0   17  0.00   2  15   4:43am SSE 30.17   18
30   84.4  95.5   2:04pm  68.4   6:35am    0   19  0.00   3  23  11:46pm  SE 30.13   16
---------------------------------------------------------------------------------------
TOT  72.9  95.5  6/30/08  39.0  6/11/08   39  160  0.94   3  26  6/25/08  SE 30.04   24

HEAT BASE: 65.0
COOL BASE: 65.0