NOAA-Style Climate Reports


Report for 2008 July
                  MONTHLY CLIMATOLOGICAL SUMMARY FOR 7/2008
                                        HEAT  COOL        
     MEAN                               DEG   DEG       WIND SPEED       DOM MEAN  MEAN
DAY  TEMP  HIGH   TIME     LOW   TIME   DAYS  DAYS RAIN AVG  HI  TIME    DIR BAROM HUM
---------------------------------------------------------------------------------------
1    85.7  94.6   6:00pm  77.9  11:21pm    0   21  0.00   5  20   3:14am  SE 30.05   14
2    81.0  90.7   7:01pm  67.8   6:43am    0   16  0.00   3  13  11:22pm  SE 30.05   21
3    85.2  96.8   5:40pm  69.3   6:19am    0   20  0.00   3  16   1:47am  SE 30.04   16
4    87.9  94.6   4:34pm  78.8   4:35am    0   23  0.00   8  25   9:24pm SSE 29.99   11
5    82.3  91.6   6:09pm  69.4   5:55am    0   17  0.00   3  15  10:44pm  SE 30.00   17
6    77.1  85.3   1:37pm  67.5   6:59am    0   12  0.00   2  11   1:59pm  SE 29.99   24
7    78.0  87.1   6:03pm  66.0   6:56am    0   13  0.00   3  13   4:31pm  SE 30.06   23
8    77.1  88.0   6:39pm  64.2   5:55am    0   12  0.00   2   9   1:42pm NNW 30.10   19
9    78.2  90.3   7:13pm  64.9   6:31am    0   13  0.00   2   9   2:48pm  SE 30.09   19
10   82.1  93.0   6:45pm  67.1   5:58am    0   17  0.00   3  17  11:48pm  SE 30.02   14
11   78.0  85.3   4:22pm  67.1   6:56am    0   13  0.00   3  18   1:20am NNW 30.05   16
12   75.3  87.4   6:32pm  61.3   6:56am    0   10  0.00   2   9   2:51pm  SE 30.16   18
13   77.3  88.7   4:54pm  65.1   6:33am    0   12  0.00   2   8   1:56pm  SE 30.13   17
14   78.9  90.0   6:21pm  66.6   6:00am    0   14  0.00   2   8  12:28pm  SE 30.09   14
15   80.2  91.0   2:42pm  67.1   7:03am    0   15  0.00   2  11  10:46pm  SE 30.10   14
16   79.7  89.1   3:26pm  72.0   7:48am    0   15  0.00   4  29   9:46pm SSE 30.13   24
17   79.5  90.9   7:18pm  65.1   5:57am    0   14  0.00   3  11  10:50pm  SE 30.11   22
18   83.2  92.1   6:25pm  71.4   6:32am    0   18  0.00   3  13   2:07am  SE 30.03   15
19   81.0  94.6   6:36pm  66.6   5:41am    0   16  0.00   3  17  10:22pm  SE 30.02   16
20   84.9  95.4   1:52pm  76.5  11:36pm    0   20  0.00   6  31   1:25am  SE 30.04   16
21   76.0  86.7   6:43pm  68.7   7:53am    0   11  0.00   3  28  12:25am  SE 30.09   39
22   79.1  89.8   6:40pm  69.3   5:45am    0   14  0.00   2  17  11:04pm  SE 30.02   34
23   78.8  90.1   7:06pm  65.5   5:24am    0   14  0.16   2  15  12:24am  SE 30.05   37
24   84.3  93.4   4:46pm  71.8   7:04am    0   19  0.00   3  11   1:28pm  SE 30.05   18
25   87.3  96.6   2:39pm  72.3   6:37am    0   22  0.00   5  17   7:57am  SE 30.05   12
26   87.7  96.3   6:32pm  79.2   2:05am    0   23  0.00   7  23   9:02pm SSE 30.04   14
27   81.3  93.2   2:38pm  67.1  11:06pm    0   16  0.00   6  33   9:55pm SSE 30.02   26
28   78.7  90.0   6:51pm  66.0   1:24am    0   14  0.00   2  15  11:35pm  SE 30.07   28
29   83.5  94.8   5:13pm  74.5   6:15am    0   19  0.00   5  23  11:04pm  SE 30.07   16
30   80.8  90.1   1:48pm  68.2   7:21am    0   16  0.00   3  19  12:47am  SE 30.03   20
31   80.5  92.3   6:52pm  66.2   6:45am    0   16  0.00   2  11  10:52pm  SE 30.03   19
---------------------------------------------------------------------------------------
TOT  81.0  96.8   7/3/08  61.3  7/12/08    0  496  0.16   3  33  7/27/08  SE 30.05   20

HEAT BASE: 65.0
COOL BASE: 65.0