NOAA-Style Climate Reports


Report for 2008 August
                  MONTHLY CLIMATOLOGICAL SUMMARY FOR 8/2008
                                        HEAT  COOL        
     MEAN                               DEG   DEG       WIND SPEED       DOM MEAN  MEAN
DAY  TEMP  HIGH   TIME     LOW   TIME   DAYS  DAYS RAIN AVG  HI  TIME    DIR BAROM HUM
---------------------------------------------------------------------------------------
1    88.3  96.4   5:12pm  79.2   1:48am    0   23  0.00   7  24  10:10am SSE 29.98   11
2    83.7  92.5   5:36pm  68.7   7:01am    0   19  0.00   3  19  12:42am NNW 29.97   17
3    81.6  91.8   3:54pm  68.7   6:18am    0   17  0.00   2  10   1:07am  SE 29.99   17
4    82.7  92.8   6:03pm  70.0   2:57am    0   18  0.00   2   9  12:45pm  SE 30.05   14
5    78.0  84.4  11:13am  71.8   9:33pm    0   13  0.00   2  21   1:48am SSE 30.11   23
6    78.2  88.7   4:15pm  67.6   5:40am    0   13  0.00   2  13   9:50pm SSE 30.14   29
7    78.9  88.0   2:27pm  68.5   6:11am    0   14  0.00   3  15   6:46pm  SE 30.08   32
8    76.7  86.2   3:33pm  68.0  11:04am    0   12  0.00   3  17  10:12am  SE 30.04   36
9    79.1  90.7   5:55pm  67.6   7:22am    0   14  0.00   4  23   9:06pm  SE 30.04   28
10   77.5  87.8   5:28pm  66.9   5:00am    0   13  0.00   4  26   6:32am  SE 30.05   27
11   72.5  81.7   6:23pm  60.8   7:24am    0    8  0.00   2  10   3:34pm  SE 30.10   25
12   75.7  87.4   6:26pm  62.1   6:41am    0   11  0.00   2   8   1:05pm  SE 30.07   17
13   78.7  89.1   2:53pm  65.3   7:18am    0   14  0.00   2  15  11:09pm  SE 30.06   17
14   78.6  87.4   6:16pm  65.3   7:01am    0   14  0.00   3  13  11:43pm  NW 30.09   17
15   73.4  80.6   4:09pm  65.5   7:19am    0    8  0.00   4  17   9:32pm  NW 30.11   21
16   69.6  78.6   4:55pm  57.4   6:28am    0    5  0.00   3  17   7:37am NNW 30.11   23
17   73.3  83.5   6:37pm  60.1   6:59am    0    9  0.00   2  11   2:52am NNW 30.07   23
18   80.3  91.2   6:11pm  66.6   6:31am    0   15  0.00   3  20  11:28pm  SE 30.02   17
19   83.2  90.1   6:18pm  72.3  11:59pm    0   18  0.00   8  24   6:54am SSE 29.95   12
20   77.0  86.0   6:26pm  66.0   4:08am    0   12  0.00   3  15  12:56am  SE 29.96   18
21   81.0  90.1   6:25pm  69.1   3:44am    0   16  0.00   4  18   2:48am SSE 29.91   13
22   72.5  83.1   6:46pm  60.4   7:34am    0    8  0.00   2   9   4:23pm NNW 30.07   26
23   77.8  90.1   6:23pm  63.7   7:24am    0   13  0.00   2  10   2:41pm  SE 30.09   22
24   83.2  94.5   2:55pm  69.8   7:19am    0   18  0.00   3  15   9:48pm  SE 30.07   16
25   84.4  93.6   6:21pm  73.8   2:41am    0   19  0.00   7  30   8:50pm SSE 29.97   12
26   74.7  81.9  12:00am  65.7  10:56pm    0   10  0.00   6  31  12:10am NNW 29.99   22
27   70.5  80.2   6:34pm  58.8   6:40am    1    7  0.00   2  10   1:18pm  SE 30.07   21
28   70.2  79.7   4:17pm  60.3   5:43am    1    6  0.00   2  10   4:32pm NNW 30.12   20
29   73.1  85.1   6:52pm  60.4   7:40am    1    9  0.00   2   9   3:58pm  SE 30.09   21
30   79.9  93.6   4:17pm  66.7   6:03am    0   15  0.00   5  25  10:52pm  SE 29.90   15
31   69.1  81.9   3:44pm  52.3   9:51pm    3    7  1.02   8  28  11:23am SSE 29.82   41
---------------------------------------------------------------------------------------
TOT  77.5  96.4   8/1/08  52.3  8/31/08    6  394  1.02   3  31  8/26/08  SE 30.03   21

HEAT BASE: 65.0
COOL BASE: 65.0