NOAA-Style Climate Reports


Report for 2008 September
                  MONTHLY CLIMATOLOGICAL SUMMARY FOR 9/2008
                                        HEAT  COOL        
     MEAN                               DEG   DEG       WIND SPEED       DOM MEAN  MEAN
DAY  TEMP  HIGH   TIME     LOW   TIME   DAYS  DAYS RAIN AVG  HI  TIME    DIR BAROM HUM
---------------------------------------------------------------------------------------
1    54.0  60.4   6:17pm  43.7  12:12pm   11    0  0.12   4  26   9:22am  SE 30.01   50
2    57.2  67.3   5:59pm  46.6   4:12am    8    0  0.00   2  11   3:27pm  SE 30.19   32
3    62.3  71.4   3:26pm  51.8   6:43am    4    2  0.00   2  10  12:58pm  SE 30.12   29
4    65.9  77.0   6:14pm  54.5   7:54am    3    4  0.00   2  11   2:15pm  NW 30.06   21
5    63.2  71.4   6:06pm  54.5   5:49am    3    1  0.00   2  10   2:32pm SSE 30.10   24
6    63.3  70.7   7:41pm  55.9   3:55am    2    1  0.00   1  11   9:48pm  SE 30.09   25
7    70.7  81.3   6:24pm  57.6   7:41am    1    6  0.00   2  11   2:16am  SE 30.06   22
8    70.4  81.0   5:49pm  57.9   6:33am    1    6  0.00   2   8   3:07pm  SE 30.04   24
9    71.7  79.9  11:06am  62.2  11:59pm    0    7  0.00   4  20   5:55am SSE 29.95   25
10   63.3  71.4   4:50pm  59.2   2:51am    2    1  0.00   3  17   4:43am  SE 29.95   46
11   60.4  68.0   3:47pm  53.6   7:38am    5    0  0.00   3  19   6:36pm  SE 30.03   35
12   62.0  72.3   6:24pm  49.6   7:18am    5    2  0.00   2  11   2:47pm  SE 30.06   29
13   67.2  77.2   6:15pm  55.4   7:11am    2    4  0.00   2   9   4:00pm  SE 30.08   21
14   68.3  78.3   2:51pm  56.8   7:04am    1    4  0.00   2  10   4:06pm  SE 30.19   20
15   69.4  81.1   5:47pm  57.7   6:44am    1    6  0.00   2   7   3:02pm  SE 30.24   19
16   72.1  83.3   2:19pm  59.4   5:34am    1    8  0.00   2  11  11:47pm  SE 30.20   20
17   72.6  82.8   1:07pm  62.1   6:40am    0    8  0.00   3  18   5:07pm  SE 30.16   18
18   70.9  80.1   6:19pm  60.3   8:13am    1    6  0.00   2  12   9:37pm  SE 30.13   22
19   71.2  82.8   2:51pm  59.2   7:41am    0    7  0.00   3  16   7:34pm  SE 30.10   23
20   70.5  75.7   2:43pm  57.9  11:59pm    0    6  0.00   3  31   3:29pm  SE 29.99   27
21   61.9  71.1   5:26pm  53.6   7:34am    4    1  0.00   2   9   5:29pm SSE 29.99   45
22   57.0  63.0   2:59pm  47.3   9:27am    8    0  0.20   2  15   6:14am  SE 30.07   42
23   58.8  69.4   5:49pm  50.0   6:44am    7    1  0.00   2   8   4:13pm  SE 30.22   29
24   65.7  79.5   3:17pm  50.9   7:24am    4    5  0.00   2  15  11:44pm  SE 30.18   22
25   76.6  84.4   2:22pm  71.4   7:30am    0   12  0.00   4  20  10:45am  SE 30.12   12
26   70.5  81.1   5:44pm  60.8   7:28am    0    6  0.00   2   9   1:32am  SE 30.16   21
27   71.2  82.6   4:54pm  60.4   7:18am    0    7  0.00   2   9  11:31am  SE 30.17   20
28   70.5  81.1   5:23pm  61.2   7:03am    1    6  0.00   1   6  12:28pm  SE 30.22   24
29   70.4  82.0   5:20pm  58.8   7:29am    1    6  0.00   1   7   1:59pm  SE 30.24   25
30   72.0  82.6   3:39pm  61.0   8:23am    0    7  0.00   2   8   4:11pm  SE 30.26   23
---------------------------------------------------------------------------------------
TOT  66.7  84.4  9/25/08  43.7   9/1/08   77  129  0.31   2  31  9/20/08  SE 30.12   27

HEAT BASE: 65.0
COOL BASE: 65.0