NOAA-Style Climate Reports


Report for 2008 October
                  MONTHLY CLIMATOLOGICAL SUMMARY FOR 10/2008
                                        HEAT  COOL        
     MEAN                               DEG   DEG       WIND SPEED       DOM MEAN  MEAN
DAY  TEMP  HIGH   TIME     LOW   TIME   DAYS  DAYS RAIN AVG  HI  TIME    DIR BAROM HUM
---------------------------------------------------------------------------------------
1    71.5  81.5   5:45pm  61.2   5:58am    0    7  0.00   2  13   8:48pm  SE 30.21   24
2    69.0  79.2   2:37pm  59.4   8:05am    1    5  0.00   2  15   9:10pm  SE 30.04   24
3    66.2  73.8   2:03pm  58.5   5:11am    2    3  0.00   2  15   3:34pm  SE 29.92   32
4    54.5  68.5  12:00am  46.8  10:38pm   11    0  0.47   4  26   4:48am SSE 29.79   64
5    50.4  58.5   5:40pm  44.2   8:26am   15    0  0.55   3  13  10:45am  SE 29.95   62
6    54.3  62.4   5:19pm  46.8   7:40am   11    0  0.00   2  10  12:53pm  SE 30.19   45
7    60.3  72.0   5:21pm  46.9   7:21am    6    1  0.00   2  15   8:52pm  SE 30.25   34
8    60.3  67.5   4:44pm  51.8   7:52am    5    0  0.00   2  10   4:05am SSE 30.12   34
9    51.4  60.6   2:08pm  40.6  11:29pm   14    0  0.00   2  11   6:55pm NNW 29.86   45
10   39.6  45.5   2:54pm  32.7   8:16am   25    0  0.00   3  13  10:30pm NNW 29.83   40
11   36.4  43.2   2:23pm  30.9  11:52pm   29    0  0.00   4  24   2:00pm SSE 29.68   64
12   32.8  42.1   1:16pm  28.9   9:41pm   23    0  0.00   2   8   2:26am  SE 30.08   79
13   35.9  44.2   3:45pm  29.8   6:09am   29    0  0.31   1  11   1:30pm  NW 30.35   60
14   42.4  52.7   4:49pm  32.9   4:10am   23    0  0.00   2   8   3:03pm  SE 30.29   50
15   51.6  65.8   5:21pm  39.7   5:15am   13    0  0.00   2  13   3:05pm  NW 30.19   43
16   55.2  65.8   5:04pm  43.7   7:26am   10    0  0.00   1   8   1:31pm  SE 30.25   33
17   58.6  70.0   4:48pm  47.5   8:43am    7    1  0.00   2   8   7:37pm  SE 30.31   29
18   63.0  74.5   3:17pm  52.5   5:10am    4    2  0.00   3  18   1:23pm  SE 30.15   23
19   60.4  68.7   5:07pm  51.8   8:08am    5    1  0.00   2   6   1:08pm  SE 30.13   26
20   62.0  69.6  12:47pm  54.1   6:22am    4    1  0.00   3  19  11:34am SSE 30.11   26
21   48.6  59.0  12:00am  37.4  10:42pm   16    0  0.00   2  15  10:48am NNW 30.24   30
22   39.9  48.6   2:57pm  32.7   7:35am   25    0  0.00   1   9  12:42pm  SE 30.43   33
23   44.0  57.9   5:43pm  33.3   7:19am   21    0  0.00   1   8   1:14pm  NW 30.25   31
24   48.4  59.7   2:57pm  38.8   7:36am   17    0  0.00   1   8   7:14pm  SE 30.20   28
25   55.3  67.8   4:47pm  45.1   4:18am   10    0  0.00   1   8   3:19pm  SE 30.23   23
26   53.3  63.7   3:29pm  43.9   6:18am    5    0  0.00   1   6  11:27am   N 30.35   31
27   55.5  70.2   3:14pm  47.5   7:58am    4    0  0.00   1   7   1:48pm  NW 30.38   31
28   57.6  70.7   1:55pm  48.6   6:16am    3    0  0.00   1   6  11:51am  NW 30.33   28
29   59.5  69.1   3:18pm  51.4   6:39am    2    0  0.00   2   8   9:18am   N 30.19   24
30   62.3  74.8   3:18pm  49.3   7:06am    2    1  0.00   2  11  12:54pm   N 30.18   20
31   65.5  69.8   4:35pm  56.7   9:36pm    0    1  0.08   2  18   9:51pm  SE 30.29   23
---------------------------------------------------------------------------------------
TOT  53.2  81.5  10/1/08  28.9 10/12/08  341   23  1.42   2  26  10/4/08  SE 30.14   38

HEAT BASE: 65.0
COOL BASE: 65.0