NOAA-Style Climate Reports


Report for 2008 November
                  MONTHLY CLIMATOLOGICAL SUMMARY FOR 11/2008
                                        HEAT  COOL        
     MEAN                               DEG   DEG       WIND SPEED       DOM MEAN  MEAN
DAY  TEMP  HIGH   TIME     LOW   TIME   DAYS  DAYS RAIN AVG  HI  TIME    DIR BAROM HUM
---------------------------------------------------------------------------------------
1    64.7  70.3   3:43pm  58.5  12:05am    1    0  0.04   3  20  12:44am   S 30.20   31
2    51.8  64.2  12:30am  42.3   2:11pm    6    0  0.39   4  38   8:12am SSE 29.99   61
3    50.2  55.8   9:07pm  42.4   3:05am    6    0  0.00   1   8   6:33pm   N 29.93   46
4    42.1  55.2  12:30am  32.2  10:20pm    9    0  0.31   2  20   7:48am   N 29.79   64
5    31.5  37.4  11:05am  27.0  11:59pm   12    0  0.04   1   8   9:46am SSE 30.06   72
6    34.5  43.7   3:19pm  25.9   2:19am   12    0  0.08   1   8  12:28pm   N 30.31   45
7    40.1  45.1   3:18pm  35.2   1:27am    9    0  0.35   1   6   2:11am  SE 30.34   53
8    44.4  56.5   3:14pm  37.4   6:27am    9    0  0.08   1   6  12:27pm   N 30.11   57
9    48.3  53.1   3:04pm  43.0   7:44am    6    0  0.04   2  13   7:03am  SE 29.75   46
10   40.3  43.0  12:30am  39.0   7:38am   10    0  0.39   1   7  12:03am   N 29.89   88
11   41.2  46.4  12:03pm  37.9   9:45pm    8    0  0.00   1   8   7:00pm  SE 30.09   66
12   44.2  51.4   8:01pm  39.2  12:04am    8    0  0.04   2  10  10:36am  SE 30.15   67
13   49.9  56.7  12:20pm  42.8  10:57pm    6    0  0.00   1  13   6:22am  NW 30.08   47
14   39.9  47.1   3:06pm  34.0   7:52am   10    0  0.00   2   9  12:30am   N 30.34   42
15   38.0  48.0   3:28pm  32.0   7:09am   11    0  0.00   1   8   1:43pm   N 30.44   42
16   44.1  56.8   2:00pm  36.0   8:07am    8    0  0.00   1   6  11:27am   N 30.35   41
17   46.8  58.8   3:18pm  39.7   8:02am    8    0  0.00   0   5   1:44pm  NW 30.39   43
18   50.1  61.3   3:18pm  41.9   6:07am    6    0  0.00   0   6   2:06pm  NW 30.30   37
19   49.4  60.4   2:51pm  43.3   7:38am    6    0  0.00   0   6  12:50pm   N 30.21   40
20   50.3  57.7   7:53pm  42.3   4:58am    6    0  0.00   1  23   7:34pm  SE 30.13   33
21   40.1  47.3   4:20pm  33.3  11:53pm   11    0  0.00   1   8   1:59am   N 30.23   39
22   38.7  50.4   2:24pm  32.2   7:18am    9    0  0.00   1   8   1:47pm  NW 30.12   41
23   39.3  48.0   3:18pm  32.9   5:18am   10    0  0.00   1   7   1:45pm  SE 30.20   48
24   37.4  50.7   2:28pm  31.1   6:46am   11    0  0.00   1   7  12:21pm   N 30.28   42
25   41.6  52.2   2:52pm  34.5   2:43am    9    0  0.00   1   6   6:27am   N 30.17   41
26   42.6  52.0   1:19pm  37.0   3:14am   10    0  0.00   1   6  12:42pm   E 30.06   44
27   43.2  48.7   1:28pm  37.4   9:58pm    8    0  0.00   0   6   2:44pm  SE 30.00   61
28   39.7  45.5   3:14pm  36.5  10:48pm   10    0  0.04   1   8   3:10pm NNW 30.10   67
29   41.4  45.0  11:42pm  36.5  12:31am    9    0  0.00   0   8  12:03pm   N 30.19   49
30   45.3  53.4   3:10pm  43.9   3:43am    4    0  0.00   1   6  11:41pm WSW 30.24   58
---------------------------------------------------------------------------------------
TOT  43.6  70.3  11/1/08  25.9  11/6/08  246    0  1.81   1  38  11/2/08  SE 30.15   50

HEAT BASE: 65.0
COOL BASE: 65.0