NOAA-Style Climate Reports


Report for 2008 December
                  MONTHLY CLIMATOLOGICAL SUMMARY FOR 12/2008
                                        HEAT  COOL        
     MEAN                               DEG   DEG       WIND SPEED       DOM MEAN  MEAN
DAY  TEMP  HIGH   TIME     LOW   TIME   DAYS  DAYS RAIN AVG  HI  TIME    DIR BAROM HUM
---------------------------------------------------------------------------------------
1    48.2  57.6   3:33pm  40.6   5:48am   17    0  0.00   1   6  12:12am  SE 30.16   47
2    47.9  58.3   5:09am  37.9  11:28pm   17    0  0.00   2  20   5:47am NNW 29.99   43
3    39.5  42.8   4:17pm  37.6   7:40am   25    0  0.00   2   8  11:11pm  SE 30.15   48
4    36.4  40.5  11:19am  30.0  10:31pm   29    0  0.04   2  12   3:59pm SSE 30.16   52
5    33.4  41.5   3:09pm  27.0   4:49am   32    0  0.00   1   7   1:55pm  SE 30.31   43
6    36.9  46.8   3:11pm  30.2   7:18am   28    0  0.00   1   6   2:04pm NNW 30.27   38
7    41.1  48.9  11:41am  34.3   6:29am   24    0  0.00   2   8   9:55pm  SE 30.02   35
8    32.8  41.7   2:38am  23.5  11:58pm   32    0  0.00   1   9   2:23am  SE 29.86   77
9    27.9  36.9   1:49pm  21.2   7:53am   37    0  0.00   1   6   8:48pm SSE 30.27   50
10   32.5  43.2   1:30pm  25.7   7:42am   32    0  0.04   1   8   1:32am  SE 30.39   42
11   33.9  44.1   1:13pm  27.7   7:17am   31    0  0.04   1   6   2:42pm NNW 30.27   44
12   38.1  47.3   9:44pm  32.2  12:37am   27    0  0.04   3  31   9:14pm SSE 29.88   47
13   30.6  46.6  12:00am  18.7  10:54pm   34    0  0.00   4  37   5:02am  SE 29.50   63
14   23.3  31.1   1:25pm  19.6   2:39am   42    0  0.00   6  25   7:52pm SSE 29.77   60
15   27.1  30.0   8:36pm  24.1  12:00am   38    0  0.00   9  23   4:37am SSE 29.81   42
16   25.6  33.6  12:57pm  20.5  11:49pm   39    0  0.00   2  11   3:11am  SE 29.84   62
17   24.3  32.2   2:17pm  19.6   5:47am   41    0  0.00   2   9   7:06am  SE 29.96   48
18   27.0  33.6  11:40pm  20.7   7:55am   38    0  0.00   6  31  10:36pm SSE 29.84   50
19   26.2  33.6  12:08am  19.4   9:03pm   39    0  0.00  11  38   6:14am SSE 29.92   60
20   22.3  29.1   2:22pm  16.9   3:59am   42    0  0.00   4  15   8:45am  SE 30.13   50
21   28.4  39.7  10:47pm  21.4   4:01am   37    0  0.00   3  33  11:04pm  SE 30.05   45
22   32.9  41.0   6:58am  21.7  11:17pm   32    0  0.04   9  36   5:42am SSE 29.60   69
23   23.9  28.6   2:40pm  20.8  11:32pm   41    0  0.00   1  11  11:11pm  SE 29.75   63
24   28.8  33.8   8:11pm  21.2  12:00am   36    0  0.00  13  30   9:45pm SSE 29.90   43
25   34.2  40.5   5:14pm  21.2  11:55pm   31    0  0.04  18  39   9:14am SSE 29.52   62
26   18.1  21.2  12:00am  12.2  11:55pm   47    0  0.00   2  13   2:29pm  SW 29.82   82
27   20.3  29.1   1:44pm  12.0  12:00am   45    0  0.00   2  13   3:05pm  SW 30.15   61
28   32.2  39.0  11:36am  24.6   2:20am   33    0  0.00   1   8   4:19pm ENE 30.21   58
29   42.0  52.3   6:05pm  33.4  12:46am   23    0  0.20   6  26   4:58pm SSE 30.13   44
30   35.0  48.9  12:00am  27.5   5:43am   30    0  0.00   1  19  12:08am  SE 30.18   54
31   31.5  39.4  10:51am  25.9   5:04am   33    0  0.00   1  11  11:15am  SE 30.09   53
---------------------------------------------------------------------------------------
TOT  31.7  58.3  12/2/08  12.0 12/27/08 1031    0  0.43   4  39 12/25/08 SSE 30.00   53

HEAT BASE: 65.0
COOL BASE: 65.0