NOAA-Style Climate Reports


Report for 2009 January
                  MONTHLY CLIMATOLOGICAL SUMMARY FOR 1/2009
                                        HEAT  COOL        
     MEAN                               DEG   DEG       WIND SPEED       DOM MEAN  MEAN
DAY  TEMP  HIGH   TIME     LOW   TIME   DAYS  DAYS RAIN AVG  HI  TIME    DIR BAROM HUM
---------------------------------------------------------------------------------------
1    43.3  50.0   9:37pm  30.0  12:20am   22    0  0.00   4  24  11:04am  SE 29.98   34
2    44.8  51.1  12:35pm  26.8  11:51pm   20    0  0.00   3  31   1:56pm SSE 29.73   46
3    21.3  28.6   1:28pm  12.6  11:13pm   44    0  0.00   0   4  10:05pm SSE 29.99   58
4    13.7  22.3   1:51pm   8.6   7:37am   51    0  0.00   1   6  11:33am NNW 30.15   45
5    17.6  23.0   7:32pm   8.8  12:00am   47    0  0.00   1  13  10:21am ESE 29.94   61
6    30.4  38.1  11:36pm  22.8  12:00am   35    0  0.00   1   9   8:13pm  SW 30.00   83
7    43.6  52.3  12:39pm  36.0  12:46am   21    0  0.75   2   8  12:58pm  SE 30.09   47
8    45.4  55.4   3:57pm  32.4  11:47pm   20    0  0.00   5  27   3:16pm SSE 30.00   43
9    31.6  39.9   2:53pm  25.7  10:43pm   33    0  0.00   0   0  12:00am   N 30.26   75
10   30.2  38.3  11:00am  23.4   7:07am   35    0  0.04   0   6   2:24pm  SE 30.47   53
11   36.7  43.0   4:38pm  31.1  12:31am   28    0  0.08   1   8   6:26am  SE 30.40   46
12   38.3  40.1   2:11pm  36.1   6:04am   23    0  0.00   1   8  12:16pm   S 30.39   55
13   41.0  47.5  11:43am  35.1  10:49pm   24    0  0.00   2   9   1:15pm  SE 30.36   49
14   39.0  48.9   4:03pm  32.7  11:52pm   26    0  0.00   1   6   1:13pm  SE 30.32   39
15   33.6  42.3   2:43pm  28.0   7:40am   31    0  0.00   1   6   1:01pm NNW 30.36   45
16   32.6  41.2   1:48pm  26.6   7:45am   32    0  0.00   0   6  12:50pm  NW 30.43   53
17   30.0  38.1   1:44pm  26.1  11:04pm   35    0  0.00   1   6   1:07pm NNW 30.41   60
18   28.2  37.2   1:35pm  22.8   7:53am   37    0  0.00   1   7   2:27pm  NW 30.50   65
19   28.6  36.9   2:12pm  22.5   8:01am   36    0  0.00   1   6   2:22pm  NW 30.44   60
20   29.5  40.1   2:19pm  23.7   7:57am   35    0  0.00   1   8   5:48pm  NW 30.33   59
21   32.0  40.5  12:02pm  25.3   3:43am   33    0  0.00   1   8   9:51pm  NW 30.19   53
22   35.8  46.6  10:05am  30.0   5:43am   29    0  0.04   1   8   7:40am NNW 30.05   63
23   40.3  47.3   4:14pm  32.0  12:14am   25    0  0.43   1  13   1:45am  SE 30.11   89
24   41.5  47.3  12:06pm  36.9  12:59pm   23    0  0.51   4  28  11:19am SSE 29.97   77
25   34.2  40.8  12:45am  27.3  11:54pm   31    0  0.20   1  13   7:09am   S 29.75   90
26   21.7  27.3  12:00am  15.4  11:57pm   43    0  0.00   0   0  12:00am   N 29.89   90
27   18.3  27.1  11:24am  10.8   6:10am   47    0  0.00   0   6   3:48pm  SW 30.25   66
28   28.9  36.0   4:23pm  20.1  12:36am   36    0  0.00   2  12   4:40am  SW 30.24   59
29   31.2  41.0   1:53pm  24.6  12:18am   34    0  0.04   2   8  11:42am  SE 30.38   53
30   30.6  41.0   1:51pm  24.3   7:16am   34    0  0.12   1   6   2:11pm  NW 30.41   56
31   32.9  42.8   2:17pm  25.2   6:42am   32    0  0.12   1   7  10:55am NNW 30.17   57
---------------------------------------------------------------------------------------
TOT  32.4  55.4   1/8/09   8.6   1/4/09 1003    0  2.32   1  31   1/2/09  SE 30.19   59

HEAT BASE: 65.0
COOL BASE: 65.0