NOAA-Style Climate Reports


Report for 2009 February
                  MONTHLY CLIMATOLOGICAL SUMMARY FOR 2/2009
                                        HEAT  COOL        
     MEAN                               DEG   DEG       WIND SPEED       DOM MEAN  MEAN
DAY  TEMP  HIGH   TIME     LOW   TIME   DAYS  DAYS RAIN AVG  HI  TIME    DIR BAROM HUM
---------------------------------------------------------------------------------------
1    31.4  39.6   1:43pm  25.3   8:39am   34    0  0.00   1   8  12:11pm  SE 30.27   57
2    33.4  45.7   2:12pm  25.9   6:13am   32    0  0.04   1   8   1:50pm  SE 30.35   42
3    35.3  45.5   3:26pm  28.4   3:33am   30    0  0.04   1   6  12:52pm NNW 30.35   46
4    36.9  47.1   1:56pm  28.8   3:00am   28    0  0.00   1   6   1:44pm  NW 30.24   48
5    46.0  56.5   2:31pm  35.6  12:20am   19    0  0.00   3  20   1:16pm  SE 30.02   31
6    40.5  51.3  12:41am  34.0  11:51pm   24    0  0.04   2  26   1:51am SSE 29.90   59
7    38.3  46.6   2:27pm  33.1  12:16am   27    0  0.04   1   9   4:26pm   S 29.97   62
8    36.9  42.3   1:04pm  32.0   4:37am   28    0  0.04   2  22  10:44pm SSE 29.75   65
9    34.4  41.4   4:08pm  30.9  11:28pm   31    0  0.16   5  27   6:02pm SSE 29.61   73
10   26.8  31.1  12:00am  22.8   9:20pm   38    0  0.00   3  13  10:58pm  SE 29.85   68
11   29.8  39.4   3:48pm  25.2  11:13pm   35    0  0.00   3  20   4:57am SSE 29.99   57
12   27.8  36.7  11:16am  22.8   7:26am   37    0  0.04   1   8  12:08pm NNW 29.95   63
13   29.3  38.7   2:33pm  21.0   6:29am   36    0  0.00   2  12   9:50pm  SE 29.94   50
14   29.8  37.9   3:58pm  26.6   6:04am   35    0  0.00   3  17   9:27pm  SE 29.89   62
15    0.0  45.7   5:59pm  45.7   5:59pm    0    0  0.00   0   3   5:59pm ---  0.00    0
16
17
18
19
20
21
22   50.1  51.3   7:01pm  45.7   5:59pm    4    0  0.00   3  19   7:51pm   S 30.10   34
23   49.4  55.6   4:59pm  43.7   8:27pm   16    0  0.00   2  28  11:45pm   S 30.09   49
24   50.3  58.5   4:13pm  44.4  10:49pm   15    0  0.00   3  26   3:10am  SE 30.02   44
25   46.4  57.4   2:51pm  40.1   8:43pm   19    0  0.00   3  17   8:45am NNW 29.91   44
26   43.3  54.3   2:44pm  27.7  11:56pm   22    0  0.00   4  19  10:03am NNW 29.93   41
27   26.7  33.6   4:11pm  21.4   7:16am   38    0  0.00   3  13  12:10am NNW 30.20   54
28   32.0  43.7   4:29pm  22.3   4:22am   33    0  0.04   1  11   1:46pm  NW 30.33   38
---------------------------------------------------------------------------------------
TOT  36.4  58.5  2/24/09  21.0  2/13/09  578    0  0.71   2  28  2/23/09  SE 30.03   52

HEAT BASE: 65.0
COOL BASE: 65.0