NOAA-Style Climate Reports


Report for 2009 March
                  MONTHLY CLIMATOLOGICAL SUMMARY FOR 3/2009
                                        HEAT  COOL        
     MEAN                               DEG   DEG       WIND SPEED       DOM MEAN  MEAN
DAY  TEMP  HIGH   TIME     LOW   TIME   DAYS  DAYS RAIN AVG  HI  TIME    DIR BAROM HUM
---------------------------------------------------------------------------------------
1    44.3  60.4  10:38pm  33.8   1:14am   21    0  0.00   2  22  10:56pm NNW 30.17   35
2    57.0  60.8   6:22pm  44.2  12:09am    8    0  0.00   7  38   5:33pm SSE 30.03   21
3    58.1  65.5   2:15pm  53.6   6:36am    7    0  0.00   6  29   5:26pm   S 29.89   22
4    48.9  59.0  12:09pm  30.4  11:34pm   16    0  0.00   3  31  12:13pm NNW 29.81   32
5    34.8  44.8   1:45pm  27.5   2:21am   30    0  0.04   3  13  12:09pm  SE 29.96   51
6    31.6  36.5   6:13pm  26.8  11:08pm   15    0  0.04   3  15   1:59am SSE 29.89   47
7    30.9  40.3  12:36pm  21.9   7:17am   34    0  0.04   3  22  11:00pm  SE 29.97   46
8    41.1  50.5   5:14pm  32.4  12:35am   20    0  0.00   6  28   8:03am   N 29.84   31
9    28.6  37.4   1:37am  22.3  11:17pm   34    0  0.00   2  13   9:34pm NNW 29.76   90
10   27.5  38.5   3:36pm  21.4   3:24am   31    0  0.00   4  15   9:58pm  SW 30.03   50
11   32.8  44.1   5:11pm  22.8   6:29am   12    0  0.08   1   9   3:41pm   N 30.07   39
12   35.1  43.3   3:44pm  25.7   7:35am   11    0  0.00   2  11   5:45pm SSE 30.13   41
13   36.1  45.3   4:26pm  26.6   6:29am   11    0  0.00   2  11   1:47pm  NW 30.14   39
14   43.1  54.5   1:55pm  30.0   5:45am    8    0  0.00   2  20   7:45pm   N 29.91   31
15   48.5  57.0   4:53pm  40.8   2:06am    7    0  0.00   3  15   4:15am SSE 29.89   25
16   57.6  64.9   2:19pm  50.7   2:35am    3    0  0.00   5  27   9:54am   N 30.05   19
17   56.0  61.3  12:08pm  46.4  11:46pm    3    0  0.00   2  17   2:43am   N 30.14   25
18   50.2  60.6   2:08pm  38.1   7:52am    6    0  0.00   2  10   2:24pm   N 30.19   33
19   53.4  62.6   1:50pm  42.4   4:24am    4    0  0.00   1   8   1:44pm  SE 30.08   30
20   57.5  67.6   2:11pm  45.9   5:58am    3    0  0.00   3  15   2:56am NNW 29.98   32
21   63.2  70.9   2:50pm  56.1  11:59pm    1    0  0.00   5  28  12:00pm   N 29.86   17
22   44.7  57.9  12:31am  33.3   6:43pm    7    0  0.00   3  31  11:16am   N 29.72   54
23   32.6  35.1  12:36am  29.7   7:52am   13    0  0.04   1  10   9:21am   N 29.96   84
24   36.1  44.2  12:16pm  31.6   3:49am   11    0  0.20   1  13   1:45pm NNW 30.08   58
25   34.9  41.4   4:58pm  32.2  12:56am   11    0  0.08   0  11   8:45pm   S 29.89   80
26   29.1  38.1   2:51pm  25.3  11:55pm   20    0  0.04   2  15   5:50pm ESE 29.89   66
27   31.2  42.6   2:32pm  23.0   3:21am   18    0  0.20   3  15   1:08am  SE 30.10   38
28   45.2  55.6   3:39pm  32.5  12:42am    7    0  0.00   3  16   6:56pm   N 29.97   31
29   37.1  53.4  12:00am  25.5   9:43pm   10    0  0.00   5  30   6:13am   W 29.67   59
30   30.0  39.7   2:55pm  24.3   6:55am   14    0  0.00   2  13   1:04pm   S 29.98   67
31   37.5  45.1   3:09pm  29.5   1:48am   11    0  0.12   2  19  10:42pm   N 29.92   43
---------------------------------------------------------------------------------------
TOT  41.6  70.9  3/21/09  21.4  3/10/09  409    0  0.87   3  38   3/2/09  SE 29.96   43

HEAT BASE: 65.0
COOL BASE: 65.0