NOAA-Style Climate Reports


Report for 2009 April
                  MONTHLY CLIMATOLOGICAL SUMMARY FOR 4/2009
                                        HEAT  COOL        
     MEAN                               DEG   DEG       WIND SPEED       DOM MEAN  MEAN
DAY  TEMP  HIGH   TIME     LOW   TIME   DAYS  DAYS RAIN AVG  HI  TIME    DIR BAROM HUM
---------------------------------------------------------------------------------------
1    32.7  39.4   5:12pm  25.3   6:29am   12    0  0.00   4  24   2:53am   N 29.85   54
2    42.9  52.2   2:12pm  33.3  12:00am    8    0  0.16   5  32   3:22pm NNW 29.77   37
3    34.7  39.4   2:43pm  32.0  10:46am   13    0  0.31   2  15   9:57pm   N 29.65   75
4    34.3  42.4  11:53am  29.8   2:06am   13    0  0.31   0   9   6:05pm  SE 29.91   69
5    41.8  50.9   2:27pm  30.6   7:07am   21    0  0.12   2  10   4:07pm  SE 30.28   40
6    46.6  58.6   4:08pm  33.4   6:57am   18    0  0.00   2  11   4:26pm  SE 30.28   32
7    55.6  68.2   3:35pm  39.7   6:50am   10    0  0.00   3  17  12:47pm  SE 30.06   21
8    50.6  60.4   1:34am  33.6  11:58pm   14    0  0.08   2  26   9:43am  SE 29.74   33
9    41.1  53.1   6:34pm  33.3  12:11am   24    0  0.55   1  10  11:35am  SE 29.85   66
10   52.2  62.6   4:26pm  43.5   7:26am   13    0  0.00   2  19   7:02pm   S 29.81   32
11    0.0  44.8  12:04am  44.8  12:04am    0    0  0.00   0   0  12:04am ---  0.00    0
12   52.1  56.8   3:40pm  39.9   6:51am    7    0  0.00   3  13  12:56pm  SE 30.16   35
13   56.2  66.2   4:02pm  43.7   2:55am    9    0  0.00   2  16   2:06pm   S 30.01   26
14   47.6  58.8   1:55am  35.8  10:45pm   17    0  0.91   2  21  11:32pm NNW 29.70   64
15   36.6  46.2   2:42am  32.7   1:01pm   28    0  0.51   2  20   2:35am SSE 29.65   75
16   34.7  39.0  12:02pm  29.8   6:35am   30    0  0.12   0   8  12:48pm NNW 30.01   82
17    0.0  52.5  10:26am  52.5  10:26am    0    0  0.00   0   8  10:26am ---  0.00    0
18   55.1  59.5   5:20pm  47.7  11:56pm    6    0  0.00   3  11   1:03pm NNW 30.26   39
19   55.3  64.8   4:48pm  44.6   7:26am   10    0  0.00   3  13   2:28pm NNW 30.32   33
20   59.3  69.3   6:29pm  46.6   6:29am    7    1  0.00   2  12   3:54pm NNW 30.30   20
21   59.4  72.3   6:52pm  51.6   5:23am    4    0  0.00   1   8   6:40pm  SE 30.19   21
22   68.4  77.7   1:11pm  59.2   6:28am    1    5  0.00   3  13   3:19pm  SE 30.00   17
23   68.1  73.8   1:08pm  61.7   7:32am    0    3  0.00   3  20   4:12am NNW 29.82   16
24   52.5  62.8  12:09am  43.9  11:43pm   12    0  0.08   2  16   1:52pm NNW 29.84   44
25   43.6  49.3  12:58pm  39.4   9:05am   21    0  0.43   1  13   2:19pm  SE 29.82   78
26   42.1  48.2   5:26pm  35.8  10:24am   23    0  0.00   2  13  12:55pm NNW 29.92   42
27   45.7  59.7   7:39pm  36.9   4:28am   14    0  0.00   2  15  10:38am SSE 29.95   38
28   54.9  60.8   4:50pm  42.8   9:51pm   10    0  0.00   2  26   6:46pm NNW 29.82   32
29   50.3  60.1   6:49pm  39.4   6:33am   15    0  0.00   1  13   4:41pm NNW 30.00   40
30   53.3  62.4   2:33pm  40.1   7:12am   12    0  0.00   2  13   2:12pm NNW 30.03   27
---------------------------------------------------------------------------------------
TOT  49.6  77.7  4/22/09  25.3   4/1/09  373   10  3.58   2  32   4/2/09  SE 29.96   43

HEAT BASE: 65.0
COOL BASE: 65.0