NOAA-Style Climate Reports


Report for 2009 May
                  MONTHLY CLIMATOLOGICAL SUMMARY FOR 5/2009
                                        HEAT  COOL        
     MEAN                               DEG   DEG       WIND SPEED       DOM MEAN  MEAN
DAY  TEMP  HIGH   TIME     LOW   TIME   DAYS  DAYS RAIN AVG  HI  TIME    DIR BAROM HUM
---------------------------------------------------------------------------------------
1    52.1  62.1   4:08pm  43.0   7:45am   13    0  0.04   1  20   8:38pm NNW 30.08   50
2    51.4  56.1   6:49pm  46.2  11:24am   14    0  0.79   1  11   2:12pm NNW 29.92   62
3    53.0  64.2   4:09pm  46.6   1:46am   12    0  0.04   2  34   8:26pm   W 30.01   50
4    52.8  60.1   1:34pm  43.3   6:21am   12    0  0.00   1  11   1:36pm  SE 30.04   45
5    62.2  71.8   6:40pm  53.1   6:26am    4    1  0.00   3  17   5:02am NNW 29.96   29
6    63.7  73.0   2:51pm  51.3   6:08am    3    2  0.00   4  15   4:53pm SSE 30.01   26
7    58.3  65.5   3:31pm  49.6  11:45pm    7    0  0.00   2  13   4:21pm NNW 30.06   36
8    49.4  56.7   4:29pm  39.7   5:39am   16    0  0.00   1  11   2:43am NNW 30.13   30
9    52.9  63.5   3:59pm  40.8   6:25am   12    0  0.00   2  13   5:13pm  NW 30.08   26
10   56.6  66.0   1:53pm  45.0   5:15am    8    0  0.00   3  13   3:48pm  SE 30.09   23
11   62.4  72.7   1:37pm  51.3   4:15am    5    2  0.00   2  11   2:18pm NNW 29.97   22
12   62.4  68.5   4:11pm  48.4  11:57pm    3    0  0.00   3  17   6:39pm NNW 29.87   20
13   47.7  56.3   6:53pm  37.8   7:02am   17    0  0.00   2  12  12:47am NNW 30.09   24
14   57.0  69.1   7:22pm  44.1   3:37am    8    0  0.00   2  13   8:35pm NNW 30.02   26
15   58.1  67.6   6:45pm  47.8   6:43am    7    0  0.00   2  11  12:49pm  SE 30.13   37
16   60.6  72.5   6:38pm  47.3   6:03am    6    2  0.00   2  11  11:50am  SE 30.20   27
17   67.4  80.4   7:25pm  52.5   7:02am    3    5  0.00   2   9   4:14pm  NW 30.21   18
18   75.5  89.2   6:15pm  58.6   5:52am    1   11  0.00   3  13  10:29pm  SE 30.11   18
19   73.6  82.0  12:11pm  66.0   8:16pm    0    9  0.00   6  23  10:15am  SE 29.98   20
20   68.3  74.7   4:16pm  57.9  11:36pm    0    4  0.00   1  13  11:11am NNW 30.02   27
21   64.8  76.6   5:57pm  51.6   6:59am    4    3  0.00   2  10   4:19pm NNW 30.07   30
22   68.9  80.6   2:26pm  57.7   5:59am    1    5  0.00   3  22   6:17pm  SE 30.02   28
23   66.3  75.9   3:12pm  55.4  11:59pm    1    3  0.12   3  15   1:05am  SE 30.00   34
24   57.0  65.3   4:39pm  52.7   9:55pm    8    0  0.28   3  18   8:55pm  SE 29.99   68
25   60.2  69.1   5:45pm  48.9   5:32am    6    1  0.00   2  14   6:21pm NNW 30.01   45
26   63.0  70.5   2:24pm  52.3   6:25am    3    1  0.00   3  11   1:49pm  SE 30.06   36
27   65.7  75.6   5:40pm  52.5   6:41am    3    4  0.00   3  11   2:49pm NNW 30.09   30
28   70.5  81.1   6:37pm  58.1   6:55am    1    7  0.00   3  11   4:12pm  SE 30.12   24
29   72.0  85.1   4:42pm  59.9   6:52am    0    7  0.00   4  26   4:55pm  SE 30.14   22
30   70.9  81.5   2:35pm  63.1   4:10am    0    6  0.00   4  17   5:55pm  SE 30.10   24
31   68.6  80.1   3:32pm  61.5   6:28am    1    4  0.04   3  18   7:15pm  SE 30.04   32
---------------------------------------------------------------------------------------
TOT  61.7  89.2  5/18/09  37.8  5/13/09  180   78  1.30   2  34   5/3/09 NNW 30.05   32

HEAT BASE: 65.0
COOL BASE: 65.0