NOAA-Style Climate Reports


Report for 2009 June
                  MONTHLY CLIMATOLOGICAL SUMMARY FOR 6/2009
                                        HEAT  COOL        
     MEAN                               DEG   DEG       WIND SPEED       DOM MEAN  MEAN
DAY  TEMP  HIGH   TIME     LOW   TIME   DAYS  DAYS RAIN AVG  HI  TIME    DIR BAROM HUM
---------------------------------------------------------------------------------------
1    67.1  78.4   6:31pm  56.7  10:40pm    2    5  0.31   3  17   8:42pm SSE 30.00   39
2    65.0  78.8   5:11pm  56.7   6:14am    3    3  0.08   3  22   3:07pm  SE 30.05   47
3    68.0  78.8   2:02pm  55.9   5:10am    2    5  0.00   2  26   2:42pm  SE 30.08   33
4    72.8  82.2   3:15pm  61.3   5:11am    0    8  0.00   3  22   4:02pm  SE 30.01   20
5    68.5  75.7   6:13pm  56.8  11:19pm    1    4  0.00   1  15  10:31pm  SE 29.84   25
6    60.5  69.3   4:23pm  50.9   4:47am    5    0  0.00   3  20  10:20pm SSE 29.84   33
7    55.0  64.2   6:44pm  47.8   8:14am   10    0  0.59   2  18   7:03am  SE 29.89   56
8    60.8  70.7   3:57pm  50.9   5:22am    5    1  0.00   3  29   5:43pm SSE 29.92   42
9    60.5  72.7   3:32pm  51.4   9:10pm    6    1  0.28   4  21   4:37am  SE 29.92   46
10   56.2  64.4   1:41pm  50.4   9:24pm    9    0  0.16   2  16   4:40pm  SE 29.93   60
11   53.8  58.1   3:33pm  50.4   2:28pm   11    0  0.43   1  13   9:05pm NNW 29.94   72
12   60.9  72.7   5:27pm  48.6   6:18am    5    1  0.00   2  21   9:58pm  NW 30.01   44
13   59.1  66.6  11:27am  46.8   3:35pm    6    0  0.39   2  32   3:27pm SSE 29.98   50
14   58.1  71.1   1:01pm  50.0   7:11pm    7    0  0.31   2  23   2:31pm  SE 29.99   49
15   61.8  71.1   6:49pm  50.0   5:16am    5    2  0.00   2  12   4:38pm NNW 29.99   38
16   63.7  73.6   3:40pm  53.6   4:50am    3    2  0.00   2  11   8:09pm  NW 30.01   38
17   60.3  69.1   6:38pm  55.4   4:18am    5    0  0.08   2  14  12:36pm  NW 29.99   62
18   61.3  70.3   6:17pm  54.0   5:14am    5    1  0.04   3  13   2:16pm  NW 30.00   55
19   69.4  80.1   6:52pm  59.4   5:59am    1    6  0.00   4  15  11:39pm  SE 29.95   24
20   62.7  74.3   1:42am  52.2   6:13pm    5    2  0.43   4  23   7:32pm SSE 29.84   51
21   62.0  74.1   4:46pm  50.7   3:15am    5    2  0.04   4  26   7:25pm  SE 29.86   40
22   61.6  71.1   6:40pm  50.4   6:44am    5    1  0.00   2  12   3:04pm NNW 30.03   41
23   66.8  78.1   6:46pm  54.7   6:54am    2    4  0.00   2  11   5:11pm NNW 30.04   35
24   76.5  90.0   6:35pm  61.0   6:48am    0   12  0.00   2  13  11:05pm  SE 30.08   22
25   78.2  90.3   1:13pm  68.9   7:20am    0   13  0.00   4  26   4:09pm  SE 30.06   19
26   67.3  78.8   1:40pm  56.5   8:15pm    1    4  0.20   4  21   7:21pm  SE 30.07   41
27   69.9  79.7   7:05pm  57.4   4:36am    2   10  0.00   2   9   1:35pm  SE 30.21   28
28   72.9  85.6   6:35pm  57.9   6:09am    1    9  0.00   2   8   2:44pm  SE 30.18   18
29   79.9  92.3   6:58pm  63.3   5:38am    0   15  0.00   3  13  10:11pm  SE 30.08   14
30   81.6  94.1   3:02pm  68.5   7:00am    0   17  0.00   3  21   4:28pm  SE 30.01   15
---------------------------------------------------------------------------------------
TOT  65.4  94.1  6/30/09  46.8  6/13/09  114  129  3.35   3  32  6/13/09  SE 29.99   39

HEAT BASE: 65.0
COOL BASE: 65.0