NOAA-Style Climate Reports


Report for 2009 July
                  MONTHLY CLIMATOLOGICAL SUMMARY FOR 7/2009
                                        HEAT  COOL        
     MEAN                               DEG   DEG       WIND SPEED       DOM MEAN  MEAN
DAY  TEMP  HIGH   TIME     LOW   TIME   DAYS  DAYS RAIN AVG  HI  TIME    DIR BAROM HUM
---------------------------------------------------------------------------------------
1    79.0  88.3   5:27pm  69.6  10:45pm    0   14  0.00   4  17   8:58pm  SE 30.05   23
2    69.8  83.7  12:48pm  61.7   4:56pm    0    5  0.28   2  23   3:04pm  SE 30.11   46
3    71.3  82.2   7:24pm  61.3   1:59am    1    7  0.00   2  12  11:35pm  SE 30.15   43
4    72.6  84.2   5:39pm  65.1   3:42am    0    8  0.00   3  19   1:11am  SE 30.16   32
5    77.3  89.1   5:57pm  63.0   6:11am    0   12  0.00   3  14  11:41pm  SE 30.10   27
6    80.8  91.2   1:57pm  70.0   3:14am    0   16  0.00   5  21  11:52am SSE 29.97   14
7    76.7  89.8   3:20pm  61.0   6:47am    0   12  0.00   3  17  12:22pm  SE 29.93   19
8    75.3  80.2   6:36pm  66.4  11:55pm    0   10  0.00   5  19   2:06am NNW 29.96   18
9    72.2  83.3   4:27pm  59.4   6:32am    1    8  0.00   2  11   5:22pm NNW 30.02   22
10   77.2  89.6   4:14pm  61.5   6:54am    0   12  0.00   3  13  10:44pm  SE 30.10   17
11   81.4  86.4   4:28pm  73.9  12:18am    0   16  0.00   7  23  10:40am  SE 30.15   15
12   79.2  90.5   4:56pm  67.6   5:48am    0   14  0.08   4  35   6:06pm  SE 30.13   24
13   78.0  84.2   1:18am  65.1  11:59pm    0   13  0.00   5  21   3:09am NNW 30.08   21
14   68.4  79.5   7:16pm  55.9   7:00am    1    5  0.00   2  10   1:54pm NNW 30.17   25
15   74.8  87.4   6:31pm  59.9   6:59am    1   11  0.00   2  11   3:47pm  NW 30.18   21
16   81.3  93.7   7:04pm  68.0   7:08am    0   15  0.00   2  11  11:01pm  SE 30.21   14
17
18   86.1  97.3   6:43pm  71.2   6:49am    0   21  0.00   3  19   1:01am  SE 30.17   15
19   84.8  94.1   6:51pm  72.3   9:48pm    0   20  0.00   4  23   9:12pm  SE 30.13   17
20   80.7  89.1   6:58pm  70.7   4:33am    0   16  0.00   3  11   2:33pm NNW 30.13   20
21   81.4  92.7   7:16pm  69.1   5:09am    0   16  0.00   2   8   4:51pm  SE 30.11   13
22   84.8  94.6   2:56pm  71.2   6:52am    0   20  0.00   3  14   5:06am  SE 30.08   15
23   86.8  97.7   2:48pm  70.5   7:19am    0   22  0.00   3  13  11:01pm  SE 30.06   13
24   83.3  90.9  11:38am  75.7   7:04am    0   18  0.00   3  13   9:47pm  SE 30.08   21
25   78.1  89.8   6:22pm  65.8  12:40am    0   13  0.31   3  19   2:38am  SE 30.15   35
26   81.1  91.0   6:19pm  70.3   6:38am    0   16  0.00   3  20   1:36am  SE 30.17   26
27   81.2  89.8   6:42pm  69.6   7:08am    0   16  0.00   3  11   9:29pm  SE 30.11   22
28   77.2  86.0   7:13pm  69.1   2:37am    0   12  0.00   3  12   4:22pm  SE 30.05   25
29   76.0  84.7   6:50pm  66.2   6:36am    0   11  0.00   2  11   3:02pm  SE 30.01   27
30   75.3  85.5   6:53pm  63.3   4:48am    0   10  0.00   2  10   5:04pm  SE 30.06   26
31   78.0  87.3   6:52pm  68.4   7:21am    0   13  0.00   3  12   5:07am  SE 30.11   20
---------------------------------------------------------------------------------------
TOT  78.5  97.7  7/23/09  55.9  7/14/09    5  402  0.67   3  35  7/12/09  SE 30.10   22

HEAT BASE: 65.0
COOL BASE: 65.0