NOAA-Style Climate Reports


Report for 2009 August
                  MONTHLY CLIMATOLOGICAL SUMMARY FOR 8/2009
                                        HEAT  COOL        
     MEAN                               DEG   DEG       WIND SPEED       DOM MEAN  MEAN
DAY  TEMP  HIGH   TIME     LOW   TIME   DAYS  DAYS RAIN AVG  HI  TIME    DIR BAROM HUM
---------------------------------------------------------------------------------------
1    79.6  90.0   7:04pm  66.4   6:31am    0   15  0.00   3  10   2:09pm  SE 30.15   16
2    82.3  93.6   2:49pm  68.7   6:18am    0   17  0.00   2  10  11:26pm  SE 30.08   15
3    85.8  93.7   6:45pm  77.4  12:33am    0   21  0.00   4  18   9:49am  SE 30.06   10
4    83.6  91.2   7:12pm  75.9  11:31pm    0   19  0.00   6  23   5:21am  SE 30.11   10
5    83.6  93.9   3:10pm  73.8  11:38pm    0   19  0.00   6  29   6:32pm  SE 30.08   13
6    80.3  91.0   5:52pm  59.9  11:35pm    0   14  0.00   6  28   5:59pm   S 29.92   20
7    63.8  71.8   5:13pm  55.9   5:06am    3    2  0.00   2  11  12:10pm NNW 29.97   33
8    59.5  67.8   5:14pm  51.4   7:50am    6    0  0.00   2  12   6:02pm NNW 30.11   40
9    64.0  74.1   5:41pm  52.9   6:59am    4    3  0.00   2  11   2:45pm  SE 30.18   34
10   69.4  81.7   6:32pm  57.4   7:23am    2    6  0.00   2   8   2:15pm  SE 30.21   27
11   76.5  89.4   5:31pm  62.4   6:49am    0   12  0.00   2   9   3:45pm  SE 30.20   19
12   82.5  92.7   3:46pm  70.2   3:58am    0   17  0.00   4  16   1:21pm  SE 30.12   12
13   82.6  90.9   3:17pm  75.6  10:43pm    0   18  0.00   7  27   7:29pm SSE 30.02   15
14   75.7  85.5   3:56pm  65.8  11:57pm    0   11  0.04   6  24   8:32am SSE 29.96   25
15   61.9  69.8   7:02pm  50.5   9:20am    4    1  0.28   3  17  10:25am  SE 30.04   38
16   63.6  73.0   6:55pm  51.6   6:22am    4    2  0.00   2  12   4:36pm  SE 30.10   22
17   67.7  79.0   3:56pm  56.3   7:27am    2    5  0.00   2  11   4:58pm  SE 30.12   21
18   68.7  78.3   5:40pm  58.8   7:17am    1    5  0.00   3  11   3:43pm  SE 30.10   23
19   71.7  83.5   7:17pm  59.4   6:44am    1    8  0.00   2  10   3:20pm  SE 30.07   20
20   77.4  90.1   6:58pm  64.6   6:46am    0   12  0.00   2  10   4:14pm  SE 30.11   23
21   81.6  94.8   6:43pm  67.1   7:23am    0   17  0.00   2   9   3:37pm  SE 30.10   18
22   85.1  97.5   4:41pm  72.0   7:11am    0   20  0.00   3  16  12:11pm  SE 30.02   13
23   72.6  85.5  12:00am  63.1   8:16pm    0    8  0.08   7  25   1:31am SSE 30.03   42
24   67.9  78.1   6:34pm  61.2   7:03am    1    4  0.00   2  11  10:20pm NNW 30.11   52
25   70.2  81.3   6:40pm  60.8   4:09am    1    6  0.00   2  10   4:09pm SSE 30.15   34
26   75.3  86.4   4:19pm  61.9   6:59am    0   11  0.00   2  11  10:12pm  SE 30.20   26
27   77.5  88.7   3:57pm  66.4   7:17am    0   12  0.00   2   8   4:29pm  SE 30.24   21
28   78.3  89.1   3:28pm  67.5   5:49am    0   13  0.00   2   8   2:06pm  SE 30.22   19
29   78.4  89.6   5:41pm  68.7   6:52am    0   13  0.00   2   9  12:53am  SE 30.09   18
30   81.8  91.4   3:23pm  67.8   7:46am    0   17  0.00   5  20  10:13pm  SE 29.97   14
31   73.5  83.7   5:26pm  61.3   6:45am    0    9  0.00   2  13  12:38am  SE 30.03   26
---------------------------------------------------------------------------------------
TOT  74.9  97.5  8/22/09  50.5  8/15/09   28  333  0.39   3  29   8/5/09  SE 30.09   23

HEAT BASE: 65.0
COOL BASE: 65.0