NOAA-Style Climate Reports


Report for 2009 September
                  MONTHLY CLIMATOLOGICAL SUMMARY FOR 9/2009
                                        HEAT  COOL        
     MEAN                               DEG   DEG       WIND SPEED       DOM MEAN  MEAN
DAY  TEMP  HIGH   TIME     LOW   TIME   DAYS  DAYS RAIN AVG  HI  TIME    DIR BAROM HUM
---------------------------------------------------------------------------------------
1    78.6  89.1   3:02pm  66.4   7:27am    0   14  0.00   3  10  11:27am  SE 30.11   14
2    78.0  88.0   4:16pm  67.6   6:11am    0   13  0.00   3  13   8:49pm  SE 30.16   18
3    77.6  87.6   3:17pm  65.3   7:16am    0   13  0.00   2   9   9:47pm  SE 30.14   21
4    77.6  89.4   5:49pm  66.7   7:45am    0   13  0.00   2   8  11:01pm  SE 30.08   21
5    75.4  82.0   4:01pm  71.4   9:53am    0   10  0.00   5  18  10:29am  SE 30.06   22
6    77.9  85.8   4:38pm  72.5   5:21am    0   13  0.00   4  22   1:23pm SSE 30.04   20
7    74.5  81.1   6:14pm  65.5  11:18pm    0    9  0.00   5  24   3:01am SSE 30.01   23
8    65.7  77.2   6:16pm  53.4   7:15am    2    3  0.00   2   9   1:11am  SE 30.06   27
9    70.6  84.4   5:59pm  57.7   7:48am    2    7  0.00   2   8   4:04pm  SE 30.13   23
10   74.3  86.0   3:36pm  64.8   3:56am    0    9  0.00   2   8   1:59pm  SE 30.20   21
11   74.0  85.6   6:20pm  63.3   7:42am    0    9  0.00   2   8   3:03pm  NW 30.19   21
12   73.5  82.9   6:01pm  61.0   7:47am    0    9  0.00   2   9   4:56pm  SE 30.00   19
13   71.1  77.0  12:23pm  65.1   4:34am    0    6  0.00   5  26   9:20am SSE 29.90   23
14   67.9  78.1  11:59am  53.8   6:17pm    2    5  0.43   4  22  12:09pm SSE 30.01   38
15   60.5  66.6   2:14pm  55.2   4:54am    5    0  0.04   1  13   4:50pm  SE 30.16   50
16   66.9  77.7   6:04pm  55.9   4:51am    2    4  0.00   2  10   5:50am  NW 30.20   38
17   70.3  80.1   3:43pm  59.7   7:07am    1    6  0.00   2  11   8:11pm  SE 30.15   32
18   71.9  83.1   5:03pm  60.3   7:36am    0    7  0.00   3  29   6:40pm  SE 30.14   28
19   73.8  84.7   4:02pm  62.4   7:14am    0    9  0.00   4  19  11:58pm  SE 30.08   24
20   68.9  74.7   2:15pm  56.7  11:56pm    1    5  0.00   3  21   2:19am  NW 30.09   27
21   55.8  63.7   3:25pm  46.4   7:39am    9    0  0.00   2  12   1:49pm  SE 30.29   24
22   58.7  68.9   5:45pm  48.0   7:24am    7    0  0.00   2  11  12:47am  SE 30.30   24
23   64.3  75.9   5:50pm  52.0   6:26am    4    3  0.00   2  14  10:36pm  SE 30.24   27
24   68.9  77.5   5:56pm  57.2   8:07am    1    5  0.00   2   8   2:28pm  SE 30.15   24
25   68.5  79.3   3:56pm  58.1   7:13am    1    5  0.00   2   9   2:12pm  SE 30.15   25
26   72.9  82.4   5:39pm  61.0   8:00am    0    8  0.00   2  11  11:28pm  SE 30.19   17
27   70.9  79.2   1:25pm  60.6   7:34am    0    6  0.00   2  10  12:08am  SE 30.11   15
28   72.0  86.7   4:33pm  57.4   5:17am    2    9  0.00   3  21  11:41pm  SE 29.98   13
29   76.9  81.5   3:23pm  73.0  11:48pm    0   12  0.00   4  25  11:08pm SSE 29.84   10
30   44.6  73.0  12:00am  33.8  10:56am   21    0  0.79   5  24  12:14am NNW 29.96   58
---------------------------------------------------------------------------------------
TOT  70.1  89.4   9/4/09  33.8  9/30/09   60  212  1.26   3  29  9/18/09  SE 30.10   25

HEAT BASE: 65.0
COOL BASE: 65.0