NOAA-Style Climate Reports


Report for 2009 October
                  MONTHLY CLIMATOLOGICAL SUMMARY FOR 10/2009
                                        HEAT  COOL        
     MEAN                               DEG   DEG       WIND SPEED       DOM MEAN  MEAN
DAY  TEMP  HIGH   TIME     LOW   TIME   DAYS  DAYS RAIN AVG  HI  TIME    DIR BAROM HUM
---------------------------------------------------------------------------------------
1    41.5  50.5   3:11pm  33.8   4:56am   23    0  0.04   2  11   4:15pm  SE 30.22   42
2    46.8  58.8   5:33pm  36.0   5:51am   18    0  0.00   2   8   1:21pm  SE 30.06   34
3    55.1  64.9   4:58pm  45.7   6:04am   10    0  0.00   2  15   4:48pm  SE 29.76   30
4    49.1  61.5  12:00am  35.8   8:45pm   16    0  0.71   3  26   6:18am  SE 29.59   55
5    39.8  48.6   3:36pm  34.5   5:16am   25    0  0.00   2  11   3:28pm  SE 29.90   57
6    42.0  51.8   3:39pm  32.5   6:40am   23    0  0.00   2   9   1:15pm  SE 30.11   49
7    45.6  57.4   3:42pm  35.1   7:48am   19    0  0.00   2   9   4:11pm  SE 29.99   41
8    45.3  53.2   4:06pm  38.7   5:20am   20    0  0.00   2  13   3:44pm SSE 30.01   39
9    50.5  59.4   2:01pm  43.0   3:27am   14    0  0.00   3  13   1:18pm SSE 30.05   31
10   45.3  51.8   5:34pm  38.7   7:42am   20    0  0.00   2   8  12:24pm SSE 30.01   41
11   50.2  58.8   2:59pm  42.3  12:54am   15    0  0.00   2  18   9:36am SSE 29.81   41
12   56.2  65.8   1:12pm  44.2   7:18am    9    0  0.00   2  18   2:13pm  SE 29.80   32
13   56.8  62.4   1:43pm  48.7   1:52am    8    0  0.08   4  28   5:45pm SSE 29.82   37
14   55.7  62.6   3:07pm  49.5   1:13am    9    0  0.20   4  28   2:37am SSE 29.98   44
15   55.8  64.4   2:45pm  48.0   8:32am    9    0  0.00   2   8   1:01am  SE 30.22   43
16   54.7  64.8   3:28pm  46.0   6:42am   10    0  0.00   1   9   2:24pm  NW 30.29   40
17   57.2  70.5   4:32pm  46.2   8:12am    9    1  0.00   1   6  12:58pm  SE 30.22   41
18   66.9  78.3   2:54pm  55.4   3:31am    2    4  0.00   3  18   4:19pm SSE 30.03   22
19   59.5  70.5  12:00am  45.1  10:34pm    6    1  0.28   3  23   4:14am NNW 29.89   40
20   46.9  54.5   4:21pm  41.9  10:52pm   18    0  0.08   1   9   5:53pm  NW 29.96   77
21   46.6  55.9   3:02pm  39.2   5:56am   18    0  0.00   2  11   1:35pm  SE 30.08   50
22   50.5  57.7   2:41pm  44.1  12:09am   14    0  0.00   1   8  12:56pm  SE 30.10   41
23   50.8  58.3   1:23pm  42.8   5:35am   14    0  0.00   1   8  12:44pm  SE 30.10   43
24   50.4  57.9   1:01pm  39.4  11:54pm   15    0  0.04   1  17   1:39pm  SE 30.02   55
25   40.4  48.6   3:18pm  33.3   7:24am   10    0  0.00   2   8   5:31am SSE 30.17   39
26   46.7  58.6  10:38pm  34.7   3:44am    7    0  0.00   2  26   7:48pm  NW 30.11   24
27   36.3  58.1  12:32am  28.8  11:06pm   11    0  0.00   1  28   1:07am NNW 29.76   67
28   33.2  38.7  11:53am  27.9   1:24am   12    0  0.04   2  11   7:55pm   E 29.75   58
29   33.3  40.3  11:58am  27.1   8:49am   13    0  0.00   2  11   1:47pm  NW 29.97   42
30   46.6  46.8   9:46pm  46.6   9:46pm    0    0  0.00   2   2   9:46pm  SE 30.20   43
31   46.1  47.1  10:30pm  45.1  11:48pm    1    0 10.63   1   4  11:50pm  SE 30.20   43
---------------------------------------------------------------------------------------
TOT  49.7  78.3 10/18/09  27.1 10/29/09  400    6  1.50   2  28 10/27/09  SE 30.00   43

HEAT BASE: 65.0
COOL BASE: 65.0