NOAA-Style Climate Reports


Report for 2009 November
                  MONTHLY CLIMATOLOGICAL SUMMARY FOR 11/2009
                                        HEAT  COOL        
     MEAN                               DEG   DEG       WIND SPEED       DOM MEAN  MEAN
DAY  TEMP  HIGH   TIME     LOW   TIME   DAYS  DAYS RAIN AVG  HI  TIME    DIR BAROM HUM
---------------------------------------------------------------------------------------
1    54.2  62.1   4:23pm  43.2   8:12am    7    0  0.00   2   8   1:47pm  SE 30.21   34
2    49.6  59.5   3:16pm  39.9   5:51am   15    0  0.00   1   7  12:54pm  SE 30.27   42
3    52.2  62.6   3:25pm  43.7   8:03am   13    0  0.00   1   8   2:08am  SE 30.23   34
4    55.7  68.7   8:29pm  43.7   4:32am   10    0  0.00   2  15  11:06pm  NW 30.18   26
5    67.0  71.6   3:20pm  62.6   5:10am    0    2  0.00   3  21   4:05pm   S 30.09   13
6    59.4  66.4  11:32am  49.1  11:51pm    6    0  0.00   2  21   4:08am  SE 30.00   16
7    51.2  58.1   1:48pm  42.6  10:47pm   13    0  0.00   2   9   2:40pm SSE 29.96   28
8    44.1  51.4   3:25pm  35.6   8:05am    9    0  0.00   1   6   3:22am  SE 30.13   33
9    44.1  55.8   1:49pm  34.5   7:22am   21    0  0.00   1   6  12:03pm NNW 30.17   33
10   51.1  61.2  11:38am  46.0   7:08pm   14    0  0.00   1  21  12:09pm  SE 30.17   31
11   56.1  62.4   4:39pm  46.0   4:09am    9    0  0.00   2  19   9:03am  SE 30.03   26
12   49.4  60.3  12:22am  34.9   9:44pm   15    0  0.00   1  17   5:13am  SE 29.78   40
13   34.8  41.5   2:12pm  29.3   7:23am   30    0  0.00   1   9  12:33pm  SE 29.85   51
14   29.3  39.4  11:00am  22.5  11:04pm   36    0  0.04   2  15  11:34am  SE 29.96   71
15   26.4  35.1  12:51pm  19.0   6:48am   38    0  0.00   2   8   2:47pm  SE 30.29   57
16   31.2  42.1   3:41pm  23.0   4:24am   34    0  0.00   1   6  11:45am  SE 30.32   46
17   37.3  49.3   2:40pm  28.8   5:36am   28    0  0.08   1   6   1:07pm  NW 30.14   44
18   41.0  51.8  12:06pm  35.6   1:40am   24    0  0.00   1   9   8:02am  SE 30.00   43
19   37.6  47.7   2:02pm  30.7   7:43am   27    0  0.00   1   8  12:01pm  SE 30.19   50
20   46.0  56.8  12:50pm  32.7   4:33am   19    0  0.00   2  27  10:04pm ESE 29.98   25
21   39.2  54.3  12:00am  30.0  11:41pm   26    0  0.00   2  20   1:37am  SE 29.96   38
22   34.2  47.3   2:20pm  27.7  11:11pm   30    0  0.00   2  25  10:45am  SE 29.98   55
23   30.6  38.8   1:15pm  24.8  11:59pm   34    0  0.00   1   8   2:52pm  SE 30.28   57
24   29.7  38.1   1:52pm  23.5   5:29am   35    0  0.04   1   6   3:27pm  SE 30.35   52
25   32.0  42.3   1:56pm  25.3   7:28am   33    0  0.00   1   6  12:09pm  NW 30.34   54
26   35.7  46.2   2:06pm  28.4   5:37am   29    0  0.08   1   6   1:45pm  NW 30.23   51
27   39.3  48.7  10:47am  33.6   1:04am   26    0  0.00   2  17  10:41am ESE 29.97   43
28   38.4  47.1   2:55pm  32.2   4:09am   26    0  0.00   2  14   8:49pm  SE 29.93   53
29   35.8  44.2   1:17pm  28.6   8:06am   28    0  0.00   3  11   2:15am  SE 30.14   43
30   34.2  44.1   2:08pm  27.7   7:33am   31    0  0.00   1   6   1:04pm ESE 30.18   48
---------------------------------------------------------------------------------------
TOT  42.1  71.6  11/5/09  19.0 11/15/09  666    3  0.24   2  27 11/20/09  SE 30.11   41

HEAT BASE: 65.0
COOL BASE: 65.0