NOAA-Style Climate Reports


Report for 2009 December
                  MONTHLY CLIMATOLOGICAL SUMMARY FOR 12/2009
                                        HEAT  COOL        
     MEAN                               DEG   DEG       WIND SPEED       DOM MEAN  MEAN
DAY  TEMP  HIGH   TIME     LOW   TIME   DAYS  DAYS RAIN AVG  HI  TIME    DIR BAROM HUM
---------------------------------------------------------------------------------------
1    35.5  44.4   1:20pm  29.5   6:47am   30    0  0.00   2   7   5:37pm ESE 29.99   43
2    28.5  34.7   1:01pm  21.9  10:57pm   36    0  0.00   2   8   1:43pm ESE 30.01   41
3    21.5  28.4   1:42pm  16.2   7:56am   43    0  0.00   2  10  11:36am  SE 30.13   35
4    25.4  35.8   3:01pm  17.4   4:00am   40    0  0.00   2   9   6:19am ESE 30.07   25
5    22.6  28.9  12:27am  14.7  10:09pm   41    0  0.00   2  10   2:57pm ESE 29.78   48
6    17.0  24.4   1:27pm  11.8   8:19am   38    0  0.00   1  12   4:47pm  SE 29.77   58
7    19.9  24.4   3:20pm  16.3   8:32am   36    0  0.00   1   7  12:54am NNW 29.61   67
8    14.3  20.8  12:04am   8.2  11:51pm   50    0  0.00   3   9   3:46am  SE 29.73   73
9    15.4  24.4   1:19pm   8.4  12:00am   49    0  0.00   3  13   2:46pm  SE 29.97   47
10   16.4  26.1   1:09pm  10.8   7:22am   49    0  0.00   2   8   5:07am ESE 30.01   42
11   17.5  25.2  11:54pm   9.0   6:40am   47    0  0.00   1   6   9:21pm ESE 29.97   47
12   32.4  41.0  11:01pm  20.3   1:27am   32    0  0.12   8  37   3:01pm  SE 29.85   64
13   34.2  38.5   1:28am  31.6   5:38am   31    0  0.31   2  28   3:52am  SE 29.73   86
14   34.4  39.7  11:52am  29.8   7:02pm   31    0  0.04   2  15  10:54pm ESE 30.07   57
15   35.6  42.3  11:43am  30.0   7:20am   29    0  0.00   4  23   2:49am  SE 30.21   41
16   37.5  45.1  11:45am  33.4  11:58pm   27    0  0.12   1   9   6:10pm ESE 30.22   47
17   35.1  42.3  12:06pm  29.5  10:35pm   30    0  0.00   1   5   2:31am ESE 30.24   62
18   31.3  37.6   1:38pm  27.0  11:50pm   34    0  0.00   1   6   6:29pm ESE 30.23   70
19   29.9  37.2  11:23am  24.4   6:37am   35    0  0.00   1   9   6:10pm ESE 30.24   68
20   27.6  35.6  10:04am  22.8   8:19pm   37    0  0.00   1   8  10:46pm  NW 30.13   69
21   25.2  32.5   2:34pm  20.3   5:42am   40    0  0.00   2   8  11:52pm ESE 29.97   80
22   28.0  42.1  12:22am  24.6   9:45am   37    0  0.00   2  22  12:19am  NW 29.71   76
23   24.8  27.9  10:03am  19.0  11:56pm   40    0  0.00   1   8   4:12am WSW 30.02   87
24   21.5  31.5   1:02pm  16.3   9:57pm   44    0  0.00   1   6   1:36pm  SE 30.20   67
25   18.7  26.4   2:04pm  13.6   7:14am   46    0  0.00   1   6  12:39pm  NW 30.13   68
26   17.5  25.5   2:30pm  12.9   8:24am   47    0  0.00   1   6   4:23am  NW 30.14   69
27   15.7  24.4  12:45pm  11.8   4:34am   49    0  0.00   1   7   1:51pm  NW 30.19   72
28   15.3  23.4   1:22pm  10.6   7:02am   50    0  0.00   1   6   1:27pm  NW 30.22   73
29   17.3  22.8  11:52pm  12.2  12:23am   48    0  0.00   1   5   8:54am  NW 30.02   79
30   25.0  31.5   1:21pm  21.4  12:26am   40    0  0.00   0  12   1:42am NNE 30.00   83
31   28.6  35.8   1:17pm  23.9   1:08am   36    0  0.00   2  17  12:58pm  SE 30.25   58
---------------------------------------------------------------------------------------
TOT  24.9  45.1 12/16/09   8.2  12/8/09 1221    0  0.59   2  37 12/12/09 ESE 30.03   61

HEAT BASE: 65.0
COOL BASE: 65.0