NOAA-Style Climate Reports


Report for 2010 January
                  MONTHLY CLIMATOLOGICAL SUMMARY FOR 1/2010
                                        HEAT  COOL        
     MEAN                               DEG   DEG       WIND SPEED       DOM MEAN  MEAN
DAY  TEMP  HIGH   TIME     LOW   TIME   DAYS  DAYS RAIN AVG  HI  TIME    DIR BAROM HUM
---------------------------------------------------------------------------------------
1    35.7  42.1   3:18pm  29.8   5:39am   29    0  0.00   3  18   8:22pm ESE 30.22   54
2    35.0  43.3  12:48pm  27.7  11:54pm   30    0  0.00   2  15   4:21am ESE 30.19   60
3    31.1  40.5  12:41pm  26.2  10:40pm   34    0  0.00   1   6   2:49pm  NW 30.28   58
4    28.4  37.2  12:06pm  23.5   7:21am   37    0  0.00   1   9   8:20pm  NW 30.24   59
5    29.7  34.0  12:54pm  23.5   4:09am   35    0  0.00   1   9   2:40am  NW 30.15   65
6    34.6  41.0  12:46pm  25.9  11:57pm   30    0  0.00   1   8   3:02pm ESE 30.13   62
7    23.1  29.7   1:39pm  16.5  11:33pm   42    0  0.00   1  10   1:27am  NW 30.24   55
8    20.4  29.5   3:49pm  13.8   7:55am   45    0  0.00   1   6   1:53pm  NW 30.29   55
9    25.0  34.9  10:17pm  19.8  12:00am   40    0  0.00   1   6   2:15pm  NW 30.29   59
10   27.3  36.0   1:42pm  22.3   7:34am   38    0  0.00   1   6   1:51pm  NW 30.31   60
11   27.7  36.9   2:43pm  21.0   6:19am   37    0  0.00   1   6  12:35pm  NW 30.31   63
12   34.5  49.5   3:23pm  24.4  12:49am   30    0  0.00   3  26   2:59pm   E 30.15   44
13   35.9  47.3  11:52am  28.6   9:03pm   29    0  0.00   1   6  10:52am ESE 30.02   45
14   31.0  39.2   2:37pm  24.1  10:40pm   34    0  0.00   1   7   1:16pm  NW 30.25   72
15   28.6  37.2   3:36pm  20.1   6:25am   36    0  0.00   1   6   3:48pm  NW 30.27   67
16   28.5  36.5  11:33am  23.9   3:50am   36    0  0.00   2   9   8:12pm ESE 30.04   61
17   27.6  35.8   2:11pm  18.7   7:01am   37    0  0.00   2   9   8:33pm ESE 29.93   68
18   36.1  43.5   3:52pm  23.2  12:56am   29    0  0.04   5  23  11:03am  SE 29.82   62
19   39.2  44.1   3:27pm  32.7   6:55am   26    0  0.08  10  32   2:52am  SE 29.68   52
20   35.7  41.2   3:15pm  30.6   6:08am   29    0  0.00   4  24   9:58pm  SE 29.59   58
21   37.7  43.2   1:47pm  32.2   5:50am   27    0  0.00   7  32   7:40pm  SE 29.43   55
22   36.3  41.5  12:00am  30.9  11:25pm   29    0  0.00  11  34   9:12am  SE 29.36   59
23   30.5  34.3  12:54pm  27.3   9:35am   34    0  0.00   2  13   9:08am   S 29.78   67
24   29.7  36.7   2:16pm  25.3  11:56pm   35    0  0.00   3   8   9:10pm ESE 30.09   50
25   31.6  43.3   2:04pm  24.3  12:57am   33    0  0.00   2   9  10:17pm ESE 30.07   46
26   32.1  38.5   3:16pm  27.7   7:18am   33    0  0.08   1   7   1:04pm NNW 29.98   71
27   32.6  37.4  11:39am  28.8  12:01am   32    0  0.04   1   6   2:01pm  NW 30.02   78
28   31.9  40.3   3:29pm  25.5  11:40pm   33    0  0.00   2  10   4:43pm  SE 30.12   61
29   28.5  36.0   2:08pm  23.4   6:39am   36    0  0.00   1   8   3:10pm  NW 30.12   65
30   28.7  38.5  12:41pm  22.3   7:56am   36    0  0.00   1   6  12:18pm  NW 29.99   67
31   34.1  45.1   1:56pm  27.5   1:22am   31    0  0.16   2  16  11:59am  SE 29.96   68
---------------------------------------------------------------------------------------
TOT  31.3  49.5  1/12/10  13.8   1/8/10 1044    0  0.39   2  34  1/22/10 ESE 30.04   60

HEAT BASE: 65.0
COOL BASE: 65.0