NOAA-Style Climate Reports


Report for 2010 February
                  MONTHLY CLIMATOLOGICAL SUMMARY FOR 2/2010
                                        HEAT  COOL        
     MEAN                               DEG   DEG       WIND SPEED       DOM MEAN  MEAN
DAY  TEMP  HIGH   TIME     LOW   TIME   DAYS  DAYS RAIN AVG  HI  TIME    DIR BAROM HUM
---------------------------------------------------------------------------------------
1    35.5  45.3   2:28pm  29.3   8:28am   29    0  0.00   3   9   7:21pm  SE 30.02   47
2    33.6  43.2   4:21pm  27.0   4:30am   31    0  0.00   1   6  12:46pm ESE 29.96   40
3    35.7  43.0   1:32pm  29.5  12:00am   29    0  0.00   1   8   8:06pm  NW 29.86   44
4    36.5  46.6   2:21pm  29.7   6:33am   28    0  0.00   2  11   2:52pm ESE 29.91   50
5    37.6  41.5   4:44pm  34.0  12:14am   27    0  0.00   1  15   4:10pm   S 29.97   57
6    38.5  44.2   3:17pm  34.9   7:07am   26    0  0.08   1   8   1:11am  SE 29.94   80
7    36.7  45.7   2:19pm  31.5  11:55pm   28    0  0.00   3  15   5:49pm   E 29.82   58
8    31.2  39.6   2:37pm  24.8   8:38am   34    0  0.00   2   9   2:47am  SE 29.96   49
9    31.0  40.8   2:11pm  23.9   5:26am   34    0  0.00   2  11   2:31pm ESE 29.98   48
10   32.8  39.9   3:37pm  26.8   1:57am   32    0  0.00   1   8   2:51pm  NW 29.98   49
11   35.3  42.4   2:59pm  30.4   3:26am   29    0  0.12   3  17  11:24pm ESE 30.05   60
12   40.0  46.6   3:45pm  32.7   7:26am   25    0  0.00   5  26   3:25am  SE 30.10   46
13   38.2  42.3   2:06am  34.2  11:50pm   27    0  0.08   1  11   8:03am ESE 30.15   64
14   38.7  46.6   1:48pm  33.8   1:36am   26    0  0.00   2   9   1:55pm  SE 30.20   57
15   36.6  39.4  12:39am  33.6  10:30pm   28    0  0.12   0   6   6:52am ESE 30.15   79
16   36.2  44.8   2:57pm  32.0   7:30am   29    0  0.00   1   9   4:09pm  NW 30.19   77
17   35.5  39.0   2:38pm  32.4   6:38am   29    0  0.00   1   5   3:53pm  NW 30.13   80
18   36.3  44.2   2:36pm  29.7  11:47pm   29    0  0.00   2  10   2:36pm  NW 29.99   65
19   30.9  33.3   4:39am  26.4  11:46pm   34    0  0.00   1   6   7:20am NNW 29.89   79
20   28.7  35.2   1:09pm  24.6   5:59am   36    0  0.04   2  11   3:18pm  NW 29.83   56
21   26.6  32.0   5:29pm  22.8  11:37pm   38    0  0.00   2   9  11:12am  NW 29.88   56
22   25.4  32.9   3:14pm  18.1   6:15am   39    0  0.00   3  13   3:48pm  NW 30.08   44
23   30.3  41.4   3:08pm  20.7   5:26am   35    0  0.00   2   8   2:26pm  SE 30.21   37
24   33.6  39.2   1:35pm  28.2   3:17am   31    0  0.04   3  28  12:41pm  SE 30.02   59
25   35.3  43.5   5:01pm  32.5   4:11am   30    0  0.20   1   7   2:09pm  SE 30.13   76
26   38.8  49.1   3:24pm  28.9   6:41am   26    0  0.20   3  15  10:47pm ESE 30.16   39
27   42.6  54.3   2:01pm  36.0   7:22am   22    0  0.00   2  11   5:27am  SE 29.86   31
28   38.0  47.3   1:51pm  31.6   7:41am   26    0  0.00   2  11   5:33pm  SE 29.93   52
---------------------------------------------------------------------------------------
TOT  34.9  54.3  2/27/10  18.1  2/22/10  839    0  0.87   2  28  2/24/10  SE 30.01   56

HEAT BASE: 65.0
COOL BASE: 65.0