NOAA-Style Climate Reports


Report for 2010 March
                  MONTHLY CLIMATOLOGICAL SUMMARY FOR 3/2010
                                        HEAT  COOL        
     MEAN                               DEG   DEG       WIND SPEED       DOM MEAN  MEAN
DAY  TEMP  HIGH   TIME     LOW   TIME   DAYS  DAYS RAIN AVG  HI  TIME    DIR BAROM HUM
---------------------------------------------------------------------------------------
1    38.9  49.3   4:33pm  30.4   5:51am   26    0  0.00   2   9  12:46pm  NW 30.16   58
2    45.2  52.9   1:03pm  35.8   4:06am   20    0  0.00   5  18  12:46pm  SE 30.02   31
3    47.4  53.4   3:05pm  43.3   8:02am   18    0  0.00   9  24   4:26am  SE 29.92   35
4    41.7  53.1  12:31pm  31.5  11:43pm   23    0  0.00   4  23   2:13pm ESE 29.81   52
5    36.2  46.8   3:30pm  31.1  12:58am   29    0  0.35   1   6   8:01pm  SE 30.02   76
6    40.4  51.8   2:54pm  31.5   7:18am   24    0  0.31   2   6   3:59am  SE 30.04   45
7    41.2  48.6   3:56pm  37.0   2:13am   24    0  0.00   2  17   1:38pm ESE 29.87   49
8    41.3  50.5   4:13pm  34.3   2:23am   24    0  0.00   2  12  11:15pm ESE 29.87   60
9    39.1  46.0   9:41am  30.9  11:44pm   26    0  0.24   3  25   2:34am  NW 29.77   64
10   30.7  35.6   4:26pm  25.9  11:55pm   34    0  0.00   3  16   3:05pm NNW 29.86   53
11   32.6  40.6   4:34pm  24.3   3:49am   32    0  0.00   3  11  12:18pm ESE 30.11   39
12   41.0  52.3   4:00pm  29.5   4:05am   23    0  0.00   2  14  10:20pm  SE 30.09   33
13   39.0  50.4  12:00am  31.3  11:04pm   26    0  0.04   5  26   5:33am  SE 29.84   64
14   37.6  46.6   6:18pm  31.1  12:15am   26    0  0.31   1  16  11:49pm SSW 30.09   74
15   42.3  52.0   2:40pm  34.7   8:09am   23    0  0.00   3  18   1:44am  NW 30.36   51
16   46.5  58.1   5:39pm  36.3   5:41am   18    0  0.00   2  10   3:40pm ESE 30.41   41
17   49.9  61.3   4:32pm  40.1   7:40am   15    0  0.00   2  10   2:21pm ESE 30.26   37
18   45.1  53.1   2:01pm  36.7  11:59pm   20    0  0.04   3  15   3:03pm NNW 30.04   47
19   36.4  43.7   2:58pm  32.7   3:51am   28    0  0.00   4  17   7:50pm ESE 30.10   44
20   39.0  48.6   6:02pm  29.1   7:45am   26    0  0.00   3  15  10:24pm ESE 30.28   34
21   48.7  62.8   5:34pm  35.4   6:55am   16    0  0.00   4  17   8:25pm ESE 30.17   23
22   44.8  52.9  12:45am  32.4  11:36pm   20    0  0.04   3  17   9:30pm NNW 30.01   46
23   36.8  45.3   6:46pm  30.4   2:10am   28    0  0.12   3  14   4:06pm NNW 30.11   56
24   42.3  51.4   4:54pm  32.9   7:20am   23    0  0.00   3  13  11:34pm  SE 30.15   35
25   46.2  53.8  11:34am  40.5   4:03am   18    0  0.00   6  30  11:50am  SE 29.94   26
26   36.0  41.4   4:49pm  32.2   1:49pm   29    0  0.16   2  17   1:43pm NNW 29.97   62
27   37.8  47.1   6:03pm  29.3   4:36am   27    0  0.00   3  13   3:44pm  NW 30.28   40
28   46.9  58.6   5:43pm  33.4   5:31am   18    0  0.00   4  18   9:45pm  SE 30.26   23
29   58.4  62.8   1:42pm  53.1   6:02am    7    0  0.00  15  38  11:45pm  SE 29.93   15
30   54.7  66.0   3:20pm  40.1  11:24pm   10    0  0.00  16  41  12:49pm  SE 29.67   22
31   33.1  40.5  12:26am  30.6   7:00am   32    0  0.00   1  13   1:37am NNW 29.75   82
---------------------------------------------------------------------------------------
TOT  41.9  66.0  3/30/10  24.3  3/11/10  712    0  1.61   4  41  3/30/10  SE 30.04   46

HEAT BASE: 65.0
COOL BASE: 65.0