NOAA-Style Climate Reports


Report for 2010 April
                  MONTHLY CLIMATOLOGICAL SUMMARY FOR 4/2010
                                        HEAT  COOL        
     MEAN                               DEG   DEG       WIND SPEED       DOM MEAN  MEAN
DAY  TEMP  HIGH   TIME     LOW   TIME   DAYS  DAYS RAIN AVG  HI  TIME    DIR BAROM HUM
---------------------------------------------------------------------------------------
1    32.9  41.4   2:02pm  28.2   8:00am   32    0  0.00   2  17   5:58pm WSW 29.80   72
2    35.5  43.9   1:56pm  29.8   6:37am   29    0  0.00   6  34  11:20pm   S 29.93   47
3    35.8  41.5   4:22pm  30.6   7:35am   29    0  0.16   2  35   1:22am SSE 29.89   48
4    38.2  46.9   2:55pm  27.1   6:52am   27    0  0.08   3  24   8:46pm  SE 29.88   52
5    40.9  48.6  11:54am  28.6  11:26pm   24    0  0.08   8  30   4:47am  SE 29.72   58
6    32.6  41.7   6:21pm  27.1   6:16am   32    0  0.20   3  22   5:18pm  NW 30.06   68
7    38.1  46.4  12:23pm  27.9   5:58am   27    0  0.04   3  12   4:09pm  SE 30.28   36
8    47.9  59.9   6:50pm  32.9   7:06am   17    0  0.00   5  21  10:15pm ESE 30.06   28
9    40.7  47.5   4:17pm  34.9   4:38am   24    0  0.00   3  12   2:18pm NNW 30.04   41
10   48.4  62.4   4:41pm  33.8   4:13am   17    0  0.00   3  22  10:16pm  NW 30.00   31
11   61.3  66.7   5:30pm  57.4   6:33am    4    0  0.00  11  31  12:36pm  SE 29.95   15
12   53.0  65.7  12:20pm  33.4  10:02pm   12    0  0.28   7  30   1:42pm  SE 29.80   38
13   40.6  49.3   4:52pm  32.2   4:34am   24    0  0.71   4  23   8:06pm  SE 29.91   64
14   48.3  60.4   6:33pm  36.0   7:28am   17    0  0.00   3  16   2:16am  SE 30.07   34
15   55.5  67.1   5:49pm  42.8   7:18am   10    0  0.00   2  11   4:25pm  NW 30.15   28
16   61.3  71.1   4:05pm  50.2   3:21am    5    1  0.00   4  20   7:40pm ESE 30.08   21
17   60.2  66.9   2:59pm  49.5   7:02am    5    0  0.00   4  13  12:00am  SE 30.07   23
18   62.8  72.7   3:25pm  49.6   7:17am    4    2  0.00   3  13   3:49pm ESE 30.04   20
19   65.6  75.7   2:08pm  53.4   7:24am    3    3  0.00   3  13   3:45pm  SE 29.98   17
20   66.6  73.8   5:48pm  59.2   4:55am    1    3  0.00   8  25   2:56am  SE 29.86   18
21   51.5  66.6  12:00am  42.8  11:20pm   13    0  0.51   4  18   1:14am NNW 29.69   66
22   42.3  51.3   6:03pm  33.6   7:41am   23    0  0.00   4  27   6:42am  NW 29.76   62
23   43.2  55.0   6:42pm  36.1   7:01am   22    0  0.31   2  16   6:59pm NNW 29.86   65
24   52.5  61.9   6:11pm  39.6   5:59am   12    0  0.00   3  16  11:33pm  SE 30.07   32
25   50.2  55.4   6:15pm  43.5   7:03am   15    0  0.00   3  15  11:47am  NW 30.14   34
26   52.7  61.5   6:04pm  40.3   6:15am   12    0  0.00   3  13  10:31pm ESE 30.10   29
27   63.0  71.1   2:58pm  51.6   2:53am    3    1  0.00  13  40   4:36pm SSE 29.80   18
28   42.8  64.8  12:02am  33.3   7:59am   22    0  0.12   5  38  12:20am SSE 29.71   46
29   35.2  44.4   2:23pm  29.1   8:56am   30    0  0.16   3  13   2:58pm NNW 29.74   66
30   37.5  46.0   5:37pm  31.6   4:37am   27    0  0.08   2  15  10:21pm NNW 29.85   66
---------------------------------------------------------------------------------------
TOT  47.9  75.7  4/19/10  27.1   4/4/10  522   11  2.72   4  40  4/27/10  SE 29.94   41

HEAT BASE: 65.0
COOL BASE: 65.0