NOAA-Style Climate Reports


Report for 2010 May
                  MONTHLY CLIMATOLOGICAL SUMMARY FOR 5/2010
                                        HEAT  COOL        
     MEAN                               DEG   DEG       WIND SPEED       DOM MEAN  MEAN
DAY  TEMP  HIGH   TIME     LOW   TIME   DAYS  DAYS RAIN AVG  HI  TIME    DIR BAROM HUM
---------------------------------------------------------------------------------------
1    39.7  50.2   3:43pm  33.4  10:03pm   25    0  0.12   3  15   7:47pm  NW 29.86   70
2    40.1  52.0   6:35pm  32.7   3:46am   25    0  0.24   2  11   6:26pm  SE 29.94   62
3    54.6  64.6   6:48pm  43.0   4:31am   10    0  0.00   9  28   9:54pm  SE 30.08   25
4    45.9  62.4  12:00am  37.4   8:45am   19    0  0.00   4  17   1:37am NNW 30.14   30
5    47.4  61.2   2:54pm  35.6   5:37am   18    0  0.00   3  17   4:03pm NNW 29.93   27
6    37.8  45.1   6:02pm  31.3   6:19am   27    0  0.00   3  14  12:18am NNW 30.10   37
7    43.6  54.5   6:37pm  32.0   5:02am   21    0  0.00   3  11  11:23am  NW 30.20   33
8    52.5  64.9   5:38pm  40.3   5:07am   12    0  0.00   2  12   6:07pm  NW 29.99   25
9    57.7  66.7   4:08pm  45.5   5:53am    7    0  0.00   4  15   4:46pm NNW 29.86   26
10   49.0  59.4   2:33pm  41.4   7:56am   16    0  0.28   4  20   9:02pm  NW 29.85   57
11   43.7  50.0   2:01am  38.5   9:38am   21    0  0.20   3  28   8:44am NNW 29.72   77
12   45.6  53.4   2:09pm  40.1   4:37am   19    0  0.00   3  17   2:25pm NNW 29.94   53
13   48.7  58.8   2:59pm  39.2   5:58am   16    0  0.00   3  12   5:00pm ESE 30.07   40
14   51.0  59.4   6:59pm  41.7   6:34am   14    0  0.04   2  17  12:55pm  SE 30.12   43
15   56.8  66.2   7:12pm  46.0   6:33am    8    0  0.00   3  12   3:21pm  NW 30.13   36
16   63.1  73.8   4:03pm  49.5   4:50am    4    2  0.00   3  15  11:39pm ESE 30.11   25
17   69.0  79.5   2:46pm  54.7   6:00am    1    5  0.00   4  20  10:25pm  SE 29.97   18
18   54.4  66.6  12:00am  47.7   9:18pm   11    0  0.28   5  20   5:11am  SE 29.92   53
19   54.6  64.6   7:11pm  44.1   4:10am   10    0  0.24   4  13  10:38pm  SE 30.05   52
20   57.0  63.1   9:26am  49.3  11:18pm    8    0  0.00   4  15   1:22am NNW 30.01   34
21   53.9  67.8   2:29pm  40.8  11:47pm   11    0  0.43   2  22   9:25pm NNW 29.82   47
22   43.4  52.0   5:52pm  34.3   3:26am   22    0  0.59   4  22   9:30am ESE 29.79   52
23   46.4  57.9   2:26pm  36.5   5:50am   19    0  0.35   4  17   1:37am  NW 29.76   42
24   42.3  53.8   5:34pm  33.3   8:47am   23    0  0.71   4  19   5:44pm  SE 29.88   66
25   54.6  68.2   6:21pm  39.6   6:19am   11    0  0.00   2  11  12:31am  SE 30.02   36
26   63.1  68.9   3:27pm  54.7   5:10am    2    0  0.00   5  15  11:07am ESE 29.92   20
27   66.6  72.1  12:10pm  61.7   7:07am    1    2  0.00   6  23  10:16am  SE 29.88   21
28   59.7  72.1  12:22pm  48.7  11:52pm    6    1  0.00   6  20   4:58am  SE 29.90   37
29   50.1  59.5   6:26pm  43.3   6:17am   15    0  0.04   3  11   2:04am  NW 30.14   46
30   55.4  63.7   6:27pm  42.8   5:14am    9    0  0.00   3  11   1:48pm ESE 30.15   33
31   62.0  74.3   2:11pm  49.8   6:15am    5    2  0.00   2  11   2:19pm ESE 30.03   30
---------------------------------------------------------------------------------------
TOT  51.9  79.5  5/17/10  31.3   5/6/10  417   14  3.50   4  28   5/3/10  SE 29.97   40

HEAT BASE: 65.0
COOL BASE: 65.0