NOAA-Style Climate Reports


Report for 2010 June
                  MONTHLY CLIMATOLOGICAL SUMMARY FOR 6/2010
                                        HEAT  COOL        
     MEAN                               DEG   DEG       WIND SPEED       DOM MEAN  MEAN
DAY  TEMP  HIGH   TIME     LOW   TIME   DAYS  DAYS RAIN AVG  HI  TIME    DIR BAROM HUM
---------------------------------------------------------------------------------------
1    58.0  66.7   5:15pm  51.6   9:47am    7    0  0.04   2  11   8:27am ESE 30.03   51
2    64.9  74.1   4:37pm  52.9   5:47am    3    3  0.00   4  15   3:35am ESE 30.04   41
3    68.4  75.6   6:36pm  61.3   6:17am    0    4  0.00   2  13  12:32am NNW 30.00   35
4    68.7  78.6   1:53pm  59.4  11:32pm    1    4  0.00   2  11   3:00pm NNW 30.02   39
5    67.9  77.9   7:29pm  57.2   5:39am    2    5  0.00   2  13   4:01pm NNW 30.15   42
6    74.4  88.3   7:13pm  61.7   4:48am    0   10  0.00   2  22   9:26pm  NW 30.10   34
7    66.6  76.6   2:21pm  58.1   5:48am    2    3  0.00   2  12   4:13pm NNW 30.05   48
8    66.4  76.6   7:15pm  54.7   6:10am    2    4  0.00   2  21   2:08am  NW 30.11   34
9    69.3  80.8  12:19pm  58.5  10:43pm    1    5  0.08   2  23   7:27pm   E 29.96   36
10   61.6  70.7  12:56pm  51.1  11:59pm    4    1  0.16   4  17   8:12am ESE 29.89   45
11   48.6  55.0  12:42pm  45.3   4:55am   16    0  0.28   2  11   2:34pm NNW 30.01   65
12   51.4  57.9   3:56pm  46.4   5:21am   14    0  0.12   4  26   8:50am   E 30.01   58
13   52.8  59.5   7:48pm  48.4   2:29am   12    0  0.12   2   8  11:58pm  SE 30.13   62
14   61.2  73.2   7:10pm  48.7   2:37am    6    2  0.00   3  15  10:33pm ESE 30.15   47
15   70.1  81.3   5:02pm  55.4   5:37am    2    7  0.00   7  25  12:48pm  SE 29.97   22
16   63.2  77.4   1:07pm  40.3  11:34pm    6    4  0.04   8  37   1:37pm  SE 29.87   36
17   55.2  67.6   7:19pm  40.8   4:08am   10    0  0.04   3  10   2:35pm  SE 30.11   31
18   65.2  79.2   7:16pm  49.5   5:21am    5    5  0.00   3  12   9:41pm ESE 30.02   25
19   76.2  84.7   4:16pm  62.1   2:28am    0   11  0.00  10  25   4:52am  SE 29.98   12
20   76.1  82.8   5:47pm  69.6   6:24am    0   11  0.00  10  25   5:56am  SE 29.98   10
21   66.1  77.0   6:50pm  53.2   6:34am    2    4  0.00   2  10  12:25am  NW 30.05   36
22   67.2  76.6   6:59pm  55.9   5:34am    2    4  0.00   2  11   1:19pm  NW 30.13   30
23   73.6  85.8   5:08pm  59.2   6:49am    1    9  0.00   2  17  10:33pm ESE 30.18   20
24   78.3  90.3   4:41pm  63.7   5:31am    0   13  0.00   4  24  11:21pm ESE 30.06   17
25   80.8  91.0   5:02pm  67.5   6:39am    0   16  0.00   5  25  10:46pm  SE 30.00   12
26   74.0  81.7   6:20pm  61.9   6:40am    0    9  0.00   3  27  12:31am NNW 30.07   27
27   73.1  84.0   7:35pm  58.8   6:31am    1    9  0.00   2   9   1:05pm ESE 30.10   22
28   78.8  90.7   7:27pm  64.8   3:41am    0   14  0.00   2  12  11:52pm  SE 30.08   19
29   82.4  92.3   2:09pm  70.5   3:11am    0   17  0.00   6  26   5:47pm ESE 30.04   13
30   82.7  89.2   4:32pm  79.3  10:06am    0   18  0.00  11  32   7:34am  SE 30.00   13
---------------------------------------------------------------------------------------
TOT  68.1  92.3  6/29/10  40.3  6/16/10   96  189  0.87   4  37  6/16/10  SE 30.04   33

HEAT BASE: 65.0
COOL BASE: 65.0