NOAA-Style Climate Reports


Report for 2010 July
                  MONTHLY CLIMATOLOGICAL SUMMARY FOR 7/2010
                                        HEAT  COOL        
     MEAN                               DEG   DEG       WIND SPEED       DOM MEAN  MEAN
DAY  TEMP  HIGH   TIME     LOW   TIME   DAYS  DAYS RAIN AVG  HI  TIME    DIR BAROM HUM
---------------------------------------------------------------------------------------
1    83.8  92.8   5:14pm  76.6   6:42am    0   19  0.00  11  28   5:28am  SE 29.96   11
2    82.9  90.7   2:21pm  71.2  11:16pm    0   18  0.00   8  31  11:54am  SE 29.86   10
3    66.1  73.9  12:08am  55.8   6:50am    2    3  0.00   3  17  11:52pm NNW 29.94   32
4    65.3  74.8   7:30pm  55.6   6:19am    2    3  0.00   3  15  12:01am ESE 30.06   27
5    73.7  84.0   7:24pm  61.0   2:16am    0    9  0.00   4  15  10:37pm  SE 30.05   14
6    70.2  78.6   6:26pm  58.1   6:44am    1    6  0.00   2  15  12:02am NNW 30.04   24
7    72.3  83.7   6:44pm  60.1   6:21am    0    8  0.00   2  11   1:48am  SE 30.08   25
8    76.6  88.3   7:09pm  64.8   5:43am    0   12  0.00   3  23   5:16pm ESE 30.13   22
9    78.5  88.5  12:25pm  67.3   6:26am    0   13  0.00   3  20   2:35pm ESE 30.14   17
10   79.2  89.2   5:08pm  65.7   4:17am    0   14  0.00   3  25  12:54am ESE 30.10   20
11   79.2  87.3   6:33pm  72.0   3:18am    0   13  0.00   4  25   9:44am ESE 30.02   17
12   82.4  93.0   7:52pm  67.1   6:45am    0   17  0.00   4  18   3:41am  SE 29.96   16
13   79.2  89.2   5:55pm  68.0   5:58am    0   14  0.00   3  26  10:10pm  SE 29.96   20
14   74.3  84.9   6:54pm  62.2   5:49am    0    9  0.00   2  17  12:36am NNW 30.13   21
15   77.3  90.0   6:57pm  63.3   6:31am    0   12  0.00   2   8   9:23pm ESE 30.20   18
16   83.2  97.7   4:09pm  68.2   5:58am    0   18  0.00   2   8  11:55pm  SE 30.14   12
17   85.3  94.5   6:55pm  77.5   7:28am    0   20  0.00   2  13  12:14am ESE 30.11   15
18   86.2  96.4   7:18pm  72.1   7:00am    0   21  0.00   2  13  11:54pm ESE 30.06   16
19   83.0  91.2   6:43pm  72.3   6:04am    0   18  0.00   2  15  12:11am  SE 30.01   15
20   79.5  90.9   2:54pm  66.2   6:53am    0   14  0.00   2  26  10:42pm ESE 29.99   17
21   83.5  90.3   1:40pm  73.8   4:19am    0   18  0.04  10  30   7:38am  SE 29.89   20
22   81.5  90.7   6:17pm  69.8   5:21am    0   16  0.00   4  22  12:05am  SE 29.96   17
23   80.6  90.0   6:42pm  67.8   6:39am    0   15  0.00   2  11  12:00am ESE 28.56   14
24   79.8  92.5   7:09pm  67.1   4:58am    0   15  0.00   2   7   1:01pm ESE 22.93   17
25   81.7  94.8   6:23pm  67.6   6:36am    0   15  0.00   2  15  11:42pm ESE 22.93   14
26   80.2  91.0   1:57pm  66.0  11:42pm    0   15  0.00   3  23   7:04pm  SE 22.93   19
27   76.4  89.2   5:43pm  64.8   5:43am    0   11  0.00   2  17  10:29pm ESE 22.93   35
28   77.1  89.2   4:04pm  67.1   1:38am    0   12  0.04   3  17   2:02am ESE 22.93   34
29   78.4  89.2   7:28pm  69.1   7:23am    0   13  0.00   3  20   2:55pm  SE 22.93   33
30   80.9  92.8   7:20pm  66.4   5:15am    0   16  0.00   3  12  11:32pm ESE 22.93   27
31   81.0  92.3   4:10pm  72.3   7:00pm    0   16  0.00   3  20   7:50pm ESE 22.93   27
---------------------------------------------------------------------------------------
TOT  78.7  97.7  7/16/10  55.6   7/4/10    6  424  0.08   3  31   7/2/10  SE 28.16   20

HEAT BASE: 65.0
COOL BASE: 65.0