NOAA-Style Climate Reports


Report for 2010 August
                  MONTHLY CLIMATOLOGICAL SUMMARY FOR 8/2010
                                        HEAT  COOL        
     MEAN                               DEG   DEG       WIND SPEED       DOM MEAN  MEAN
DAY  TEMP  HIGH   TIME     LOW   TIME   DAYS  DAYS RAIN AVG  HI  TIME    DIR BAROM HUM
---------------------------------------------------------------------------------------
1    79.8  89.2   6:10pm  67.1   3:21am    0   15  0.04   2  13   3:29am ESE 22.93   35
2    82.0  91.2   6:39pm  68.5   6:10am    0   17  0.00   3  17  10:12pm ESE 22.93   27
3    83.6  93.2   6:43pm  66.2   1:51am    0   18  0.31   7  31   1:40am  SE 22.93   19
4    80.0  87.6  12:49pm  64.6   2:07pm    0   15  0.31   8  29   6:15am  SE 22.93   21
5    77.8  88.7   3:32pm  68.0   4:23am    0   13  0.00   5  25  10:58pm  SE 22.93   26
6    80.4  90.9   4:30pm  70.2   6:17am    0   15  0.00   8  26   6:09pm  SE 22.93   20
7    76.5  86.0   1:48pm  63.0   4:42pm    0   11  0.08   7  25   2:47pm  SE 23.66   23
8    74.6  83.7   4:20pm  65.5   4:06am    0    9  0.00   7  25   6:49am  SE 30.05   25
9    73.4  80.6   2:30pm  64.9   6:09am    0    8  0.00   7  29   2:50am  SE 30.08   23
10   79.3  86.5   5:08pm  72.1  12:00am    0   14  0.00   8  23   1:51pm  SE 30.07   11
11   80.4  87.6   3:55pm  73.2   6:41am    0   15  0.00   9  25  11:37am  SE 30.02   10
12   70.0  77.4  12:00am  59.7   6:48am    0    5  0.00   3  20  12:00am  SE 30.04   22
13   72.1  84.6   6:37pm  58.5   6:33am    1    8  0.00   2   8  12:46pm ESE 30.05   21
14   73.5  84.9   6:19pm  60.4   6:59am    0    9  0.00   2   8   1:51pm ESE 30.10   22
15   78.8  91.9   6:16pm  64.2   6:41am    0   14  0.00   2  13   2:11am ESE 30.13   18
16   81.8  91.6   1:52pm  69.3   6:36am    0   17  0.00   4  19  11:45pm ESE 30.09   13
17   81.7  92.1   6:21pm  66.7   5:11am    0   17  0.00   4  20  12:46am ESE 30.12   13
18   82.9  91.8   2:34pm  71.6  11:01pm    0   18  0.00   8  31  11:52pm  SE 30.09   19
19   67.8  75.9   6:43pm  55.8  12:53pm    1    4  0.31   4  32  12:38am ESE 30.10   40
20   76.5  89.6   4:19pm  63.0   3:01am    0   12  0.00   4  21   2:16pm  SE 30.05   22
21   85.3  92.7   5:28pm  78.4   7:35am    0   20  0.00  10  25   8:20am  SE 30.03   12
22   77.3  89.2   1:29pm  56.3  11:31pm    1   13  0.04   9  39   4:31pm  SE 30.05   24
23   63.9  73.4   6:11pm  54.5   6:40am    3    2  0.00   2   8   2:08pm  SE 30.32   34
24   68.2  82.0   6:14pm  55.8   7:32am    2    5  0.00   2   6   1:14pm ESE 30.31   25
25   76.1  90.0   6:38pm  60.6   6:48am    0   12  0.00   2   8  11:26pm ESE 30.25   20
26   83.2  94.3   4:57pm  70.0   5:49am    0   18  0.00   5  21  11:23pm ESE 30.14   11
27   77.1  86.5   3:49pm  64.8  10:45pm    0   12  0.04   8  28   9:26pm  SE 29.99   24
28   77.0  84.7   4:41pm  67.5   1:56am    0   12  0.08  12  32   9:58am  SE 29.78   22
29   66.7  74.5  12:00am  58.3  11:58pm    1    3  0.00   3  20  12:12am NNW 29.81   26
30   55.7  63.1   6:54pm  46.2   7:17am    9    0  0.28   3  23   8:12am  SE 29.99   45
31   62.5  72.7   6:47pm  51.6   7:33am    4    2  0.00   2   9   3:25am ESE 30.14   26
---------------------------------------------------------------------------------------
TOT  75.7  94.3  8/26/10  46.2  8/30/10   24  352  1.50   5  39  8/22/10  SE 28.48   22

HEAT BASE: 65.0
COOL BASE: 65.0