NOAA-Style Climate Reports


Report for 2010 September
                  MONTHLY CLIMATOLOGICAL SUMMARY FOR 9/2010
                                        HEAT  COOL        
     MEAN                               DEG   DEG       WIND SPEED       DOM MEAN  MEAN
DAY  TEMP  HIGH   TIME     LOW   TIME   DAYS  DAYS RAIN AVG  HI  TIME    DIR BAROM HUM
---------------------------------------------------------------------------------------
1    65.7  75.9   6:37pm  53.8   7:34am    3    3  0.00   2   9   2:32pm ESE 30.15   24
2    66.6  77.5   6:30pm  55.6   7:39am    2    4  0.00   2   6   1:33pm  SE 30.24   29
3    71.9  87.1   6:29pm  57.2   7:30am    2    8  0.00   2   8   2:59pm ESE 30.23   25
4    79.4  91.0   6:13pm  66.4   7:47am    0   14  0.00   3  12   8:24am  SE 30.08   15
5    70.3  78.1  11:35am  51.1  11:54pm    1    6  0.00   4  25   5:57pm NNW 29.96   13
6    55.9  66.7   6:43pm  45.9   5:11am    9    0  0.00   2   8  12:32pm ESE 30.13   15
7    66.6  85.1   5:28pm  48.6   7:21am    5    7  0.00   3  24   9:51pm ESE 30.01   16
8    73.3  81.5   4:45pm  60.3   1:45am    0    8  0.00  10  28   7:29am  SE 29.88   20
9    58.6  72.7  12:00am  50.9  10:19am    7    1  0.16   5  28   3:24am  SE 29.91   38
10   54.3  63.0   6:09pm  47.3   6:26am   11    0  0.04   3  16   1:03am  SE 30.18   45
11   62.1  74.8   6:21pm  48.0   7:51am    5    2  0.00   2   9   4:43am  SE 30.24   25
12   69.2  83.1   4:46pm  55.0   5:44am    2    6  0.00   2   8  12:00am ESE 30.19   16
13   74.6  83.8   3:32pm  61.3   7:55am    0   10  0.00   4  17  11:50am ESE 30.13   13
14   73.7  82.6   3:22pm  62.4  11:58pm    0    9  0.00   8  24   3:18am  SE 30.08   13
15   68.5  80.1   3:53pm  56.1   7:42am    2    5  0.00   2   8   4:12pm ESE 30.16   21
16   71.7  84.0   2:10pm  58.1   8:02am    1    8  0.00   2  10   1:36pm ESE 30.13   15
17   75.4  87.1   4:04pm  61.3   6:28am    0   11  0.00   5  23   1:43pm ESE 30.05   12
18   79.4  87.8   6:06pm  73.2   7:53am    0   14  0.00   9  27   4:55am  SE 30.06   10
19   81.8  90.1   4:15pm  75.7   3:59am    0   17  0.00  12  28  10:47pm  SE 29.99    9
20   65.3  78.4  12:00am  55.0   7:40am    2    3  0.00   3  26  12:41am NNW 29.99   21
21   67.5  82.6   3:36pm  52.5   8:14am    4    6  0.00   3  24   2:13pm ESE 29.90   19
22   69.2  75.7  12:00am  58.8  10:47pm    1    5  0.04   7  24   8:26am  SE 29.81   26
23   63.4  71.1   5:40pm  53.8   5:50am    3    1  0.00   3  14  11:44pm  SE 30.09   25
24   67.6  78.1   5:47pm  54.7   8:14am    1    4  0.00   2  14   2:47am ESE 30.27   16
25   67.8  80.4   5:51pm  56.3   7:12am    2    5  0.00   1   6   3:52pm ESE 30.33   17
26   71.4  84.9   5:48pm  58.5   6:54am    1    7  0.00   1   8   2:06pm ESE 30.23   19
27   71.3  85.1   6:06pm  60.1   7:08am    1    7  0.00   1   5   2:26pm ESE 30.24   14
28   73.2  87.1   5:44pm  59.9   7:51am    1    9  0.00   1   7   8:12pm ESE 30.19   13
29   71.1  84.0   5:50pm  60.3   8:10am    0    7  0.00   1   6   1:58pm ESE 30.15   13
30   71.1  85.6   5:57pm  57.9   8:15am    1    7  0.00   1   6   1:23am ESE 30.13   12
---------------------------------------------------------------------------------------
TOT  69.3  91.0   9/4/10  45.9   9/6/10   67  194  0.24   4  28  9/19/10 ESE 30.10   19

HEAT BASE: 65.0
COOL BASE: 65.0