NOAA-Style Climate Reports


Report for 2010 October
                  MONTHLY CLIMATOLOGICAL SUMMARY FOR 10/2010
                                        HEAT  COOL        
     MEAN                               DEG   DEG       WIND SPEED       DOM MEAN  MEAN
DAY  TEMP  HIGH   TIME     LOW   TIME   DAYS  DAYS RAIN AVG  HI  TIME    DIR BAROM HUM
---------------------------------------------------------------------------------------
1    72.5  86.5   4:01pm  61.0   8:07am    0    8  0.00   1  11  10:36pm ESE 30.21   13
2    72.9  85.1   2:30pm  61.2   6:53am    0    8  0.00   1  13  11:37pm ESE 30.19   13
3    72.5  83.3   2:05pm  61.7   8:06am    0    8  0.00   5  25  11:32pm  SE 30.13   20
4    64.0  69.4  12:34pm  56.1  10:56pm    2    1  0.00   9  33   4:41pm  SE 30.08   35
5    61.4  68.5   4:49pm  54.5   6:09am    4    0  0.00   3  25  10:45pm  SE 30.15   42
6    59.6  70.7   2:13pm  51.3  10:07pm    6    0  0.04   6  31   4:11pm  SE 30.21   49
7    56.3  63.9   3:54pm  48.2  11:32pm    9    0  0.00   3  19   4:14pm  SE 30.14   46
8    51.5  59.4   2:52pm  45.7   7:51am   13    0  0.24   3  17   4:31am  SE 30.23   55
9    54.4  61.7   4:22pm  48.9  11:52pm   11    0  0.00   1   6   1:58am  SE 30.33   46
10   55.1  64.9   3:12pm  46.4   5:11am   10    0  0.00   2   8   4:43pm ESE 30.28   48
11   56.4  65.7   4:33pm  50.0   4:55am    9    0  0.00   2   8   4:35pm ESE 30.22   51
12   52.9  62.4   4:56pm  45.1   4:48am   12    0  0.00   2   9   5:23am  SE 30.36   37
13   52.7  64.9   5:04pm  42.6   7:43am   12    0  0.00   1   6   1:59pm ESE 30.41   35
14   57.5  70.5   5:25pm  46.2   6:52am    8    1  0.00   1   6   2:29pm ESE 30.34   27
15   60.8  73.9   3:57pm  50.0   6:11am    6    2  0.00   1   6   4:59pm ESE 30.23   22
16   61.7  74.1   2:43pm  51.4   7:31am    5    2  0.00   1   8   3:17pm ESE 30.18   23
17   63.7  71.2   2:36pm  56.1  11:50pm    2    1  0.00   5  24   8:03pm  SE 30.13   26
18   58.5  67.1   2:25pm  53.6   5:09am    7    0  0.00   1   9   2:56pm  NW 30.15   39
19   55.6  65.8   4:57pm  46.4   7:34am    9    0  0.00   2   6   1:25pm ESE 30.20   35
20   55.8  68.2   4:57pm  46.0   7:28am    9    0  0.00   1   6   3:10pm ESE 30.16   31
21   56.5  66.4   5:06pm  48.0   7:21am    9    0  0.00   1   6   1:27pm ESE 30.05   29
22   55.4  61.5   3:50pm  51.8   8:26am   10    0  0.00   1   6   1:55pm  SE 29.96   35
23   51.7  57.4   2:00pm  46.4  10:37pm   13    0  0.20   4  15   8:04am  SE 30.00   55
24   51.9  56.5   8:58pm  47.3  12:04am   13    0  0.20  17  48   5:44pm  SE 29.87   59
25   39.3  53.6  12:00am  33.3   3:10am   26    0  0.71   4  29  12:00am  NW 29.87   63
26   36.8  44.6   5:13pm  30.9  11:46pm   28    0  0.08   2  16   6:20pm SSW 29.96   63
27   36.4  46.0   4:13pm  30.0   7:32am   28    0  0.12   1   8   7:43pm ESE 30.28   65
28   45.2  56.7   3:56pm  33.6   1:50am   20    0  0.00   1  10   8:19pm ESE 30.30   32
29   59.1  66.2   2:13pm  47.1   1:45am    6    0  0.00   6  17   4:42am  SE 30.15   27
30   55.8  63.7  11:14am  45.1   6:12pm    9    0  0.20   8  24   4:07pm  SE 29.99   37
31   49.8  58.3   2:18pm  44.6   9:03am   15    0  0.08   3  17  12:26am  SE 30.18   50
---------------------------------------------------------------------------------------
TOT  55.9  86.5  10/1/10  30.0 10/27/10  311   32  1.85   3  48 10/24/10  SE 30.16   39

HEAT BASE: 65.0
COOL BASE: 65.0