NOAA-Style Climate Reports


Report for 2010 November
                  MONTHLY CLIMATOLOGICAL SUMMARY FOR 11/2010
                                        HEAT  COOL        
     MEAN                               DEG   DEG       WIND SPEED       DOM MEAN  MEAN
DAY  TEMP  HIGH   TIME     LOW   TIME   DAYS  DAYS RAIN AVG  HI  TIME    DIR BAROM HUM
---------------------------------------------------------------------------------------
1    48.5  58.5   2:29pm  39.9   7:31am   16    0  0.04   1   6   1:17pm  NW 30.42   47
2    49.7  60.3   3:58pm  41.0   6:53am   15    0  0.00   1   8   1:53pm  NW 30.51   44
3    50.7  61.7   3:18pm  43.0   6:53am   14    0  0.00   1   6   1:27pm  NW 30.45   49
4    53.4  64.0   4:36pm  45.5   8:20am   12    0  0.00   1   6   2:22pm ESE 30.31   45
5    55.6  68.7   4:31pm  46.6   8:11am    9    0  0.00   1   6  12:28pm   E 30.19   41
6    60.1  68.5   1:26pm  52.0   3:23am    5    1  0.00   5  22  11:27am  SE 30.13   30
7    58.7  61.7   2:07pm  55.6   8:06am    6    0  0.00  11  31  12:05pm  SE 30.03   25
8    40.2  58.5  12:55am  32.5   7:36pm   25    0  0.55   3  32   3:02am SSE 29.87   79
9    32.3  38.7   3:39pm  28.9   7:42am   33    0  0.08   1  21  11:44pm ESE 30.00   67
10   34.4  38.7   1:21pm  31.5   6:54am   31    0  0.12   3  27   2:28am  SE 29.96   53
11   34.4  44.2   1:16pm  28.6   5:21am   30    0  0.04   2   9   6:27am  SE 30.28   55
12   37.4  44.4   1:54pm  33.4   7:14am   28    0  0.08   1   8   1:05pm  NW 30.41   49
13   35.6  38.1  10:59am  32.2   7:54pm   29    0  0.00   2   8  11:04am  NW 30.33   54
14   35.6  38.1  11:55pm  33.8   5:52pm   29    0  0.16   1   8  12:10am ESE 30.13   71
15   42.7  49.3   3:31pm  38.1  12:00am   22    0  0.00   3  14  10:23pm NNW 30.05   66
16   42.9  49.3  11:13am  37.9   9:58pm   22    0  0.04   8  28   5:18am  SE 29.99   45
17   40.8  50.0  11:46pm  32.9   6:23am   24    0  0.00   4  25  11:20pm  SE 30.21   37
18   54.8  57.9   3:24pm  49.1  12:33am   10    0  0.00  17  37  10:40pm  SE 30.03   15
19   54.1  55.4   8:13pm  52.9   8:10am   11    0  0.00  17  35   8:50pm  SE 29.84   15
20   44.3  53.8  12:03am  29.1  11:15pm   21    0  0.00  11  41  10:08am SSE 29.72   50
21   31.7  38.5  10:13am  28.8   1:10am   33    0  0.00   5  24  11:23am  SE 29.71   74
22   32.8  38.3  12:21pm  28.6   4:15am   32    0  0.00   9  33  11:16pm  SE 29.88   42
23   30.7  37.9   4:18pm  14.9  11:06pm   34    0  0.00  17  43  11:35am  SE 29.75   49
24   13.1  20.1   3:25pm   9.1   5:49am   52    0  0.00   4  15   9:05am  SE 29.99   57
25   15.7  24.4   2:15pm  10.0   2:11am   49    0  0.00   2   8   4:56am  SE 30.28   36
26   19.6  31.1   1:47pm  12.2   7:11am   45    0  0.00   1   6   2:05pm  NW 30.28   43
27   24.3  32.2  11:45am  19.4   1:19am   41    0  0.00   1   6   1:51pm ESE 29.88   57
28   24.6  28.8  10:28am  22.6   9:35pm   40    0  0.00   2  11   2:13pm NNW 29.73   83
29   22.5  31.3   1:23pm  17.6  11:06pm   42    0  0.00   2   7  10:09am  SE 30.21   72
30   21.9  29.3  10:12am  14.5   5:23am   43    0  0.00   2   6  11:01pm ESE 30.38   55
---------------------------------------------------------------------------------------
TOT  38.1  68.7  11/5/10   9.1 11/24/10  803    1  1.10   5  43 11/23/10  SE 30.10   50

HEAT BASE: 65.0
COOL BASE: 65.0