NOAA-Style Climate Reports


Report for 2010 December
                  MONTHLY CLIMATOLOGICAL SUMMARY FOR 12/2010
                                        HEAT  COOL        
     MEAN                               DEG   DEG       WIND SPEED       DOM MEAN  MEAN
DAY  TEMP  HIGH   TIME     LOW   TIME   DAYS  DAYS RAIN AVG  HI  TIME    DIR BAROM HUM
---------------------------------------------------------------------------------------
1    28.6  35.6   1:13pm  23.0  12:01am   36    0  0.00   1  11   3:22am  NW 30.24   71
2    35.6  52.2  10:24pm  26.2   2:52am   29    0  0.35   2  26  10:46pm  NW 30.11   57
3    38.1  48.6  12:28am  32.2   1:01am   27    0  0.04   2  23  12:16am ESE 30.09   59
4    36.1  41.7  10:26am  33.1   3:47am   29    0  0.08   1  13   8:35pm ESE 30.17   75
5    36.2  47.3  12:07pm  27.5  11:24pm   29    0  0.00   0   5   1:04pm  NW 30.23   84
6    38.5  48.6   3:59pm  27.9  12:00am   26    0  0.12   3  28  11:10am  SE 30.20   74
7    39.4  47.1  12:53pm  34.9  10:27pm   26    0  0.00   1   8   7:28pm ESE 30.35   64
8    38.3  46.4   8:45pm  32.4   7:06am   27    0  0.00   2  11   7:13pm ESE 30.21   55
9    41.1  47.3   4:38am  36.5   6:55am   24    0  0.00   3  16   5:05am  SE 30.13   59
10   40.1  47.5   9:50am  34.0  11:27pm   25    0  0.20   6  27   7:48am  SE 30.09   69
11   37.3  42.3   2:18pm  33.8  12:40am   28    0  0.04   1  12   8:11pm ESE 30.27   65
12   46.1  57.6   2:36pm  39.0  12:00am   19    0  0.00   1   8   5:32am ESE 30.31   53
13   47.2  56.7  10:11pm  39.9  10:54pm   18    0  0.00   2  15   9:07pm ESE 30.13   44
14   47.5  55.2   1:45pm  32.0  11:58pm   17    0  0.00   4  31   9:53am ESE 29.86   36
15   29.3  36.5   2:24pm  23.4  10:44pm   36    0  0.00   0   0  12:00am   N 29.93   83
16   24.4  34.3  11:57am  19.2  11:49pm   40    0  0.04   0   0  12:00am   N 30.02   63
17   24.7  32.2   2:31pm  17.4   6:12am   40    0  0.00   0   0  12:00am   N 29.98   57
18   37.0  44.8  10:25pm  26.6  12:20am   28    0  0.12   7  31   5:47pm SSE 29.83   72
19   44.6  49.6   6:48pm  37.9   3:05am   20    0  0.79  13  33   7:06pm  SE 29.67   69
20   32.9  43.2  12:02am  30.7  11:21pm   32    0  0.04   0  23  12:27am NNW 29.80   80
21   32.0  34.9  11:18am  30.0   5:54am   33    0  0.00   0   0  12:00am   N 29.95   93
22   37.4  43.7   6:04pm  33.1   3:24am   27    0  0.98   3  26   6:55pm  SE 29.95   88
23   35.7  38.7   3:27am  32.2  11:54pm   29    0  0.12   1   8   3:19am  NW 30.12   95
24   32.0  34.3   2:13pm  29.1   4:36am   33    0  0.00   1   8  11:35pm ESE 30.30   96
25   32.2  39.4   2:21pm  28.6   9:33am   33    0  0.00   1  10   1:13am ESE 30.19   77
26   34.6  47.1   9:46am  29.7   1:32pm   30    0  0.00   3  24  10:41am ESE 30.05   61
27   32.4  41.0   1:20pm  27.9  11:59pm   32    0  0.08   1  10  10:55pm ESE 30.21   58
28   30.9  40.8  11:10pm  24.1   7:48am   34    0  0.00   2  36  11:54pm  NW 30.00   50
29   31.4  38.5  12:00am  20.8  11:56pm   33    0  0.24  15  43   2:17am  SE 29.46   83
30   18.2  21.9  12:46am  13.5   9:22pm   47    0  0.00   0   0  12:00am   N 29.58   73
31   11.7  17.8   1:33pm   8.1   7:47pm   53    0  0.00   0   0  12:00am   N 29.89   61
---------------------------------------------------------------------------------------
TOT  34.6  57.6 12/12/10   8.1 12/31/10  939    0  3.23   2  43 12/29/10  SE 30.04   68

HEAT BASE: 65.0
COOL BASE: 65.0