NOAA-Style Climate Reports


Report for 2011 January
                  MONTHLY CLIMATOLOGICAL SUMMARY FOR 1/2011
                                        HEAT  COOL        
     MEAN                               DEG   DEG       WIND SPEED       DOM MEAN  MEAN
DAY  TEMP  HIGH   TIME     LOW   TIME   DAYS  DAYS RAIN AVG  HI  TIME    DIR BAROM HUM
---------------------------------------------------------------------------------------
1    13.2  23.4  12:55pm   7.9  12:04am   52    0  0.00   0   0  12:00am   N 30.15   49
2    17.5  25.9   2:53pm   9.0  12:32am   47    0  0.00   0   0  12:00am   N 30.15   53
3    19.6  27.9  12:39pm  14.9   9:10pm   45    0  0.00   0   0  12:00am   N 30.09   67
4    21.0  28.8   2:36pm  17.8   5:19am   44    0  0.00   0   0  12:00am   N 30.21   74
5    22.3  34.0   1:43pm  16.2   4:45am   42    0  0.00   0   0  12:00am   N 30.32   62
6    20.3  28.8  12:52pm  16.0   7:58am   45    0  0.00   0   0  12:00am   N 30.34   73
7    19.4  26.1   1:08pm  15.8   3:21am   45    0  0.00   0   0  12:00am   N 30.14   84
8    20.7  26.8   1:02pm  16.2   3:37am   44    0  0.00   0   0  12:00am   N 29.92   86
9    20.1  27.1  11:14am  13.3   9:12pm   45    0  0.00   0   0  12:00am   N 29.94   77
10   19.2  27.3  11:50am  13.3  11:56pm   46    0  0.00   1   8   7:18pm ESE 30.18   66
11   17.1  26.4   1:30pm  10.8   6:26am   48    0  0.00   1   6   1:52pm  SE 30.28   54
12   23.2  30.6  11:37am  16.0  12:00am   42    0  0.00   1   6   8:42am  NW 30.34   63
13   29.2  39.0   5:17pm  23.9   6:56am   36    0  0.00   1  10   7:57pm ESE 30.30   71
14   35.4  44.2  11:55am  28.0  12:30am   30    0  0.24   1   6   2:42am  SE 30.38   87
15   37.2  43.3  10:52am  31.6   7:11am   28    0  0.04   1  13   8:34am  SE 30.32   79
16
17   39.7  43.0   6:20pm  36.5  11:37pm    6    0  0.00   2  10   8:19pm ESE 30.13   60
18   41.1  46.0  11:40pm  36.1  12:10am   24    0  0.00   6  26  10:03pm  SE 30.10   47
19   33.8  46.4  12:32am  23.9  11:13pm   31    0  0.12   3  23  12:26am  NW 30.04   73
20   28.2  36.1   1:50pm  21.6   5:29am   37    0  0.00   1  13   7:00pm  SE 30.30   58
21   34.4  43.2   3:29pm  27.1   6:31am   31    0  0.00   1  10   7:31pm ESE 30.19   49
22   35.0  39.9   4:21am  28.0  11:46pm   30    0  0.00   2  13  10:52am  NW 30.11   68
23   31.6  41.5   3:06pm  24.4   7:45am   33    0  0.00   1  15   5:13pm  SE 30.23   52
24   34.3  42.3   2:22pm  27.0   7:29am   31    0  0.00   1   8   8:53pm  NW 30.22   50
25   33.1  37.0   7:29am  28.2   9:15pm   32    0  0.00   1  13   3:29am  SE 30.22   81
26   31.4  40.5  12:21pm  27.7  11:37pm   34    0  0.04   1   6   5:02am  SE 30.36   87
27   31.3  40.3   1:45pm  26.1   7:42am   34    0  0.00   1   6   2:03pm  NW 30.37   81
28   29.2  37.6   2:54pm  26.1   8:14am   36    0  0.04   2   8   3:14pm SSW 30.19   97
29   28.9  36.1   3:32pm  26.1   5:40am   36    0  0.00   1   6   2:03pm WSW 30.06   98
30   30.1  37.0   2:33pm  26.8   4:46am   35    0  0.00   1   8   8:31am ESE 29.94   99
31   29.4  36.9   2:02pm  25.2  11:58pm   35    0  0.00   2  13   3:22pm NNW 30.05   84
---------------------------------------------------------------------------------------
TOT  27.6  46.9  1/16/11   7.9   1/1/11 1101    0  0.83   1  26  1/18/11 ESE 30.19   72

HEAT BASE: 65.0
COOL BASE: 65.0