NOAA-Style Climate Reports


Report for 2011 February
                  MONTHLY CLIMATOLOGICAL SUMMARY FOR 2/2011
                                        HEAT  COOL        
     MEAN                               DEG   DEG       WIND SPEED       DOM MEAN  MEAN
DAY  TEMP  HIGH   TIME     LOW   TIME   DAYS  DAYS RAIN AVG  HI  TIME    DIR BAROM HUM
---------------------------------------------------------------------------------------
1    12.2  25.2  12:00am   5.0   8:06pm   53    0  0.00   9  32  12:16pm   E 30.15   54
2    11.7  20.8   4:36pm   4.1   7:58am   53    0  0.00   3  15  12:18am  SE 30.34   47
3    18.4  27.3   3:46pm  10.4  12:34am   47    0  0.00   2   9   2:50pm  SE 30.41   50
4    27.9  35.4   2:25pm  21.7   1:42am   37    0  0.00   1   8  11:11pm  NW 30.32   59
5    36.8  41.0   3:10pm  32.4  12:00am   28    0  0.00   2  13   4:15pm NNW 30.12   61
6    34.3  39.4   1:59pm  29.7   5:43am   27    0  0.00   2  10  10:28pm NNW 30.24   52
7    36.2  47.1   1:37pm  27.0  10:24pm   29    0  0.00   6  29   9:58am  SE 30.01   71
8    27.0  35.4  12:45pm  20.7  11:33pm   38    0  0.00   5  26   8:32am   E 30.03   51
9    24.9  32.5   3:24pm  18.7   6:18am   40    0  0.00   2   9  11:11am ESE 30.25   50
10   28.1  35.4   4:15pm  22.8   4:39am   37    0  0.00   2   8  11:38am  SE 30.23   53
11   32.3  42.8   4:09pm  22.8   7:11am   33    0  0.00   2   9   2:14pm ESE 30.33   51
12   40.6  53.6   4:25pm  30.0   3:24am   24    0  0.00   2  24  11:43pm ESE 30.32   42
13   49.5  58.6   2:44pm  41.2   4:07am   15    0  0.00   4  30  12:32am ESE 30.18   29
14   49.9  56.8   4:38pm  39.6   3:46am   15    0  0.00  10  29  10:55am  SE 30.04   27
15   51.9  58.3   1:45pm  45.3   7:55am   13    0  0.00  15  35  11:10pm  SE 29.98   26
16   46.1  55.9   1:49pm  26.4  11:07pm   19    0  0.00  15  43   5:58pm SSE 29.71   44
17   34.4  43.0  11:38am  27.1  12:00am   31    0  0.04   6  21   4:01am   S 29.92   48
18   43.4  48.6   4:32pm  37.2  12:00am   22    0  0.00  12  32   2:58am  SE 29.92   35
19   39.9  47.5  12:14am  32.2   8:38pm   25    0  0.08   5  28  10:14pm  SE 29.74   66
20   31.3  37.4   3:13pm  28.2  10:08pm   34    0  0.00   6  28   3:44am  SE 29.84   88
21   32.5  43.0  11:52am  27.0   2:29am   33    0  0.00   4  12  10:33pm  SE 29.96   60
22   35.1  44.2  12:44pm  28.9   1:35am   30    0  0.00   8  31   8:14am SSE 29.91   51
23   32.6  42.3   2:00pm  24.4   5:20am   32    0  0.04   2   9   4:22pm ESE 29.94   52
24   33.0  39.9   2:37pm  27.0   2:02am   32    0  0.00   2  15  10:11am ESE 29.88   57
25   36.0  43.3   4:34pm  27.5   2:24am   29    0  0.04  12  37   4:39pm  SE 29.73   64
26   27.7  31.8  12:00am  25.7   6:26am   37    0  0.00   1  15  12:06am NNW 29.73   96
27   27.9  36.3   2:36pm  23.2   7:08am   37    0  0.00   2  10  10:54pm  NW 29.88   68
28   35.8  46.6  12:23pm  25.9   5:45am   29    0  0.12   3  27   8:56am ESE 30.11   46
---------------------------------------------------------------------------------------
TOT  33.5  58.6  2/13/11   4.1   2/2/11  878    0  0.31   5  43  2/16/11  SE 30.04   54

HEAT BASE: 65.0
COOL BASE: 65.0