NOAA-Style Climate Reports


Report for 2011 March
                  MONTHLY CLIMATOLOGICAL SUMMARY FOR 3/2011
                                        HEAT  COOL        
     MEAN                               DEG   DEG       WIND SPEED       DOM MEAN  MEAN
DAY  TEMP  HIGH   TIME     LOW   TIME   DAYS  DAYS RAIN AVG  HI  TIME    DIR BAROM HUM
---------------------------------------------------------------------------------------
1    40.9  53.1   2:10pm  32.2   6:30am   24    0  0.00   2   8   1:20pm ESE 30.14   46
2    47.4  52.3   4:08pm  39.2  12:00am   18    0  0.00   6  23   9:00pm SSE 30.05   37
3    39.2  47.5  12:53am  33.6   9:30am   26    0  0.16   3  20   1:01am ESE 30.08   81
4    38.8  47.1   1:51pm  32.4   3:51am   26    0  0.00   2  13   8:21pm ESE 30.28   59
5    46.5  54.5   1:45pm  37.4  12:28am   18    0  0.00   8  29   7:39am  SE 30.17   36
6    40.4  45.9  12:21am  36.1  11:43pm   25    0  0.20   3  13   9:00am  SE 29.91   73
7    35.6  44.1  10:30am  28.6  11:57pm   29    0  0.12   1   8   3:58pm NNW 29.70   96
8    33.7  41.4   2:36pm  25.9   6:24am   31    0  0.20   2  20   7:16pm  SE 30.09   72
9    44.0  51.8   2:40pm  34.9   4:30am   21    0  0.00   6  24   9:50pm  SE 30.31   53
10   55.9  62.4   3:12pm  44.1   6:59am    9    0  0.00  14  34   8:52pm  SE 30.14   33
11   46.1  54.7   4:48pm  37.9   7:07am   19    0  0.00   2  11  12:16am  NW 30.10   49
12   43.3  50.7   4:32pm  37.0  10:45pm   22    0  0.00   3  13   7:50pm  NW 30.07   69
13   47.0  57.0   4:53pm  36.7   4:16am   17    0  0.00   4  24  10:57pm ESE 30.22   50
14   49.1  54.0   4:54am  41.7  11:31pm   16    0  0.00   4  21   5:40am  SE 30.18   46
15   49.7  59.4   3:27pm  40.1   1:06am   15    0  0.00   3  21  11:51pm ESE 30.12   46
16   52.7  61.7   2:27pm  37.0  11:57pm   12    0  0.31  13  35  10:19am  SE 29.93   50
17   38.5  46.0   6:06pm  32.7   5:43am   27    0  0.00   3  15  10:49pm ESE 30.15   41
18   44.8  55.2   4:55pm  32.2   7:21am   20    0  0.00   4  25  10:57pm ESE 30.05   33
19   43.5  53.1  12:00am  34.5   8:51pm   21    0  0.00   7  34  10:14am SSE 29.87   47
20   43.1  50.4   2:53pm  35.1   1:11am   22    0  0.00   7  28   3:40am  SE 29.89   51
21   45.3  52.7  10:34am  36.9   2:35pm   20    0  0.00   8  40   2:35pm  SE 29.70   40
22   36.7  45.3   6:11pm  30.9   4:14am   28    0  0.08   4  15  12:56am  NW 29.94   67
23   44.1  54.9   4:33pm  30.9   6:11am   21    0  0.00   6  26  11:14pm ESE 29.98   39
24   43.7  48.6   1:50am  36.3  10:12am   21    0  0.00   9  32   9:54am  SE 29.77   50
25   38.8  43.5   6:11pm  32.2  10:16am   26    0  0.00   6  27   2:07am  SE 29.84   57
26   40.4  49.3  11:57am  35.4   8:29am   25    0  0.16   8  31  11:56pm  SE 29.85   52
27   39.7  48.9   1:57pm  30.9   7:30am   25    0  0.28   4  27  12:03am  SE 29.85   68
28   36.1  41.0   3:17pm  31.6  11:21am   29    0  0.08   5  26   8:43am  SE 29.99   66
29   38.6  46.9   3:01pm  29.5   5:52am   26    0  0.00   3  11   1:37am ESE 30.16   45
30   44.1  52.7   6:34pm  39.4  12:00am   21    0  0.00   3  13   2:04pm  SE 30.19   59
31   54.6  64.9   6:30pm  44.4   4:55am   10    0  0.00   4  14  12:50pm  SE 30.19   45
---------------------------------------------------------------------------------------
TOT  43.3  64.9  3/31/11  25.9   3/8/11  671    0  1.57   5  40  3/21/11  SE 30.03   54

HEAT BASE: 65.0
COOL BASE: 65.0