NOAA-Style Climate Reports


Report for 2011 April
                  MONTHLY CLIMATOLOGICAL SUMMARY FOR 4/2011
                                        HEAT  COOL        
     MEAN                               DEG   DEG       WIND SPEED       DOM MEAN  MEAN
DAY  TEMP  HIGH   TIME     LOW   TIME   DAYS  DAYS RAIN AVG  HI  TIME    DIR BAROM HUM
---------------------------------------------------------------------------------------
1    59.0  67.5   6:15pm  48.6   5:17am    6    0  0.00   3  15   8:38pm  SE 30.09   32
2    60.1  68.9   2:55pm  33.8  11:58pm    5    1  0.24  10  33   5:45am  SE 29.82   39
3    31.6  39.9   2:50pm  27.7   7:14am   33    0  0.00   0   0  12:00am   N 30.02   81
4    39.4  48.2   4:43pm  27.7   3:18am   26    0  0.20   4  24   9:27pm  SE 30.23   46
5    49.9  63.9   2:01pm  35.6  10:01pm   15    0  0.16   9  33   7:11am  SE 29.97   49
6    45.1  54.5   6:29pm  35.1   6:49am   20    0  0.00   8  30   9:53pm  SE 29.94   50
7    42.0  52.0  11:41am  30.7  10:46pm   23    0  0.00   9  35  10:23am  SE 29.66   67
8    34.1  38.3  12:12pm  30.4   3:27am   31    0  0.08   2  20   5:56am  SE 29.70   90
9    33.0  37.0  12:53pm  31.3   4:40am   32    0  0.00   0   0  12:00am   N 29.78   96
10   38.9  48.2   6:23pm  31.6   2:14am   26    0  0.51   2  15  11:27pm  NW 30.12   65
11   48.6  57.9   2:50pm  37.4   6:58am   16    0  0.00   4  17  12:26am ESE 30.20   44
12   47.3  55.4   5:14pm  41.0   6:31am   18    0  0.00   3  15  11:06pm  SE 30.04   61
13   46.8  61.7   3:17pm  32.9   9:03pm   18    0  0.00   5  25   7:12pm ESE 29.94   62
14   37.5  46.0   6:40pm  32.5   6:56am   27    0  0.51   3  11   4:40pm  SE 30.19   69
15   46.5  57.4   5:53pm  32.9   6:43am   19    0  0.00   3  13  11:04pm ESE 30.22   37
16   53.9  62.2   5:12pm  46.0   7:05am   11    0  0.00   4  20  11:54pm ESE 30.09   47
17   55.5  59.2   5:50am  48.7  11:55pm    9    0  0.00   5  25   3:47am  SE 29.92   50
18   46.0  49.8   4:18am  42.8   8:01am   19    0  0.75   2  12   4:10am ESE 29.82   88
19   42.3  50.2   5:42pm  36.3   7:01am   23    0  0.08   2  17   2:22am  NW 30.00   61
20   45.8  56.7   5:04pm  36.9   6:27am   19    0  0.08   3  22  11:43am  SE 29.98   59
21   48.0  59.4  12:36pm  38.7  11:52pm   17    0  0.00   6  28  11:05am  SE 29.90   57
22   39.4  46.4   3:26pm  30.9   6:41am   26    0  0.00   3  11   1:51pm  NW 30.07   44
23   42.1  48.2   2:20pm  36.5   5:53am   23    0  0.00   2  12   3:58pm  NW 29.97   43
24   45.3  54.1   1:58pm  36.0   6:25am   20    0  0.00   2  12  12:13pm  NW 29.91   52
25   43.6  53.1   6:05pm  36.7  11:40pm   21    0  0.20   4  21   6:45pm NNW 29.93   71
26   37.4  44.6   6:55pm  32.4   7:05am   28    0  0.39   3  19   3:50pm NNW 29.96   71
27   43.0  52.5   6:43pm  33.8   6:33am   22    0  0.00   5  18  10:26pm  SE 30.17   45
28   49.2  57.5   8:36pm  51.9  11:59pm   11    0  0.00   7  19  10:40pm  SE 29.95   34
29   36.1  51.9  12:00am  30.2   4:53pm   28    0  0.13   4  22   3:40pm  NW 27.81   73
30   38.8  45.2   5:40pm  29.6   5:54am   26    0  0.13   2  13   3:59pm ESE 30.19   61
---------------------------------------------------------------------------------------
TOT  44.4  68.9   4/2/11  27.7   4/3/11  619    1  3.45   4  35   4/7/11  SE 29.97   58

HEAT BASE: 65.0
COOL BASE: 65.0