NOAA-Style Climate Reports


Report for 2011 May
                  MONTHLY CLIMATOLOGICAL SUMMARY FOR 5/2011
                                        HEAT  COOL        
     MEAN                               DEG   DEG       WIND SPEED       DOM MEAN  MEAN
DAY  TEMP  HIGH   TIME     LOW   TIME   DAYS  DAYS RAIN AVG  HI  TIME    DIR BAROM HUM
---------------------------------------------------------------------------------------
1    43.7  53.0   4:10pm  34.1   7:00am   21    0  0.00   3  19   4:35pm  NW 30.21   40
2    48.9  58.6   4:03pm  37.6   7:07am   16    0  0.00   3  23  10:01pm  SE 30.31   35
3    53.1  60.1   3:36pm  43.6  11:53pm   12    0  0.00   4  30   5:12am  NW 30.19   39
4    45.8  53.6   3:35pm  37.7   5:41am   19    0  0.00   2  13   1:52pm  NW 30.33   44
5    56.2  72.0   4:39pm  39.1   6:20am   10    1  0.00   2  15   2:37pm  SE 30.21   26
6    63.1  70.3   4:23pm  53.7   5:52am    3    1  0.00   2  15   1:47pm  SE 30.00   29
7    64.9  72.2   4:24pm  53.9   6:34am    2    2  0.00   3  23   3:30am  NW 29.82   33
8    50.2  68.0  12:09am  42.1  11:10pm   15    0  0.44   3  27   1:03am  NW 29.66   76
9    39.8  42.4  12:00am  36.6   1:40pm   25    0  0.83   1  13   7:55am  NW 29.66   96
10   43.6  50.8   4:39pm  39.3  12:05am   21    0  0.19   2  10   1:37pm  NW 29.80   85
11   48.6  57.3   5:56pm  41.8   1:18am   16    0  0.01   2  13   3:18pm  NW 29.91   73
12   58.0  69.8   6:27pm  44.6   6:09am    8    1  0.00   2  13   2:08pm ESE 30.09   44
13   65.2  75.7   3:41pm  53.2   5:44am    3    3  0.00   3  22  11:25pm ESE 30.08   36
14   63.8  74.6  12:32pm  55.5  11:35pm    2    1  0.02   6  34   6:36pm ESE 29.87   39
15   64.4  76.9   5:46pm  48.6  11:56pm    4    3  0.00   8  39   5:30pm ESE 29.70   33
16   45.7  53.6   3:24pm  40.3   6:02am   19    0  0.00   3  13  12:38am  NW 29.92   57
17   42.8  51.7   4:45pm  34.2  12:35pm   22    0  0.73   2  17   7:48pm  SE 29.78   79
18   43.4  49.3   3:06am  40.6  12:30pm   22    0  0.61   2  25  12:44am WSW 29.55   87
19   45.3  53.6   2:53pm  40.6   6:53am   20    0  0.73   1  18   7:00pm WNW 29.72   90
20   49.0  58.6   5:49pm  40.4   4:04am   16    0  0.62   2  17   4:09am  NW 29.91   78
21   58.6  66.6   4:28pm  50.5   6:37am    7    0  0.00   3  13   3:10pm  NW 29.88   51
22   56.3  65.6   5:16pm  49.4   1:10pm    9    0  0.30   3  19   8:05pm ESE 29.76   66
23   53.3  64.1   4:03pm  48.4   6:02am   12    0  0.05   4  21  12:16am ESE 29.71   71
24   49.8  59.1   5:34pm  41.9   7:25am   15    0  0.85   3  18   3:43am  NW 29.88   71
25   58.4  67.7   8:15pm  45.4   5:49am    7    0  0.00   4  24  11:49pm  SE 29.97   43
26   52.9  67.7  12:41am  45.5   6:33am   12    0  0.00   4  34   2:42am  NW 29.89   46
27   52.4  61.8   2:02pm  42.6   3:16am   13    0  0.00   3  16   6:39pm  SE 29.95   46
28   50.6  61.0   4:27pm  40.3  11:49pm   14    0  0.48   2  17   6:09pm  NW 29.71   67
29   41.5  48.9   4:11pm  36.3   7:02am   24    0  0.66   2  13   9:35pm  NW 29.58   89
30   44.7  55.5   5:24pm  33.4   3:58am   20    0  0.91   4  17  11:14pm  SE 29.89   73
31   62.0  73.0   6:48pm  48.6   6:30am    5    2  0.00   6  29   2:59pm  SE 29.97   31
---------------------------------------------------------------------------------------
TOT  52.1  76.9  5/15/11  33.4  5/30/11  413   15  7.43   3  34  5/14/11  NW 29.90   57

HEAT BASE: 65.0
COOL BASE: 65.0